{"id":776764,"date":"2025-10-05T17:18:08","date_gmt":"2025-10-05T14:18:08","guid":{"rendered":"https:\/\/roveyayinevi.com.tr\/index.php\/urun\/cocugunuzla-soylesin\/"},"modified":"2026-04-16T02:21:46","modified_gmt":"2026-04-15T23:21:46","slug":"cocugunuzla-soylesin","status":"publish","type":"product","link":"https:\/\/roveyayinevi.com.tr\/index.php\/urun\/cocugunuzla-soylesin\/","title":{"rendered":"\u00c7ocu\u011funuzla S\u00f6yle\u015fin"},"content":{"rendered":"<p>\u00c7ocuklar, ya\u015fam becerilerini ebeveynlerinden edinir. Peki, ebeveynler yeterli donan\u0131ma sahip de\u011filse?  O zaman ara\u015ft\u0131racaklard\u0131r, \u201cnas\u0131l daha sa\u011fl\u0131kl\u0131 ebeveyn tutumlar\u0131na sahip oluruz, kime dan\u0131\u015fmal\u0131, ne okumal\u0131?\u201d \u00c7ocuklar\u0131m\u0131z, hayat\u0131m\u0131z\u0131n anlam\u0131,  hayattaki en \u00f6nemli eserlerimizdir. Hayat\u0131n anlam\u0131, \u015fu d\u00fcnyada geriye olumlu bir iz, bir eser b\u0131rakmak, d\u00fcnyaya bir katk\u0131 sa\u011flamak ve mutlu olmaksa e\u011fer; \u00e7ocuklar\u0131m\u0131z bize, anlam\u0131 ve amac\u0131 olan bir hayat\u0131 ya\u015fama f\u0131rsat\u0131 sunmaktad\u0131r. Vars\u0131n, bir kere \u00fcstlendi\u011fimizde, art\u0131k vaz ge\u00e7ilemeyecek bir sorumlulu\u011fu s\u0131rt\u0131m\u0131za y\u00fckl\u00fcyor olal\u0131m. Bu \u00e7ok \u00f6zel ve benzersiz s\u00fcre\u00e7te, \u00e7ocu\u011fumuz i\u00e7in t\u00fcm fedak\u00e2rl\u0131klar\u0131 g\u00f6ze al\u0131yor olman\u0131n, kar\u015f\u0131l\u0131ks\u0131z sevmenin ve kar\u015f\u0131l\u0131ks\u0131z vermenin en saf, en do\u011fal, en i\u00e7ten deneyimini ya\u015f\u0131yoruz. Hayata farkl\u0131 a\u00e7\u0131lardan bakmay\u0131, en zor ko\u015fullarda bile sab\u0131rl\u0131 olmay\u0131, yeni \u015feyler \u00f6\u011frenmeyi, onlarla birlikte kendimizi de geli\u015ftirmeyi \u00f6\u011freniyoruz.  Ancak, bu e\u015fsiz deneyimin, annelik de\u011fil, ebeveynlik olarak ya\u015fanmas\u0131 gerekir. \u00c7ocuk, e\u015fleri birbirine ba\u011flayan bir ortakl\u0131k, birlikte ilerleyip ger\u00e7ekle\u015ftirecekleri bir ama\u00e7t\u0131r.  Babalar\u0131n, \u00e7ocuk yeti\u015ftirme i\u015finin daha \u00e7ok anneli\u011fe ba\u011flanmas\u0131n\u0131, bir talihsizlik olarak g\u00f6rmeleri beklenir. Dile\u011fim, elinizdeki kitab\u0131n, bu ger\u00e7e\u011fin daha iyi anla\u015f\u0131lmas\u0131na yard\u0131mc\u0131 olmas\u0131d\u0131r. Elinizdeki kitap i\u015fte bu ihtiyaca yan\u0131t veriyor. Bebeklikten ba\u015flayarak ergenlik d\u00f6nemi sonuna  kadar \u00e7ocuk b\u00fcy\u00fctmenin her t\u00fcrl\u00fc inceli\u011fiyle ele al\u0131nd\u0131\u011f\u0131, evde, sokakta, okulda kar\u015f\u0131la\u015f\u0131lacak \u00e7e\u015fitli sorunlarla ba\u015fa \u00e7\u0131kman\u0131n yollar\u0131n\u0131n anlat\u0131ld\u0131\u011f\u0131 sayfalar\u0131 bir solukta, bir macera roman\u0131 okur gibi okuyacaks\u0131n\u0131z. \u00c7ocuk b\u00fcy\u00fct\u00fcp b\u00fcy\u00fctmemeye karar vermek isteyenler, do\u011fum yapmaya haz\u0131rlanan anneler, \u00e7ocu\u011funu heyecanla bekleyen babalar, ikinci \u00e7ocuklar\u0131n\u0131 daha bilin\u00e7li b\u00fcy\u00fctmek isteyen ebeveynler, \u00e7ocuk geli\u015fiminin a\u015famalar\u0131n\u0131 \u00f6\u011frenerek mesleklerinde yeterli olmak isteyen \u00f6\u011fretmenler, \u00e7ocuk geli\u015fimi alan\u0131n\u0131n uzmanlar\u0131 ve kendini de daha iyi tan\u0131mak isteyen t\u00fcm yeti\u015fkinler i\u00e7in bir rehber kitap bu. \u00dcstelik sizi g\u00f6revlerle ve komutlarla korkutan bir dille de\u011fil, kendi yeterliliklerinizi hat\u0131rlatan, kendinize g\u00fcveninizi tazeleyen bir \u00fcslupla yaz\u0131lm\u0131\u015f bir kitap. <\/p>\n","protected":false},"excerpt":{"rendered":"<p>\u00c7ocuklar, ya\u015fam becerilerini ebeveynlerinden edinir. Peki, ebeveynler yeterli donan\u0131ma sahip de\u011filse? O zaman ara\u015ft\u0131racaklard\u0131r, \u201cnas\u0131l daha sa\u011fl\u0131kl\u0131 ebeveyn tutumlar\u0131na sahip oluruz, kime dan\u0131\u015fmal\u0131, ne okumal\u0131?\u201d \u00c7ocuklar\u0131m\u0131z,<span class=\"excerpt-hellip\"> [\u2026]<\/span><\/p>\n","protected":false},"featured_media":0,"template":"","meta":{"_monsterinsights_skip_tracking":false,"_monsterinsights_sitenote_active":false,"_monsterinsights_sitenote_note":"","_monsterinsights_sitenote_category":0},"product_brand":[],"product_cat":[17996,12364],"product_tag":[],"class_list":{"0":"post-776764","1":"product","2":"type-product","3":"status-publish","5":"product_cat-ebeveyn-kitaplari","6":"product_cat-genel-konular","7":"pa_cilt-ciltsiz","8":"pa_tur-kitap","9":"pa_yayinevi-psikoolgu","10":"pa_yazar-sermin-kulahoglu","12":"first","13":"instock","14":"sale","15":"shipping-taxable","16":"purchasable","17":"product-type-simple"},"_links":{"self":[{"href":"https:\/\/roveyayinevi.com.tr\/index.php\/wp-json\/wp\/v2\/product\/776764","targetHints":{"allow":["GET"]}}],"collection":[{"href":"https:\/\/roveyayinevi.com.tr\/index.php\/wp-json\/wp\/v2\/product"}],"about":[{"href":"https:\/\/roveyayinevi.com.tr\/index.php\/wp-json\/wp\/v2\/types\/product"}],"wp:attachment":[{"href":"https:\/\/roveyayinevi.com.tr\/index.php\/wp-json\/wp\/v2\/media?parent=776764"}],"wp:term":[{"taxonomy":"product_brand","embeddable":true,"href":"https:\/\/roveyayinevi.com.tr\/index.php\/wp-json\/wp\/v2\/product_brand?post=776764"},{"taxonomy":"product_cat","embeddable":true,"href":"https:\/\/roveyayinevi.com.tr\/index.php\/wp-json\/wp\/v2\/product_cat?post=776764"},{"taxonomy":"product_tag","embeddable":true,"href":"https:\/\/roveyayinevi.com.tr\/index.php\/wp-json\/wp\/v2\/product_tag?post=776764"}],"curies":[{"name":"wp","href":"https:\/\/api.w.org\/{rel}","templated":true}]}}