{"id":776754,"date":"2025-10-05T16:22:32","date_gmt":"2025-10-05T13:22:32","guid":{"rendered":"https:\/\/roveyayinevi.com.tr\/index.php\/urun\/genclik-guzel-sey-2\/"},"modified":"2026-04-16T02:13:53","modified_gmt":"2026-04-15T23:13:53","slug":"genclik-guzel-sey-2","status":"publish","type":"product","link":"https:\/\/roveyayinevi.com.tr\/index.php\/urun\/genclik-guzel-sey-2\/","title":{"rendered":"Gen\u00e7lik G\u00fczel \u015eey"},"content":{"rendered":"<p>Tek ba\u015f\u0131ma ilerlerken akl\u0131ma geldi, bug\u00fcne kadar ger\u00e7ekte b\u00fct\u00fcn yollar\u0131 b\u00f6yle yaln\u0131z y\u00fcr\u00fcm\u00fc\u015ft\u00fcm; gezintilere tek ba\u015f\u0131ma \u00e7\u0131kt\u0131\u011f\u0131m gibi, ya\u015fam\u0131m\u0131n b\u00fct\u00fcn ad\u0131mlar\u0131n\u0131 tek ba\u015f\u0131ma atm\u0131\u015ft\u0131m. Dostlar, akrabalar, iyi konu\u015fup g\u00f6r\u00fc\u015ft\u00fc\u011f\u00fcm tan\u0131d\u0131klar, sevgililer hep benimle beraber olmu\u015f, ama asla beni b\u00fct\u00fcn\u00fcyle sar\u0131p sarmalayamam\u0131\u015f, hi\u00e7bir zaman i\u00e7imdeki bo\u015flu\u011fu dolduramam\u0131\u015flar, izledi\u011fim yollardan ay\u0131rarak ba\u015fka yollara \u00e7ekip alamam\u0131\u015flard\u0131. \ufffcTan\u0131t\u0131m Metni<\/p>\n","protected":false},"excerpt":{"rendered":"<p>Tek ba\u015f\u0131ma ilerlerken akl\u0131ma geldi, bug\u00fcne kadar ger\u00e7ekte b\u00fct\u00fcn yollar\u0131 b\u00f6yle yaln\u0131z y\u00fcr\u00fcm\u00fc\u015ft\u00fcm; gezintilere tek ba\u015f\u0131ma \u00e7\u0131kt\u0131\u011f\u0131m gibi, ya\u015fam\u0131m\u0131n b\u00fct\u00fcn ad\u0131mlar\u0131n\u0131 tek ba\u015f\u0131ma atm\u0131\u015ft\u0131m. Dostlar, akrabalar,<span class=\"excerpt-hellip\"> [\u2026]<\/span><\/p>\n","protected":false},"featured_media":0,"template":"","meta":{"_monsterinsights_skip_tracking":false,"_monsterinsights_sitenote_active":false,"_monsterinsights_sitenote_note":"","_monsterinsights_sitenote_category":0},"product_brand":[],"product_cat":[12782,12291],"product_tag":[],"class_list":{"0":"post-776754","1":"product","2":"type-product","3":"status-publish","5":"product_cat-alman-edebiyati","6":"product_cat-edebiyat","7":"pa_cilt-ciltsiz","8":"pa_tur-kitap","9":"pa_yayinevi-can-yayinlari","10":"pa_yazar-hermann-hesse","12":"first","13":"instock","14":"sale","15":"shipping-taxable","16":"purchasable","17":"product-type-simple"},"_links":{"self":[{"href":"https:\/\/roveyayinevi.com.tr\/index.php\/wp-json\/wp\/v2\/product\/776754","targetHints":{"allow":["GET"]}}],"collection":[{"href":"https:\/\/roveyayinevi.com.tr\/index.php\/wp-json\/wp\/v2\/product"}],"about":[{"href":"https:\/\/roveyayinevi.com.tr\/index.php\/wp-json\/wp\/v2\/types\/product"}],"wp:attachment":[{"href":"https:\/\/roveyayinevi.com.tr\/index.php\/wp-json\/wp\/v2\/media?parent=776754"}],"wp:term":[{"taxonomy":"product_brand","embeddable":true,"href":"https:\/\/roveyayinevi.com.tr\/index.php\/wp-json\/wp\/v2\/product_brand?post=776754"},{"taxonomy":"product_cat","embeddable":true,"href":"https:\/\/roveyayinevi.com.tr\/index.php\/wp-json\/wp\/v2\/product_cat?post=776754"},{"taxonomy":"product_tag","embeddable":true,"href":"https:\/\/roveyayinevi.com.tr\/index.php\/wp-json\/wp\/v2\/product_tag?post=776754"}],"curies":[{"name":"wp","href":"https:\/\/api.w.org\/{rel}","templated":true}]}}