{"id":776744,"date":"2025-10-05T14:52:27","date_gmt":"2025-10-05T11:52:27","guid":{"rendered":"https:\/\/roveyayinevi.com.tr\/index.php\/urun\/filistin-ruyasi-israil-zindanlarinda-7-yil\/"},"modified":"2025-10-06T02:08:49","modified_gmt":"2025-10-05T23:08:49","slug":"filistin-ruyasi-israil-zindanlarinda-7-yil","status":"publish","type":"product","link":"https:\/\/roveyayinevi.com.tr\/index.php\/urun\/filistin-ruyasi-israil-zindanlarinda-7-yil\/","title":{"rendered":"Filistin R\u00fcyas\u0131 \u0130srail Zindanlar\u0131nda 7 Y\u0131l"},"content":{"rendered":"<p>*Filistin devriminin y\u00fckseli\u015fi ve d\u00fc\u015f\u00fc\u015f\u00fc*12 Mart\u2019ta son 68\u2019liler*Ankara Be\u015fevler\u2019de \u201c\u015eafak\u201d \u00f6rg\u00fct\u00fc*Gazi E\u011fitim\u2019de \u201cK\u0131z\u0131ldere\u201d kavgas\u0131*Malatya-Antep-Mara\u015f \u00fc\u00e7geninde \u201cK\u0131z\u0131l \u00dcs\u201d \u00e7al\u0131\u015fmalar\u0131*Musa kod adl\u0131 Kaypakkaya ile iki d\u00f6nem*T\u00fcrk ve K\u00fcrt Solu\u2019nun s\u0131n\u0131r \u00f6tesindeki tarihi belgeleri*Suriye s\u0131n\u0131r\u0131nda devrimciler, ka\u00e7ak\u00e7\u0131lar*K\u00fcrt kuryeler ve K\u00fcrtda\u011f\u0131*Abu Cihad\u2019la bulu\u015fma*Arafat\u2019\u0131 k\u0131zd\u0131ran kar\u015f\u0131la\u015fma *\u015eam\u2019da T\u00fcrkiyeli devrimciler ve Mihri Belli*Teslim T\u00f6re ile otob\u00fcs dura\u011f\u0131nda bir g\u00fcn*Beyrut\u2019ta ya\u015fayan \u201cDersim S\u00fcrg\u00fcnleri\u201d*300 \u0130srail komandosunun Nahr el Bared\u2019e bask\u0131n\u0131*8 T\u00fcrkiyeli devrimcinin \u015fehit olu\u015fu*\u0130srail zindanlar\u0131nda yedi y\u0131l*Devrimcileri savunan Yahudi avukatlar*\u0130sve\u00e7li g\u00f6n\u00fcll\u00fc hem\u015fireler*\u0130sraille\u015fmi\u015f Bedeviler, casus D\u00fcrziler*\u0130srail yanl\u0131s\u0131 Filistinliler*Hapisteki El Fetih, FK\u00d6, Cephe mensuplar\u0131*Japon K\u0131z\u0131l Ordusu, Baader Meinhof*Zindandaki A\u011fr\u0131l\u0131 K\u00fcrt*\u0130\u015fkencenin g\u00fcnl\u00fc\u011f\u00fc*Grevler, direni\u015fler, casuslar, eroinciler, ihbarc\u0131lar*\u0130di Amin, Mo\u015fe Dayan, Golda Meir skandal\u0131*MOSSAD-M\u0130T \u0130\u015fbirli\u011fi*\u0130ntifada Tohumlar\u0131*T\u00fcrkiye Solu\u2019nun Filistin\u2019de g\u00f6m\u00fcl\u00fc an\u0131lar\u0131 <\/p>\n","protected":false},"excerpt":{"rendered":"<p>*Filistin devriminin y\u00fckseli\u015fi ve d\u00fc\u015f\u00fc\u015f\u00fc*12 Mart\u2019ta son 68\u2019liler*Ankara Be\u015fevler\u2019de \u201c\u015eafak\u201d \u00f6rg\u00fct\u00fc*Gazi E\u011fitim\u2019de \u201cK\u0131z\u0131ldere\u201d kavgas\u0131*Malatya-Antep-Mara\u015f \u00fc\u00e7geninde \u201cK\u0131z\u0131l \u00dcs\u201d \u00e7al\u0131\u015fmalar\u0131*Musa kod adl\u0131 Kaypakkaya ile iki d\u00f6nem*T\u00fcrk ve K\u00fcrt<span class=\"excerpt-hellip\"> [\u2026]<\/span><\/p>\n","protected":false},"featured_media":0,"template":"","meta":{"_monsterinsights_skip_tracking":false,"_monsterinsights_sitenote_active":false,"_monsterinsights_sitenote_note":"","_monsterinsights_sitenote_category":0},"product_brand":[],"product_cat":[12312,12304],"product_tag":[],"class_list":{"0":"post-776744","1":"product","2":"type-product","3":"status-publish","5":"product_cat-diger","6":"product_cat-tarih","7":"pa_tur-kitap","8":"pa_yayinevi-berfin-yayinlari","9":"pa_yazar-faik-bulut","11":"first","12":"instock","13":"sale","14":"shipping-taxable","15":"purchasable","16":"product-type-simple"},"_links":{"self":[{"href":"https:\/\/roveyayinevi.com.tr\/index.php\/wp-json\/wp\/v2\/product\/776744","targetHints":{"allow":["GET"]}}],"collection":[{"href":"https:\/\/roveyayinevi.com.tr\/index.php\/wp-json\/wp\/v2\/product"}],"about":[{"href":"https:\/\/roveyayinevi.com.tr\/index.php\/wp-json\/wp\/v2\/types\/product"}],"wp:attachment":[{"href":"https:\/\/roveyayinevi.com.tr\/index.php\/wp-json\/wp\/v2\/media?parent=776744"}],"wp:term":[{"taxonomy":"product_brand","embeddable":true,"href":"https:\/\/roveyayinevi.com.tr\/index.php\/wp-json\/wp\/v2\/product_brand?post=776744"},{"taxonomy":"product_cat","embeddable":true,"href":"https:\/\/roveyayinevi.com.tr\/index.php\/wp-json\/wp\/v2\/product_cat?post=776744"},{"taxonomy":"product_tag","embeddable":true,"href":"https:\/\/roveyayinevi.com.tr\/index.php\/wp-json\/wp\/v2\/product_tag?post=776744"}],"curies":[{"name":"wp","href":"https:\/\/api.w.org\/{rel}","templated":true}]}}