{"id":776714,"date":"2025-10-01T23:40:54","date_gmt":"2025-10-01T20:40:54","guid":{"rendered":"https:\/\/roveyayinevi.com.tr\/index.php\/urun\/hallac-i-mansur-dai\/"},"modified":"2026-04-15T03:43:05","modified_gmt":"2026-04-15T00:43:05","slug":"hallac-i-mansur-dai","status":"publish","type":"product","link":"https:\/\/roveyayinevi.com.tr\/index.php\/urun\/hallac-i-mansur-dai\/","title":{"rendered":"Hallac-\u0131 Mansur \/ Dai"},"content":{"rendered":"<p>Orta \u00c7a\u011f\u2019da, Orta Do\u011fu\u2019da; T\u00fcrkler, Araplar, Farsiler, Karmatiler! Ve\u2026 Bir b\u00fcy\u00fck oyun!   \u201cO ayd\u0131nland\u0131; art\u0131k onun g\u00f6zlerindeki perde tamamen kalkt\u0131.\u201d Ebu Yakub el-Akta \u201cSahip olunan her \u015fey \u00e7ekicili\u011fini kaybeder!\u201d Kusva bin Hadid \u201cSarayda yak\u0131n akrabal\u0131k, birinci derece d\u00fc\u015fmanl\u0131k sebebidir evlat!\u201d Komutan H\u00fcseyin bin Hamdan \u201c\u00d6l\u00fcm zaferimizi g\u00f6lgeleyemez!\u201d Hamdan Karmati \u201cAte\u015fi orada yakaca\u011f\u0131z, tohumu orada ataca\u011f\u0131z; Rakkade\u2019de.\u201d Ubeydullah el-Mehdi \u201c\u00c7eli\u011fin k\u0131l\u0131ca d\u00f6nmeden, son imtihan\u0131d\u0131r ate\u015f!\u201d Ebu Said al-Cannabi \u201cY\u00fcce halk\u0131m\u0131n \u00f6n\u00fcnde yemin ederim ki ak\u0131l s\u00fczgecinden ge\u00e7meyen her t\u00fcrl\u00fc bilginin d\u00fc\u015fman\u0131 olaca\u011f\u0131m!\u201d Laila \u201cHakk\u0131m olan taht\u0131 almaya gidiyoruz!\u201d Halife Muktefi \u201cYalan s\u00f6ylemek g\u00fcnaht\u0131r Vedud. Yoksa cehenneme gidersin! Tabii \u00f6ld\u00fckten sonra! \u015eimdi cehennemin benim!\u201d \u015ea\u011fab Hatun \u201cBedenin K\u00e2be\u2019sini y\u0131k\u0131n!\u201d Hallac-\u0131 Mansur <\/p>\n","protected":false},"excerpt":{"rendered":"<p>Orta \u00c7a\u011f\u2019da, Orta Do\u011fu\u2019da; T\u00fcrkler, Araplar, Farsiler, Karmatiler! Ve\u2026 Bir b\u00fcy\u00fck oyun! \u201cO ayd\u0131nland\u0131; art\u0131k onun g\u00f6zlerindeki perde tamamen kalkt\u0131.\u201d Ebu Yakub el-Akta \u201cSahip olunan her<span class=\"excerpt-hellip\"> [\u2026]<\/span><\/p>\n","protected":false},"featured_media":0,"template":"","meta":{"_monsterinsights_skip_tracking":false,"_monsterinsights_sitenote_active":false,"_monsterinsights_sitenote_note":"","_monsterinsights_sitenote_category":0},"product_brand":[],"product_cat":[12291,12711],"product_tag":[],"class_list":{"0":"post-776714","1":"product","2":"type-product","3":"status-publish","5":"product_cat-edebiyat","6":"product_cat-roman-oyku","7":"pa_cilt-ciltsiz","8":"pa_tur-kitap","9":"pa_yayinevi-la-kitap-yayinlari","10":"pa_yazar-ilknur-altintas","12":"first","13":"instock","14":"sale","15":"shipping-taxable","16":"purchasable","17":"product-type-simple"},"_links":{"self":[{"href":"https:\/\/roveyayinevi.com.tr\/index.php\/wp-json\/wp\/v2\/product\/776714","targetHints":{"allow":["GET"]}}],"collection":[{"href":"https:\/\/roveyayinevi.com.tr\/index.php\/wp-json\/wp\/v2\/product"}],"about":[{"href":"https:\/\/roveyayinevi.com.tr\/index.php\/wp-json\/wp\/v2\/types\/product"}],"wp:attachment":[{"href":"https:\/\/roveyayinevi.com.tr\/index.php\/wp-json\/wp\/v2\/media?parent=776714"}],"wp:term":[{"taxonomy":"product_brand","embeddable":true,"href":"https:\/\/roveyayinevi.com.tr\/index.php\/wp-json\/wp\/v2\/product_brand?post=776714"},{"taxonomy":"product_cat","embeddable":true,"href":"https:\/\/roveyayinevi.com.tr\/index.php\/wp-json\/wp\/v2\/product_cat?post=776714"},{"taxonomy":"product_tag","embeddable":true,"href":"https:\/\/roveyayinevi.com.tr\/index.php\/wp-json\/wp\/v2\/product_tag?post=776714"}],"curies":[{"name":"wp","href":"https:\/\/api.w.org\/{rel}","templated":true}]}}