{"id":776700,"date":"2025-10-01T23:40:18","date_gmt":"2025-10-01T20:40:18","guid":{"rendered":"https:\/\/roveyayinevi.com.tr\/index.php\/urun\/satranc-hakkinda-her-sey\/"},"modified":"2026-04-15T03:42:39","modified_gmt":"2026-04-15T00:42:39","slug":"satranc-hakkinda-her-sey","status":"publish","type":"product","link":"https:\/\/roveyayinevi.com.tr\/index.php\/urun\/satranc-hakkinda-her-sey\/","title":{"rendered":"Satran\u00e7 Hakk\u0131nda Her \u015eey"},"content":{"rendered":"<p>Satran\u00e7 d\u00fcnyas\u0131na giri\u015f biletiniz bu kitapta! \u201cFide Ustas\u0131\u201d unvan\u0131n\u0131 elde ederek gen\u00e7 ya\u015f\u0131nda efsanele\u015fen James Canty III taraf\u0131ndan haz\u0131rlanan Satran\u00e7 Hakk\u0131nda Her \u015eey, d\u00fcnyan\u0131n en eski masa oyunlar\u0131ndan satranc\u0131n ABC\u2019sini \u00f6\u011freten kapsaml\u0131 bir rehber. Satranc\u0131n temel ilkelerini bulmacalar ve etkile\u015fimli oyunlar e\u015fli\u011finde anlatarak e\u011flenceli bir \u00f6\u011frenme deneyimi sunan kitap, bu oyuna yeni ba\u015flayan ya da bilgilerini tazelemek isteyen her ya\u015ftan okur i\u00e7in harika bir yol arkada\u015f\u0131 oluyor. Satranc\u0131n nas\u0131l oynand\u0131\u011f\u0131n\u0131 merak ediyorsan\u0131z, do\u011fru yerdesiniz. Bu kitapla ta\u015flar\u0131 yak\u0131ndan tan\u0131yacak, onlar\u0131n hareketlerini ve g\u00fc\u00e7l\u00fc-zay\u0131f y\u00f6nlerini ke\u015ffedeceksiniz. A\u00e7\u0131l\u0131\u015f hamlelerini ve \u015fah-mat i\u00e7in rakibinize tuzak kurman\u0131n yollar\u0131n\u0131 \u00f6\u011freneceksiniz. \u0130\u00e7indeki bulmacalar\u0131 \u00e7\u00f6zmeye \u00e7al\u0131\u015ft\u0131k\u00e7a zihninizi esnetecek, yeni stratejiler ve taktikler geli\u015ftireceksiniz. Sayfalar\u0131 \u00e7evirdik\u00e7e satran\u00e7 tarihinin derinlerine dalacak, ilgin\u00e7 bilgiler edinecek; gelmi\u015f ge\u00e7mi\u015f en iyi oyuncularla ve s\u0131n\u0131rlar\u0131 zorlayan \u015fampiyonlarla tan\u0131\u015facaks\u0131n\u0131z. Kitab\u0131 bitirdikten sonra ise rakiplerinize kar\u015f\u0131 zafer kazanman\u0131z i\u015ften bile de\u011fil! Unutmay\u0131n, en b\u00fcy\u00fck oyuncular da i\u015fe ilk hamleyle ba\u015flad\u0131lar. O zaman hamle s\u0131ras\u0131 sizde! Gelece\u011fin satran\u00e7 \u015fampiyonlar\u0131n\u0131 yeti\u015ftirmeyi hedefleyen bu k\u0131lavuz eser; g\u00f6rsel tasar\u0131m\u0131, renkli resimleri, esprili dili ve kolay anla\u015f\u0131l\u0131r a\u00e7\u0131klamalar\u0131yla benzer ba\u015fvuru kaynaklar\u0131ndan ayr\u0131\u015f\u0131yor. <\/p>\n","protected":false},"excerpt":{"rendered":"<p>Satran\u00e7 d\u00fcnyas\u0131na giri\u015f biletiniz bu kitapta! \u201cFide Ustas\u0131\u201d unvan\u0131n\u0131 elde ederek gen\u00e7 ya\u015f\u0131nda efsanele\u015fen James Canty III taraf\u0131ndan haz\u0131rlanan Satran\u00e7 Hakk\u0131nda Her \u015eey, d\u00fcnyan\u0131n en eski<span class=\"excerpt-hellip\"> [\u2026]<\/span><\/p>\n","protected":false},"featured_media":0,"template":"","meta":{"_monsterinsights_skip_tracking":false,"_monsterinsights_sitenote_active":false,"_monsterinsights_sitenote_note":"","_monsterinsights_sitenote_category":0},"product_brand":[],"product_cat":[12274,14573],"product_tag":[],"class_list":{"0":"post-776700","1":"product","2":"type-product","3":"status-publish","5":"product_cat-cocuk-ve-genclik-kitaplari","6":"product_cat-referans-kitaplar-cocuk-ve-genclik-kitaplari","7":"pa_cilt-ciltsiz","8":"pa_tur-kitap","9":"pa_yayinevi-tudem-yayinlari","10":"pa_yazar-james-canty-iii","12":"first","13":"instock","14":"sale","15":"shipping-taxable","16":"purchasable","17":"product-type-simple"},"_links":{"self":[{"href":"https:\/\/roveyayinevi.com.tr\/index.php\/wp-json\/wp\/v2\/product\/776700","targetHints":{"allow":["GET"]}}],"collection":[{"href":"https:\/\/roveyayinevi.com.tr\/index.php\/wp-json\/wp\/v2\/product"}],"about":[{"href":"https:\/\/roveyayinevi.com.tr\/index.php\/wp-json\/wp\/v2\/types\/product"}],"wp:attachment":[{"href":"https:\/\/roveyayinevi.com.tr\/index.php\/wp-json\/wp\/v2\/media?parent=776700"}],"wp:term":[{"taxonomy":"product_brand","embeddable":true,"href":"https:\/\/roveyayinevi.com.tr\/index.php\/wp-json\/wp\/v2\/product_brand?post=776700"},{"taxonomy":"product_cat","embeddable":true,"href":"https:\/\/roveyayinevi.com.tr\/index.php\/wp-json\/wp\/v2\/product_cat?post=776700"},{"taxonomy":"product_tag","embeddable":true,"href":"https:\/\/roveyayinevi.com.tr\/index.php\/wp-json\/wp\/v2\/product_tag?post=776700"}],"curies":[{"name":"wp","href":"https:\/\/api.w.org\/{rel}","templated":true}]}}