{"id":776696,"date":"2025-10-01T23:39:44","date_gmt":"2025-10-01T20:39:44","guid":{"rendered":"https:\/\/roveyayinevi.com.tr\/index.php\/urun\/girit-adasinda-badem\/"},"modified":"2026-04-15T03:42:36","modified_gmt":"2026-04-15T00:42:36","slug":"girit-adasinda-badem","status":"publish","type":"product","link":"https:\/\/roveyayinevi.com.tr\/index.php\/urun\/girit-adasinda-badem\/","title":{"rendered":"Girit Adas\u0131\u2019nda Badem"},"content":{"rendered":"<p>Badem, ba\u015fka t\u00fcrl\u00fc bir kedi! Yeni \u00fclkeler g\u00f6rmeye ve ba\u015fka k\u00fclt\u00fcrleri \u00f6\u011frenmeye bay\u0131l\u0131yor. Finlandiya, Estonya, Japonya, K\u0131z\u0131ldeniz ve Hindistan\u2026 Bunlar, gezdi\u011fi \u00fclkelerden baz\u0131lar\u0131. Yolu, Yunanistan\u2019\u0131n Girit Adas\u0131\u2019na d\u00fc\u015f\u00fcyor \u015fimdi de. Duracak sanmay\u0131n. Badem, tam bir gezgin. Tam bir maceraperest! Kay\u0131p vazolar\u0131n pe\u015fine d\u00fc\u015f\u00fcp, kendini olimpiyatlarda yar\u0131\u015f\u0131rken bulmas\u0131na hi\u00e7 \u015fa\u015f\u0131rma! Antik tiyatrodaki g\u00f6steriden, Usta Yorgos ile \u00e7\u00f6mlek yapmaya\u2026 Yunanistan\u2019\u0131n en \u00f6zel yeri: Atat\u00fcrk\u2019\u00fcn do\u011fdu\u011fu evi ziyaret etmeden olur mu hi\u00e7! Ve daha fazlas\u0131\u2026<\/p>\n","protected":false},"excerpt":{"rendered":"<p>Badem, ba\u015fka t\u00fcrl\u00fc bir kedi! Yeni \u00fclkeler g\u00f6rmeye ve ba\u015fka k\u00fclt\u00fcrleri \u00f6\u011frenmeye bay\u0131l\u0131yor. Finlandiya, Estonya, Japonya, K\u0131z\u0131ldeniz ve Hindistan\u2026 Bunlar, gezdi\u011fi \u00fclkelerden baz\u0131lar\u0131. Yolu, Yunanistan\u2019\u0131n Girit<span class=\"excerpt-hellip\"> [\u2026]<\/span><\/p>\n","protected":false},"featured_media":0,"template":"","meta":{"_monsterinsights_skip_tracking":false,"_monsterinsights_sitenote_active":false,"_monsterinsights_sitenote_note":"","_monsterinsights_sitenote_category":0},"product_brand":[],"product_cat":[12274,12284],"product_tag":[],"class_list":{"0":"post-776696","1":"product","2":"type-product","3":"status-publish","5":"product_cat-cocuk-ve-genclik-kitaplari","6":"product_cat-hikayeler","7":"pa_cilt-ciltsiz","8":"pa_tur-kitap","9":"pa_yayinevi-luna-cocuk-yayinlari","10":"pa_yazar-ozlem-gencer","12":"first","13":"instock","14":"sale","15":"shipping-taxable","16":"purchasable","17":"product-type-simple"},"_links":{"self":[{"href":"https:\/\/roveyayinevi.com.tr\/index.php\/wp-json\/wp\/v2\/product\/776696","targetHints":{"allow":["GET"]}}],"collection":[{"href":"https:\/\/roveyayinevi.com.tr\/index.php\/wp-json\/wp\/v2\/product"}],"about":[{"href":"https:\/\/roveyayinevi.com.tr\/index.php\/wp-json\/wp\/v2\/types\/product"}],"wp:attachment":[{"href":"https:\/\/roveyayinevi.com.tr\/index.php\/wp-json\/wp\/v2\/media?parent=776696"}],"wp:term":[{"taxonomy":"product_brand","embeddable":true,"href":"https:\/\/roveyayinevi.com.tr\/index.php\/wp-json\/wp\/v2\/product_brand?post=776696"},{"taxonomy":"product_cat","embeddable":true,"href":"https:\/\/roveyayinevi.com.tr\/index.php\/wp-json\/wp\/v2\/product_cat?post=776696"},{"taxonomy":"product_tag","embeddable":true,"href":"https:\/\/roveyayinevi.com.tr\/index.php\/wp-json\/wp\/v2\/product_tag?post=776696"}],"curies":[{"name":"wp","href":"https:\/\/api.w.org\/{rel}","templated":true}]}}