{"id":776685,"date":"2025-10-01T07:57:09","date_gmt":"2025-10-01T04:57:09","guid":{"rendered":"https:\/\/roveyayinevi.com.tr\/index.php\/urun\/freddynin-pizza-dukkaninda-bes-gece-fazbearin-korkunc-tipleri-135\/"},"modified":"2026-03-16T02:55:46","modified_gmt":"2026-03-15T23:55:46","slug":"freddynin-pizza-dukkaninda-bes-gece-fazbearin-korkunc-tipleri-135","status":"publish","type":"product","link":"https:\/\/roveyayinevi.com.tr\/index.php\/urun\/freddynin-pizza-dukkaninda-bes-gece-fazbearin-korkunc-tipleri-135\/","title":{"rendered":"Freddy\u2019nin Pizza D\u00fckk\u00e2n\u0131\u2019nda Be\u015f Gece : Fazbear\u2019\u0131n Korkun\u00e7 Tipleri: 1:35"},"content":{"rendered":"<p>Delilah, Stanley ve Devon i\u00e7in terk edilmek bir ya\u015fam bi\u00e7imidir. K\u00fc\u00e7\u00fck ya\u015fta yetim kalan ve k\u0131sa s\u00fcre \u00f6nce bo\u015fanm\u0131\u015f Delilah, her gece bir uyand\u0131rma \u00e7a\u011fr\u0131s\u0131na uyarak k\u00e2buslar\u0131n\u0131n daha da derinlerine iner. Stanley k\u0131sa s\u00fcre \u00f6nce terk edilmi\u015ftir, bilinmeyen bir \u015firket i\u00e7in \u00e7\u0131kmaz bir i\u015fin i\u00e7indedir ve kimseyle ileti\u015fim kuramaz. Babas\u0131 taraf\u0131ndan terk edilen ve annesi taraf\u0131ndan g\u00f6rmezden gelinen Devon, sevgi ve arkada\u015fl\u0131\u011f\u0131n neden onun d\u0131\u015f\u0131ndaki herkese bu kadar kolay geldi\u011fini anlayamaz. Ne yaz\u0131k ki Freddy\u2019nin Pizza D\u00fckk\u00e2n\u0131\u2019nda Be\u015f Gece\u2019nin kalpsiz d\u00fcnyas\u0131nda k\u00f6t\u00fcl\u00fck her zaman yaln\u0131zl\u0131\u011f\u0131n g\u00f6lgesinde pusuya yatm\u0131\u015ft\u0131r. Fazbear\u2019\u0131n Korkun\u00e7 Tipleri serisinin bu \u00fc\u00e7\u00fcnc\u00fc kitab\u0131nda, Freddy\u2019nin Pizza D\u00fckk\u00e2n\u0131\u2019nda Be\u015f Gece\u2019nin yarat\u0131c\u0131s\u0131 Scott Cawthon, hayranlar\u0131n\u0131n en sevdi\u011fi sanat\u00e7\u0131 LadyFiszi&#8217;nin kapak resmiyle, serisinin evreninin farkl\u0131 k\u00f6\u015felerinden \u00fc\u00e7 korkun\u00e7 novella \u00fcretiyor. <\/p>\n","protected":false},"excerpt":{"rendered":"<p>Delilah, Stanley ve Devon i\u00e7in terk edilmek bir ya\u015fam bi\u00e7imidir. K\u00fc\u00e7\u00fck ya\u015fta yetim kalan ve k\u0131sa s\u00fcre \u00f6nce bo\u015fanm\u0131\u015f Delilah, her gece bir uyand\u0131rma \u00e7a\u011fr\u0131s\u0131na uyarak<span class=\"excerpt-hellip\"> [\u2026]<\/span><\/p>\n","protected":false},"featured_media":0,"template":"","meta":{"_monsterinsights_skip_tracking":false,"_monsterinsights_sitenote_active":false,"_monsterinsights_sitenote_note":"","_monsterinsights_sitenote_category":0},"product_brand":[],"product_cat":[12274,12284],"product_tag":[],"class_list":{"0":"post-776685","1":"product","2":"type-product","3":"status-publish","5":"product_cat-cocuk-ve-genclik-kitaplari","6":"product_cat-hikayeler","7":"pa_cilt-ciltsiz","8":"pa_tur-kitap","9":"pa_yayinevi-olimpos-yayinlari","10":"pa_yazar-kolektif","12":"first","13":"instock","14":"sale","15":"shipping-taxable","16":"purchasable","17":"product-type-simple"},"_links":{"self":[{"href":"https:\/\/roveyayinevi.com.tr\/index.php\/wp-json\/wp\/v2\/product\/776685","targetHints":{"allow":["GET"]}}],"collection":[{"href":"https:\/\/roveyayinevi.com.tr\/index.php\/wp-json\/wp\/v2\/product"}],"about":[{"href":"https:\/\/roveyayinevi.com.tr\/index.php\/wp-json\/wp\/v2\/types\/product"}],"wp:attachment":[{"href":"https:\/\/roveyayinevi.com.tr\/index.php\/wp-json\/wp\/v2\/media?parent=776685"}],"wp:term":[{"taxonomy":"product_brand","embeddable":true,"href":"https:\/\/roveyayinevi.com.tr\/index.php\/wp-json\/wp\/v2\/product_brand?post=776685"},{"taxonomy":"product_cat","embeddable":true,"href":"https:\/\/roveyayinevi.com.tr\/index.php\/wp-json\/wp\/v2\/product_cat?post=776685"},{"taxonomy":"product_tag","embeddable":true,"href":"https:\/\/roveyayinevi.com.tr\/index.php\/wp-json\/wp\/v2\/product_tag?post=776685"}],"curies":[{"name":"wp","href":"https:\/\/api.w.org\/{rel}","templated":true}]}}