{"id":776675,"date":"2025-10-01T06:03:44","date_gmt":"2025-10-01T03:03:44","guid":{"rendered":"https:\/\/roveyayinevi.com.tr\/index.php\/urun\/kendinin-agaci\/"},"modified":"2026-04-16T02:34:02","modified_gmt":"2026-04-15T23:34:02","slug":"kendinin-agaci","status":"publish","type":"product","link":"https:\/\/roveyayinevi.com.tr\/index.php\/urun\/kendinin-agaci\/","title":{"rendered":"Kendinin A\u011fac\u0131"},"content":{"rendered":"<p>d\u00fcnyada \u00e7ok \u00f6nemli \u015feyler olduama ben de sizin eve bakt\u0131mbir tay\u0131n bir taya bakt\u0131\u011f\u0131bir tay\u0131n bir taya uzun uzun bakt\u0131\u011f\u0131bir tay\u0131n bir tay\u0131 b\u0131rakt\u0131\u011f\u0131 gibid\u00fcnyada \u00e7ok \u00f6nemli \u015feyler olduatlar yaln\u0131z kalmamak i\u00e7in bu kadar ko\u015farlar diyen o atyaln\u0131zlar ko\u015farken de yaln\u0131zd\u0131r diyen o atyaln\u0131zlar \u00f6perken de yaln\u0131zben sana s\u0131ms\u0131k\u0131 sar\u0131l\u0131rken deo at buramdayd\u0131bu ses nereden geliyor dedi\u011fim o g\u00fcng\u00f6\u011fs\u00fcmdeki at karde\u015flerimg\u00f6\u011fs\u00fcmdeki at yere uzand\u0131d\u00fcnyada \u00e7ok \u00f6nemli \u015feyler olduhem \u00f6lmedim y\u00fcz\u00fckoyunhem aln\u0131mda yery\u00fcz\u00fc\u00f6l\u00fcr\u00fcm dedi\u011fim yerde ev yapt\u0131m<\/p>\n","protected":false},"excerpt":{"rendered":"<p>d\u00fcnyada \u00e7ok \u00f6nemli \u015feyler olduama ben de sizin eve bakt\u0131mbir tay\u0131n bir taya bakt\u0131\u011f\u0131bir tay\u0131n bir taya uzun uzun bakt\u0131\u011f\u0131bir tay\u0131n bir tay\u0131 b\u0131rakt\u0131\u011f\u0131 gibid\u00fcnyada \u00e7ok<span class=\"excerpt-hellip\"> [\u2026]<\/span><\/p>\n","protected":false},"featured_media":0,"template":"","meta":{"_monsterinsights_skip_tracking":false,"_monsterinsights_sitenote_active":false,"_monsterinsights_sitenote_note":"","_monsterinsights_sitenote_category":0},"product_brand":[],"product_cat":[12291,12509],"product_tag":[],"class_list":{"0":"post-776675","1":"product","2":"type-product","3":"status-publish","5":"product_cat-edebiyat","6":"product_cat-siir","7":"pa_cilt-ciltsiz","8":"pa_tur-kitap","9":"pa_yayinevi-everest-yayinlari","10":"pa_yazar-seyyidhan-komurcu","12":"first","13":"instock","14":"sale","15":"shipping-taxable","16":"purchasable","17":"product-type-simple"},"_links":{"self":[{"href":"https:\/\/roveyayinevi.com.tr\/index.php\/wp-json\/wp\/v2\/product\/776675","targetHints":{"allow":["GET"]}}],"collection":[{"href":"https:\/\/roveyayinevi.com.tr\/index.php\/wp-json\/wp\/v2\/product"}],"about":[{"href":"https:\/\/roveyayinevi.com.tr\/index.php\/wp-json\/wp\/v2\/types\/product"}],"wp:attachment":[{"href":"https:\/\/roveyayinevi.com.tr\/index.php\/wp-json\/wp\/v2\/media?parent=776675"}],"wp:term":[{"taxonomy":"product_brand","embeddable":true,"href":"https:\/\/roveyayinevi.com.tr\/index.php\/wp-json\/wp\/v2\/product_brand?post=776675"},{"taxonomy":"product_cat","embeddable":true,"href":"https:\/\/roveyayinevi.com.tr\/index.php\/wp-json\/wp\/v2\/product_cat?post=776675"},{"taxonomy":"product_tag","embeddable":true,"href":"https:\/\/roveyayinevi.com.tr\/index.php\/wp-json\/wp\/v2\/product_tag?post=776675"}],"curies":[{"name":"wp","href":"https:\/\/api.w.org\/{rel}","templated":true}]}}