{"id":776653,"date":"2025-10-01T02:21:23","date_gmt":"2025-09-30T23:21:23","guid":{"rendered":"https:\/\/roveyayinevi.com.tr\/index.php\/urun\/yahudi-tarihi\/"},"modified":"2026-04-16T02:02:14","modified_gmt":"2026-04-15T23:02:14","slug":"yahudi-tarihi","status":"publish","type":"product","link":"https:\/\/roveyayinevi.com.tr\/index.php\/urun\/yahudi-tarihi\/","title":{"rendered":"Yahudi Tarihi"},"content":{"rendered":"<p>\u00dcnl\u00fc tarih\u00e7i Paul Johnson, Yahudi Tarihi adl\u0131 bu kapsaml\u0131 eserinde binlerce y\u0131ll\u0131k ge\u00e7mi\u015fin izlerini s\u00fcr\u00fcyor. \u0130lk d\u00f6nemlerinden yak\u0131n tarihe kadar uzanan geni\u015f bir \u00e7er\u00e7evedeki tarihsel olgular\u0131 ciddi bir bilgi birikimi \u0131\u015f\u0131\u011f\u0131nda analiz ediyor. \u00d6nyarg\u0131lar\u0131n, bilgiye dayanmayan inan\u0131\u015flar\u0131n kar\u015f\u0131s\u0131na \u00e7ok geni\u015f bir kaynak taramas\u0131na dayanan bilimsel \u00f6l\u00e7\u00fctlerle \u00e7\u0131k\u0131yor. Yahudi halk\u0131n\u0131n hik\u00e2yesi kitapta t\u00fcm y\u00f6nleriyle ve \u00f6zg\u00fcn belgelerden derlenen bilgilere dayal\u0131 olarak anlat\u0131l\u0131yor. Pek \u00e7ok de\u011ferli kaynaktan yararlan\u0131larak yaz\u0131lm\u0131\u015f olan Yahudi Tarihi, alan\u0131ndaki bilgi bo\u015flu\u011funu doldurmaya ve klasik olmaya aday oldu\u011fu gibi, bu alanda ara\u015ft\u0131rma yapmak isteyenlere de son derece geni\u015f, e\u015fsiz bir kaynak\u00e7a sunuyor.   \u201cYahudili\u011fin Tarihi, daha \u00f6nce hi\u00e7 bu kadar kapsaml\u0131, bu kadar objektif yaz\u0131lmam\u0131\u015ft\u0131. Bir ustal\u0131k eseri&#8230; Ola\u011fan\u00fcst\u00fc bir ba\u015far\u0131.\u201d The New York Times   \u201cMuhte\u015fem bir kitap, tarihin ta kendisi, zengin i\u00e7erikli ve bilgece.\u201d The Plain Dealer   \u201c\u00dcst\u00fcn, g\u00fc\u00e7l\u00fc bir \u00e7al\u0131\u015fma&#8230; Muhte\u015fem bir ba\u015far\u0131&#8230;\u201d The New York Times Book Revievo   \u201cJohnson, tek bir kitapla ola\u011fan\u00fcst\u00fc yararl\u0131 bilgiler sunuyor ve Yahudi tarihi hakk\u0131nda ger\u00e7ek\u00e7i bir tarzda konu\u015fuyor.\u201d Armando Momigliano, The New Yorker Review of Books   \u201cJohnson, konusuna, tek kitapl\u0131k profesyonel hik\u00e2yelerin hi\u00e7birinde rastlanmayacak bir canl\u0131l\u0131k verdi. Tarz\u0131n\u0131n dramatik olmas\u0131na ra\u011fmen yapay duygusall\u0131ktan uzak kalarak ger\u00e7ekleri sapt\u0131rmadan anlatmay\u0131 ba\u015fard\u0131.\u201d John Gross, The New York Times   \u201cS\u00fcr\u00fckleyici, k\u0131\u015fk\u0131rt\u0131c\u0131, iyi yaz\u0131lm\u0131\u015f, \u00e7o\u011fu zaman dokunakl\u0131 bir kitap; tarih ve mitolojinin i\u00e7g\u00f6r\u00fc dolu ve tutkulu bir kar\u0131\u015f\u0131m\u0131&#8230;\u201d Merle Rubin, Christian Science Monitor. <\/p>\n","protected":false},"excerpt":{"rendered":"<p>\u00dcnl\u00fc tarih\u00e7i Paul Johnson, Yahudi Tarihi adl\u0131 bu kapsaml\u0131 eserinde binlerce y\u0131ll\u0131k ge\u00e7mi\u015fin izlerini s\u00fcr\u00fcyor. \u0130lk d\u00f6nemlerinden yak\u0131n tarihe kadar uzanan geni\u015f bir \u00e7er\u00e7evedeki tarihsel olgular\u0131<span class=\"excerpt-hellip\"> [\u2026]<\/span><\/p>\n","protected":false},"featured_media":0,"template":"","meta":{"_monsterinsights_skip_tracking":false,"_monsterinsights_sitenote_active":false,"_monsterinsights_sitenote_note":"","_monsterinsights_sitenote_category":0},"product_brand":[],"product_cat":[12312,12304],"product_tag":[],"class_list":{"0":"post-776653","1":"product","2":"type-product","3":"status-publish","5":"product_cat-diger","6":"product_cat-tarih","7":"pa_tur-kitap","8":"pa_yayinevi-pozitif-yayinlari","9":"pa_yazar-paul-johnson","11":"first","12":"instock","13":"sale","14":"shipping-taxable","15":"purchasable","16":"product-type-simple"},"_links":{"self":[{"href":"https:\/\/roveyayinevi.com.tr\/index.php\/wp-json\/wp\/v2\/product\/776653","targetHints":{"allow":["GET"]}}],"collection":[{"href":"https:\/\/roveyayinevi.com.tr\/index.php\/wp-json\/wp\/v2\/product"}],"about":[{"href":"https:\/\/roveyayinevi.com.tr\/index.php\/wp-json\/wp\/v2\/types\/product"}],"wp:attachment":[{"href":"https:\/\/roveyayinevi.com.tr\/index.php\/wp-json\/wp\/v2\/media?parent=776653"}],"wp:term":[{"taxonomy":"product_brand","embeddable":true,"href":"https:\/\/roveyayinevi.com.tr\/index.php\/wp-json\/wp\/v2\/product_brand?post=776653"},{"taxonomy":"product_cat","embeddable":true,"href":"https:\/\/roveyayinevi.com.tr\/index.php\/wp-json\/wp\/v2\/product_cat?post=776653"},{"taxonomy":"product_tag","embeddable":true,"href":"https:\/\/roveyayinevi.com.tr\/index.php\/wp-json\/wp\/v2\/product_tag?post=776653"}],"curies":[{"name":"wp","href":"https:\/\/api.w.org\/{rel}","templated":true}]}}