{"id":776634,"date":"2025-09-30T21:21:42","date_gmt":"2025-09-30T18:21:42","guid":{"rendered":"https:\/\/roveyayinevi.com.tr\/index.php\/urun\/avci-ciltli-2\/"},"modified":"2026-04-15T03:43:03","modified_gmt":"2026-04-15T00:43:03","slug":"avci-ciltli-2","status":"publish","type":"product","link":"https:\/\/roveyayinevi.com.tr\/index.php\/urun\/avci-ciltli-2\/","title":{"rendered":"Avc\u0131 (Ciltli)"},"content":{"rendered":"<p>Kirli oyun \u00e7oktan ba\u015flam\u0131\u015ft\u0131\u2026   Art\u0131k herkes bu oyunun bir par\u00e7as\u0131yd\u0131, s\u0131rlar\u0131n\u0131n ard\u0131na saklanan Jay Sullivan bile.   Hiddenfield, yeni bir f\u0131rt\u0131naya haz\u0131rlan\u0131rken Annabelle Jefferson hem ge\u00e7mi\u015fin hayaletleriyle hem de gelece\u011fin g\u00f6lgeleriyle y\u00fczle\u015fmek zorunda. \u00dcstelik h\u00e2l\u00e2 Jay Sullivan\u2019\u0131n bu oyundaki yerini bilmiyordu ama art\u0131k kendi yerini biliyordu: As\u0131rlard\u0131r her \u015feyin merkezinde o vard\u0131.   Peki ger\u00e7ekte neydi o? Ya da kimdi?   Bu sorular\u0131n cevaplar\u0131 kimilerini karanl\u0131\u011f\u0131n batakl\u0131\u011f\u0131na \u00e7ekecek kimilerini ise hayatta kalma m\u00fccadelesine s\u00fcr\u00fckleyecekti.   Ve bu kez\u2026kar\u015f\u0131lar\u0131nda bir Av de\u011fil, her hamlesini \u00f6l\u00fcmc\u00fcl bir ustal\u0131kla yapan Avc\u0131 vard\u0131.    <\/p>\n","protected":false},"excerpt":{"rendered":"<p>Kirli oyun \u00e7oktan ba\u015flam\u0131\u015ft\u0131\u2026 Art\u0131k herkes bu oyunun bir par\u00e7as\u0131yd\u0131, s\u0131rlar\u0131n\u0131n ard\u0131na saklanan Jay Sullivan bile. Hiddenfield, yeni bir f\u0131rt\u0131naya haz\u0131rlan\u0131rken Annabelle Jefferson hem ge\u00e7mi\u015fin hayaletleriyle<span class=\"excerpt-hellip\"> [\u2026]<\/span><\/p>\n","protected":false},"featured_media":0,"template":"","meta":{"_monsterinsights_skip_tracking":false,"_monsterinsights_sitenote_active":false,"_monsterinsights_sitenote_note":"","_monsterinsights_sitenote_category":0},"product_brand":[],"product_cat":[141304],"product_tag":[],"class_list":{"0":"post-776634","1":"product","2":"type-product","3":"status-publish","5":"product_cat-yeni-cikanlar","6":"pa_cilt-ciltli","7":"pa_tur-kitap","8":"pa_yayinevi-indigo-kitap","9":"pa_yazar-m-rise","11":"first","12":"instock","13":"sale","14":"shipping-taxable","15":"purchasable","16":"product-type-simple"},"_links":{"self":[{"href":"https:\/\/roveyayinevi.com.tr\/index.php\/wp-json\/wp\/v2\/product\/776634","targetHints":{"allow":["GET"]}}],"collection":[{"href":"https:\/\/roveyayinevi.com.tr\/index.php\/wp-json\/wp\/v2\/product"}],"about":[{"href":"https:\/\/roveyayinevi.com.tr\/index.php\/wp-json\/wp\/v2\/types\/product"}],"wp:attachment":[{"href":"https:\/\/roveyayinevi.com.tr\/index.php\/wp-json\/wp\/v2\/media?parent=776634"}],"wp:term":[{"taxonomy":"product_brand","embeddable":true,"href":"https:\/\/roveyayinevi.com.tr\/index.php\/wp-json\/wp\/v2\/product_brand?post=776634"},{"taxonomy":"product_cat","embeddable":true,"href":"https:\/\/roveyayinevi.com.tr\/index.php\/wp-json\/wp\/v2\/product_cat?post=776634"},{"taxonomy":"product_tag","embeddable":true,"href":"https:\/\/roveyayinevi.com.tr\/index.php\/wp-json\/wp\/v2\/product_tag?post=776634"}],"curies":[{"name":"wp","href":"https:\/\/api.w.org\/{rel}","templated":true}]}}