{"id":776633,"date":"2025-09-30T21:21:41","date_gmt":"2025-09-30T18:21:41","guid":{"rendered":"https:\/\/roveyayinevi.com.tr\/index.php\/urun\/av-ciltli-3\/"},"modified":"2026-04-15T03:43:03","modified_gmt":"2026-04-15T00:43:03","slug":"av-ciltli-3","status":"publish","type":"product","link":"https:\/\/roveyayinevi.com.tr\/index.php\/urun\/av-ciltli-3\/","title":{"rendered":"Av (Ciltli)"},"content":{"rendered":"<p>Zaman\u0131n sisleri ard\u0131nda sakl\u0131 kalm\u0131\u015f bir sava\u015f\u2026  Ve o sava\u015fa istemeden ad\u0131m atan bir gen\u00e7 k\u0131z.   Annabelle Jefferson, Hiddenfield kasabas\u0131na geldi\u011finde buran\u0131n s\u0131radan bir yer olmad\u0131\u011f\u0131n\u0131 hissetmi\u015fti. Ama onu bekleyenlerin, y\u00fczy\u0131llard\u0131r s\u00fcren bir \u00e7at\u0131\u015fman\u0131n g\u00f6lgesinde \u015fekillendi\u011fini asla bilemezdi.    Orman\u0131n derinliklerinde, y\u0131llar \u00f6nce terk edilmi\u015f bir tap\u0131nak\u2026 G\u00f6lgelerin \u00f6rtt\u00fc\u011f\u00fc s\u0131rlar, sessizce bekleyen tehlikeler\u2026  Ve her ad\u0131m\u0131n\u0131 uzaktan izleyen, kim oldu\u011funu \u00e7\u00f6zemedi\u011fi bir yabanc\u0131: Jay Sullivan.   Jay, Annabelle\u2019i korumak i\u00e7in hep oradayd\u0131. Ama bazen en \u00e7ok koruyan, en \u00e7ok zarar\u0131 da verebilirdi. Bir avc\u0131, av\u0131na fazla yakla\u015f\u0131rsa\u2026 art\u0131k geri d\u00f6nemezdi.      \u201cTe\u015fekk\u00fcr ederim. Yani kurtlar konusunda yard\u0131m etti\u011fin i\u00e7in.\u201d   Tedirgin edici bir yo\u011funlukla bana bak\u0131yordu.   \u201cBug\u00fcn g\u00f6rd\u00fcklerini unutman senin i\u00e7in iyi olur.\u201d Bir dakika. \u015eu an tehdit mi edildim?   <\/p>\n","protected":false},"excerpt":{"rendered":"<p>Zaman\u0131n sisleri ard\u0131nda sakl\u0131 kalm\u0131\u015f bir sava\u015f\u2026 Ve o sava\u015fa istemeden ad\u0131m atan bir gen\u00e7 k\u0131z. Annabelle Jefferson, Hiddenfield kasabas\u0131na geldi\u011finde buran\u0131n s\u0131radan bir yer olmad\u0131\u011f\u0131n\u0131<span class=\"excerpt-hellip\"> [\u2026]<\/span><\/p>\n","protected":false},"featured_media":0,"template":"","meta":{"_monsterinsights_skip_tracking":false,"_monsterinsights_sitenote_active":false,"_monsterinsights_sitenote_note":"","_monsterinsights_sitenote_category":0},"product_brand":[],"product_cat":[141304],"product_tag":[],"class_list":{"0":"post-776633","1":"product","2":"type-product","3":"status-publish","5":"product_cat-yeni-cikanlar","6":"pa_cilt-ciltli","7":"pa_tur-kitap","8":"pa_yayinevi-indigo-kitap","9":"pa_yazar-m-rise","11":"first","12":"instock","13":"sale","14":"shipping-taxable","15":"purchasable","16":"product-type-simple"},"_links":{"self":[{"href":"https:\/\/roveyayinevi.com.tr\/index.php\/wp-json\/wp\/v2\/product\/776633","targetHints":{"allow":["GET"]}}],"collection":[{"href":"https:\/\/roveyayinevi.com.tr\/index.php\/wp-json\/wp\/v2\/product"}],"about":[{"href":"https:\/\/roveyayinevi.com.tr\/index.php\/wp-json\/wp\/v2\/types\/product"}],"wp:attachment":[{"href":"https:\/\/roveyayinevi.com.tr\/index.php\/wp-json\/wp\/v2\/media?parent=776633"}],"wp:term":[{"taxonomy":"product_brand","embeddable":true,"href":"https:\/\/roveyayinevi.com.tr\/index.php\/wp-json\/wp\/v2\/product_brand?post=776633"},{"taxonomy":"product_cat","embeddable":true,"href":"https:\/\/roveyayinevi.com.tr\/index.php\/wp-json\/wp\/v2\/product_cat?post=776633"},{"taxonomy":"product_tag","embeddable":true,"href":"https:\/\/roveyayinevi.com.tr\/index.php\/wp-json\/wp\/v2\/product_tag?post=776633"}],"curies":[{"name":"wp","href":"https:\/\/api.w.org\/{rel}","templated":true}]}}