{"id":776619,"date":"2025-09-30T21:08:36","date_gmt":"2025-09-30T18:08:36","guid":{"rendered":"https:\/\/roveyayinevi.com.tr\/index.php\/urun\/sonic-squishmens-s2\/"},"modified":"2026-04-15T03:39:18","modified_gmt":"2026-04-15T00:39:18","slug":"sonic-squishmens-s2","status":"publish","type":"product","link":"https:\/\/roveyayinevi.com.tr\/index.php\/urun\/sonic-squishmens-s2\/","title":{"rendered":"Sonic Squishmens S2"},"content":{"rendered":"<p>Sonic&#8217;in SquishMe Serisi ile Tan\u0131\u015f\u0131n!   Hepsini topla, Sonic\u2019in koleksiyonunu tamamla!   Sonic koleksiyonunda Sonic, Knuckles, Tails, Shadow, Amy Rose ve karanl\u0131kta parlayan nadir bir S\u00fcper Sonic bulunuyor. Sonic&#8217;in SquishMe Serisi, Sonic fanlar\u0131 i\u00e7in e\u011flenceli ve stres giderici bir oyuncak serisi sunuyor. Her biri \u00f6zel tasarlanm\u0131\u015f 6 karakterden olu\u015fan bu seri, koleksiyon yapmak ve e\u011flenmek isteyen herkes i\u00e7in m\u00fckemmel. Yumu\u015fak poli\u00fcretan k\u00f6p\u00fckten \u00fcretilmi\u015f, stres giderici \u00f6zellikleriyle \u00f6ne \u00e7\u0131kar. S\u00fcrpriz paket format\u0131yla her pakette s\u00fcrpriz bir fig\u00fcr i\u00e7erir! CE sertifikal\u0131d\u0131r; g\u00fcvenli oyuncak standartlar\u0131na uygundur <\/p>\n","protected":false},"excerpt":{"rendered":"<p>Sonic&#8217;in SquishMe Serisi ile Tan\u0131\u015f\u0131n! Hepsini topla, Sonic\u2019in koleksiyonunu tamamla! Sonic koleksiyonunda Sonic, Knuckles, Tails, Shadow, Amy Rose ve karanl\u0131kta parlayan nadir bir S\u00fcper Sonic bulunuyor.<span class=\"excerpt-hellip\"> [\u2026]<\/span><\/p>\n","protected":false},"featured_media":0,"template":"","meta":{"_monsterinsights_skip_tracking":false,"_monsterinsights_sitenote_active":false,"_monsterinsights_sitenote_note":"","_monsterinsights_sitenote_category":0},"product_brand":[],"product_cat":[28265,15563],"product_tag":[],"class_list":{"0":"post-776619","1":"product","2":"type-product","3":"status-publish","5":"product_cat-diger-hobi","6":"product_cat-hobi","7":"pa_cilt-ciltsiz","8":"pa_tur-oyuncak","9":"pa_yayinevi-beta-yayinevi","10":"pa_yazar-kolektif","12":"first","13":"instock","14":"sale","15":"shipping-taxable","16":"purchasable","17":"product-type-simple"},"_links":{"self":[{"href":"https:\/\/roveyayinevi.com.tr\/index.php\/wp-json\/wp\/v2\/product\/776619","targetHints":{"allow":["GET"]}}],"collection":[{"href":"https:\/\/roveyayinevi.com.tr\/index.php\/wp-json\/wp\/v2\/product"}],"about":[{"href":"https:\/\/roveyayinevi.com.tr\/index.php\/wp-json\/wp\/v2\/types\/product"}],"wp:attachment":[{"href":"https:\/\/roveyayinevi.com.tr\/index.php\/wp-json\/wp\/v2\/media?parent=776619"}],"wp:term":[{"taxonomy":"product_brand","embeddable":true,"href":"https:\/\/roveyayinevi.com.tr\/index.php\/wp-json\/wp\/v2\/product_brand?post=776619"},{"taxonomy":"product_cat","embeddable":true,"href":"https:\/\/roveyayinevi.com.tr\/index.php\/wp-json\/wp\/v2\/product_cat?post=776619"},{"taxonomy":"product_tag","embeddable":true,"href":"https:\/\/roveyayinevi.com.tr\/index.php\/wp-json\/wp\/v2\/product_tag?post=776619"}],"curies":[{"name":"wp","href":"https:\/\/api.w.org\/{rel}","templated":true}]}}