{"id":776611,"date":"2025-09-30T19:00:51","date_gmt":"2025-09-30T16:00:51","guid":{"rendered":"https:\/\/roveyayinevi.com.tr\/index.php\/urun\/lahza-2-har-ve-kul\/"},"modified":"2026-04-16T03:07:47","modified_gmt":"2026-04-16T00:07:47","slug":"lahza-2-har-ve-kul","status":"publish","type":"product","link":"https:\/\/roveyayinevi.com.tr\/index.php\/urun\/lahza-2-har-ve-kul\/","title":{"rendered":"Lahza 2 &#8211; Har ve K\u00fcl"},"content":{"rendered":"<p>KARTPOSTAL VE MEKTUP HED\u0130YEL\u0130   \u201cGECE&#8230; T\u00dcM K\u00d6T\u00dcL\u00dcKLER\u0130 G\u0130ZLEYEN\u0130M, SAKLAYANIM&#8230; KARANLI\u011eINDA KANDIRILARAK D\u0130NLED\u0130\u011e\u0130M EN G\u00dcZEL MASALIM&#8230; ONUN KARANLI\u011eI, BEN\u0130M AYDINLI\u011eIM.\u201d   Biz bir saatin tam ortas\u0131ndayd\u0131k ve ne birlikte bir ad\u0131m ileri gidebiliyorduk ne de bir ad\u0131m geri. Tutukluluktu bizimki. Daha en ba\u015f\u0131ndan, nefes ald\u0131\u011f\u0131m\u0131z ilk andan beri birbirimize vurgun olmak, birbirimizde yok olmakt\u0131. Bir yandan har olup yanarken bir yandan k\u00fcl olmakt\u0131.   \u201cSen sana k\u00f6t\u00fcl\u00fck yapan herkesi kendi vicdan mahkemende \u015furanla yarg\u0131larken.\u201d \u0130ki parma\u011f\u0131 kur\u015fun misali sol g\u00f6\u011fs\u00fcme vuruldu. \u201cBeni adalet terazinde hep burada yarg\u0131lad\u0131n.\u201d Parma\u011f\u0131 \u015fakaklar\u0131ma \u00e7\u0131kt\u0131\u011f\u0131nda \u00f6lece\u011fim sand\u0131m. \u201cGer\u00e7ekten benim en b\u00fcy\u00fck belam; senin bana olmayan, benim sana bitmek bilmeyen sevdamm\u0131\u015f.\u201d \u201cAffet beni,\u201d dedi\u011finde kad\u0131n g\u00fcl\u00fcmsedi. Ac\u0131dan ba\u015fka bir \u015fey bar\u0131nd\u0131rmayan bu g\u00fcl\u00fcmseme asl\u0131nda bir cevap niteli\u011findeydi. \u201cYer ile g\u00f6\u011f\u00fc de birle\u015ftirsen! \u0130ki cihan\u0131 da bir araya getirsen&#8230;\u201d Son s\u00f6zleriyle aralar\u0131ndaki ba\u011f\u0131 b\u0131\u00e7ak gibi kesti. \u201cAffetmem!\u201d <\/p>\n","protected":false},"excerpt":{"rendered":"<p>KARTPOSTAL VE MEKTUP HED\u0130YEL\u0130 \u201cGECE&#8230; T\u00dcM K\u00d6T\u00dcL\u00dcKLER\u0130 G\u0130ZLEYEN\u0130M, SAKLAYANIM&#8230; KARANLI\u011eINDA KANDIRILARAK D\u0130NLED\u0130\u011e\u0130M EN G\u00dcZEL MASALIM&#8230; ONUN KARANLI\u011eI, BEN\u0130M AYDINLI\u011eIM.\u201d Biz bir saatin tam ortas\u0131ndayd\u0131k ve ne<span class=\"excerpt-hellip\"> [\u2026]<\/span><\/p>\n","protected":false},"featured_media":0,"template":"","meta":{"_monsterinsights_skip_tracking":false,"_monsterinsights_sitenote_active":false,"_monsterinsights_sitenote_note":"","_monsterinsights_sitenote_category":0},"product_brand":[],"product_cat":[12291,12711],"product_tag":[],"class_list":{"0":"post-776611","1":"product","2":"type-product","3":"status-publish","5":"product_cat-edebiyat","6":"product_cat-roman-oyku","7":"pa_cilt-ciltsiz","8":"pa_tur-kitap","9":"pa_yayinevi-dokuz-yayinlari","10":"pa_yazar-humeyra","12":"first","13":"instock","14":"sale","15":"shipping-taxable","16":"purchasable","17":"product-type-simple"},"_links":{"self":[{"href":"https:\/\/roveyayinevi.com.tr\/index.php\/wp-json\/wp\/v2\/product\/776611","targetHints":{"allow":["GET"]}}],"collection":[{"href":"https:\/\/roveyayinevi.com.tr\/index.php\/wp-json\/wp\/v2\/product"}],"about":[{"href":"https:\/\/roveyayinevi.com.tr\/index.php\/wp-json\/wp\/v2\/types\/product"}],"wp:attachment":[{"href":"https:\/\/roveyayinevi.com.tr\/index.php\/wp-json\/wp\/v2\/media?parent=776611"}],"wp:term":[{"taxonomy":"product_brand","embeddable":true,"href":"https:\/\/roveyayinevi.com.tr\/index.php\/wp-json\/wp\/v2\/product_brand?post=776611"},{"taxonomy":"product_cat","embeddable":true,"href":"https:\/\/roveyayinevi.com.tr\/index.php\/wp-json\/wp\/v2\/product_cat?post=776611"},{"taxonomy":"product_tag","embeddable":true,"href":"https:\/\/roveyayinevi.com.tr\/index.php\/wp-json\/wp\/v2\/product_tag?post=776611"}],"curies":[{"name":"wp","href":"https:\/\/api.w.org\/{rel}","templated":true}]}}