{"id":776570,"date":"2025-09-30T03:35:57","date_gmt":"2025-09-30T00:35:57","guid":{"rendered":"https:\/\/roveyayinevi.com.tr\/index.php\/urun\/takim-calismasi\/"},"modified":"2026-04-16T02:13:31","modified_gmt":"2026-04-15T23:13:31","slug":"takim-calismasi","status":"publish","type":"product","link":"https:\/\/roveyayinevi.com.tr\/index.php\/urun\/takim-calismasi\/","title":{"rendered":"Tak\u0131m \u00c7al\u0131\u015fmas\u0131"},"content":{"rendered":"<p>Ahmet \u015eerif \u0130zg\u00f6ren&#8217;in \u0130\u015f Hayat\u0131 Futboldan Ne \u00d6\u011frenir? ad\u0131yla ilk bask\u0131s\u0131n\u0131 yapt\u0131\u011f\u0131 bu kitap, yenilenmi\u015f, geni\u015fletilmi\u015f bask\u0131s\u0131yla Tak\u0131m \u00c7al\u0131\u015fmas\u0131 olarak okuyucuyla tekrar bulu\u015fuyor. Liderlik, Tak\u0131m Ruhu, Ortak Hedefler, \u0130\u015f Ak\u0131\u015f\u0131, \u0130leti\u015fim ba\u015fl\u0131klar\u0131 alt\u0131nda, ortak de\u011ferlere sahip, ayn\u0131 hedefe odaklanm\u0131\u015f, rollerin do\u011fru payla\u015f\u0131ld\u0131\u011f\u0131, birbirini anlayan ve yapt\u0131klar\u0131 i\u015fi sonu\u00e7land\u0131rma becerisine sahip tak\u0131mlar\u0131n nas\u0131l olu\u015fturulaca\u011f\u0131n\u0131 ve y\u00f6netilece\u011fini, futboldan ve di\u011fer spor dallar\u0131ndan \u00f6rneklerle anlat\u0131yor. Y\u00fczlerce \u015fehirde 3.000&#8217;den fazla e\u011fitim ve konferans veren Ahmet \u015eerif \u0130zg\u00f6ren, ya\u015famlar\u0131m\u0131z\u0131n merkezinde yer alan sporu ve i\u015f ya\u015fam\u0131n\u0131 bir araya getirerek &#8220;ayn\u0131 toprakta farkl\u0131 \u00e7i\u00e7ekler yeti\u015ftirme&#8221;nin san\u0131ld\u0131\u011f\u0131ndan kolay oldu\u011funu g\u00f6steriyor. \u00dcstelik kendine has \u00fcslubu ve sporla ilgili hi\u00e7bir fikri olmayan birinin bile rahatl\u0131kla anlayabilece\u011fi \u00f6rneklerle\u2026 <\/p>\n","protected":false},"excerpt":{"rendered":"<p>Ahmet \u015eerif \u0130zg\u00f6ren&#8217;in \u0130\u015f Hayat\u0131 Futboldan Ne \u00d6\u011frenir? ad\u0131yla ilk bask\u0131s\u0131n\u0131 yapt\u0131\u011f\u0131 bu kitap, yenilenmi\u015f, geni\u015fletilmi\u015f bask\u0131s\u0131yla Tak\u0131m \u00c7al\u0131\u015fmas\u0131 olarak okuyucuyla tekrar bulu\u015fuyor. Liderlik, Tak\u0131m Ruhu,<span class=\"excerpt-hellip\"> [\u2026]<\/span><\/p>\n","protected":false},"featured_media":0,"template":"","meta":{"_monsterinsights_skip_tracking":false,"_monsterinsights_sitenote_active":false,"_monsterinsights_sitenote_note":"","_monsterinsights_sitenote_category":0},"product_brand":[],"product_cat":[13043,17647],"product_tag":[],"class_list":{"0":"post-776570","1":"product","2":"type-product","3":"status-publish","5":"product_cat-ekonomi","6":"product_cat-is-dunyasi","7":"pa_cilt-ciltsiz","8":"pa_tur-kitap","9":"pa_yayinevi-elma-yayinevi","10":"pa_yazar-ahmet-serif-izgoren","12":"first","13":"instock","14":"sale","15":"shipping-taxable","16":"purchasable","17":"product-type-simple"},"_links":{"self":[{"href":"https:\/\/roveyayinevi.com.tr\/index.php\/wp-json\/wp\/v2\/product\/776570","targetHints":{"allow":["GET"]}}],"collection":[{"href":"https:\/\/roveyayinevi.com.tr\/index.php\/wp-json\/wp\/v2\/product"}],"about":[{"href":"https:\/\/roveyayinevi.com.tr\/index.php\/wp-json\/wp\/v2\/types\/product"}],"wp:attachment":[{"href":"https:\/\/roveyayinevi.com.tr\/index.php\/wp-json\/wp\/v2\/media?parent=776570"}],"wp:term":[{"taxonomy":"product_brand","embeddable":true,"href":"https:\/\/roveyayinevi.com.tr\/index.php\/wp-json\/wp\/v2\/product_brand?post=776570"},{"taxonomy":"product_cat","embeddable":true,"href":"https:\/\/roveyayinevi.com.tr\/index.php\/wp-json\/wp\/v2\/product_cat?post=776570"},{"taxonomy":"product_tag","embeddable":true,"href":"https:\/\/roveyayinevi.com.tr\/index.php\/wp-json\/wp\/v2\/product_tag?post=776570"}],"curies":[{"name":"wp","href":"https:\/\/api.w.org\/{rel}","templated":true}]}}