{"id":776556,"date":"2025-09-29T07:29:40","date_gmt":"2025-09-29T04:29:40","guid":{"rendered":"https:\/\/roveyayinevi.com.tr\/index.php\/urun\/ajanda-2050\/"},"modified":"2026-03-15T12:14:32","modified_gmt":"2026-03-15T09:14:32","slug":"ajanda-2050","status":"publish","type":"product","link":"https:\/\/roveyayinevi.com.tr\/index.php\/urun\/ajanda-2050\/","title":{"rendered":"Ajanda 2050"},"content":{"rendered":"<p>GELECE\u011eE HAZIR MISINIZ ? New Word Order dedikleri yap\u0131n\u0131n ta\u015flar\u0131 nas\u0131l d\u00f6\u015feniyor? Kim bunlar? insanl\u0131ktan ne istiyorlar? Gizli projelerinin detaylar\u0131 neler? Dikteler ve felaketter ortam\u0131nda pragmatist bir bak\u0131\u015f a\u00e7\u0131s\u0131yla hayatta kalmak ad\u0131na alt\u0131n de\u011ferinde \u00f6z bilgiler ve \u00f6neriler&#8230; Bug\u00fcne kadar yap\u0131lanlar\u0131n perde arkas\u0131 nedir? D\u00fcnyada nas\u0131l bir y\u00f6netim sistemi olu\u015fturulacak? Blockchain teknolojisi neden bu kadar \u00f6nemli? Hepsine tek tek de\u011finerek \u00e7\u0131kt\u0131\u011f\u0131m bu yolda amac\u0131m ger\u00e7eklerin bilinmesini sa\u011flamak, geni\u015f persfektifte de\u011ferlendirdi\u011fim olaylar\u0131 pozitivist paradigma yakla\u015f\u0131m ile sizlere sunmak ve d\u00fc\u015f\u00fcnen beyinlere \u0131\u015f\u0131k tutamakt\u0131r. Gelecekte neler ya\u015fanaca\u011f\u0131n: bug\u00fcnden g\u00f6rebilmek, hayat\u0131n\u0131zla ilgili tasarrufta bulundu\u011funuz meseleleri olumlu y\u00f6nde etkileyecektir. 2030&#8217;a kadar yara almadan \u00e7\u0131kabilme ad\u0131na bir ad\u0131m \u00f6nde olaca\u011f\u0131n\u0131z bilgiler&#8230; T\u00fcm bunlar ve daha fazlas\u0131n\u0131n cevab\u0131n\u0131 alaca\u011f\u0131n\u0131z bu kitap, mavi kan\u0131n kurguladigt, kuklalar\u0131n da uygulamaya \u00e7al\u0131\u015ft\u0131\u011f\u0131 2030 ve 2050 vizyonlar\u0131n\u0131 g\u00f6zler \u00f6n\u00fcne seriyor<\/p>\n","protected":false},"excerpt":{"rendered":"<p>GELECE\u011eE HAZIR MISINIZ ? New Word Order dedikleri yap\u0131n\u0131n ta\u015flar\u0131 nas\u0131l d\u00f6\u015feniyor? Kim bunlar? insanl\u0131ktan ne istiyorlar? Gizli projelerinin detaylar\u0131 neler? Dikteler ve felaketter ortam\u0131nda pragmatist<span class=\"excerpt-hellip\"> [\u2026]<\/span><\/p>\n","protected":false},"featured_media":0,"template":"","meta":{"_monsterinsights_skip_tracking":false,"_monsterinsights_sitenote_active":false,"_monsterinsights_sitenote_note":"","_monsterinsights_sitenote_category":0},"product_brand":[],"product_cat":[12364],"product_tag":[],"class_list":{"0":"post-776556","1":"product","2":"type-product","3":"status-publish","5":"product_cat-genel-konular","6":"pa_cilt-ciltsiz","7":"pa_tur-kitap","8":"pa_yayinevi-kalem-lugat-yayincilik","9":"pa_yazar-yeliz-sevikturk-altinoz","11":"first","12":"outofstock","13":"sale","14":"shipping-taxable","15":"purchasable","16":"product-type-simple"},"_links":{"self":[{"href":"https:\/\/roveyayinevi.com.tr\/index.php\/wp-json\/wp\/v2\/product\/776556","targetHints":{"allow":["GET"]}}],"collection":[{"href":"https:\/\/roveyayinevi.com.tr\/index.php\/wp-json\/wp\/v2\/product"}],"about":[{"href":"https:\/\/roveyayinevi.com.tr\/index.php\/wp-json\/wp\/v2\/types\/product"}],"wp:attachment":[{"href":"https:\/\/roveyayinevi.com.tr\/index.php\/wp-json\/wp\/v2\/media?parent=776556"}],"wp:term":[{"taxonomy":"product_brand","embeddable":true,"href":"https:\/\/roveyayinevi.com.tr\/index.php\/wp-json\/wp\/v2\/product_brand?post=776556"},{"taxonomy":"product_cat","embeddable":true,"href":"https:\/\/roveyayinevi.com.tr\/index.php\/wp-json\/wp\/v2\/product_cat?post=776556"},{"taxonomy":"product_tag","embeddable":true,"href":"https:\/\/roveyayinevi.com.tr\/index.php\/wp-json\/wp\/v2\/product_tag?post=776556"}],"curies":[{"name":"wp","href":"https:\/\/api.w.org\/{rel}","templated":true}]}}