{"id":776552,"date":"2025-09-29T07:29:34","date_gmt":"2025-09-29T04:29:34","guid":{"rendered":"https:\/\/roveyayinevi.com.tr\/index.php\/urun\/guney-azerbaycan-direnisi\/"},"modified":"2026-04-15T03:43:02","modified_gmt":"2026-04-15T00:43:02","slug":"guney-azerbaycan-direnisi","status":"publish","type":"product","link":"https:\/\/roveyayinevi.com.tr\/index.php\/urun\/guney-azerbaycan-direnisi\/","title":{"rendered":"G\u00fcney Azerbaycan Direni\u015fi"},"content":{"rendered":"<p>G\u00fcney Azerbaycan Direni\u015fi, \u0130ran\u2019da T\u00fcrk kimli\u011finin tarihsel ser\u00fcvenini ve g\u00fcn\u00fcm\u00fczdeki sivil m\u00fccadelesini sosyolojik bir bak\u0131\u015f a\u00e7\u0131s\u0131yla ele al\u0131yor. Ka\u00e7arlar\u2019dan Pehlev\u00eelere, \u0130slam Cumhuriyeti\u2019nden g\u00fcn\u00fcm\u00fcz gen\u00e7lik hareketlerine kadar uzanan bu yolculuk; asimilasyon politikalar\u0131, k\u00fclt\u00fcrel bask\u0131lar ve kimlik in\u015fas\u0131 \u00e7abalar\u0131yla \u00f6r\u00fcl\u00fc. Milli uyan\u0131\u015f\u0131n ilk k\u0131v\u0131lc\u0131mlar\u0131ndan Trakt\u00f6r trib\u00fcnlerindeki \u00e7\u0131\u011fl\u0131klara, Urmu G\u00f6l\u00fc\u2019nden diaspora \u00e7al\u0131\u015fmalar\u0131na kadar geni\u015f bir yelpazeyi kapsayan bu eser; G\u00fcney Azerbaycan T\u00fcrklerinin kimlik, \u00f6zg\u00fcrl\u00fck ve adalet m\u00fccadelesini ortaya koyuyor. Bir milletin sessiz \u00e7\u0131\u011fl\u0131\u011f\u0131n\u0131, direni\u015fin d\u00f6n\u00fc\u015f\u00fcm\u00fcn\u00fc ve gelece\u011fe dair olas\u0131 senaryolar\u0131 ke\u015ffetmek isteyenler i\u00e7in g\u00fc\u00e7l\u00fc bir kaynak\u2026 <\/p>\n","protected":false},"excerpt":{"rendered":"<p>G\u00fcney Azerbaycan Direni\u015fi, \u0130ran\u2019da T\u00fcrk kimli\u011finin tarihsel ser\u00fcvenini ve g\u00fcn\u00fcm\u00fczdeki sivil m\u00fccadelesini sosyolojik bir bak\u0131\u015f a\u00e7\u0131s\u0131yla ele al\u0131yor. Ka\u00e7arlar\u2019dan Pehlev\u00eelere, \u0130slam Cumhuriyeti\u2019nden g\u00fcn\u00fcm\u00fcz gen\u00e7lik hareketlerine kadar<span class=\"excerpt-hellip\"> [\u2026]<\/span><\/p>\n","protected":false},"featured_media":0,"template":"","meta":{"_monsterinsights_skip_tracking":false,"_monsterinsights_sitenote_active":false,"_monsterinsights_sitenote_note":"","_monsterinsights_sitenote_category":0},"product_brand":[],"product_cat":[12324],"product_tag":[],"class_list":{"0":"post-776552","1":"product","2":"type-product","3":"status-publish","5":"product_cat-sosyoloji","6":"pa_cilt-ciltsiz","7":"pa_tur-kitap","8":"pa_yayinevi-kalem-lugat-yayincilik","9":"pa_yazar-zubeyt-bozkurt","11":"first","12":"instock","13":"sale","14":"shipping-taxable","15":"purchasable","16":"product-type-simple"},"_links":{"self":[{"href":"https:\/\/roveyayinevi.com.tr\/index.php\/wp-json\/wp\/v2\/product\/776552","targetHints":{"allow":["GET"]}}],"collection":[{"href":"https:\/\/roveyayinevi.com.tr\/index.php\/wp-json\/wp\/v2\/product"}],"about":[{"href":"https:\/\/roveyayinevi.com.tr\/index.php\/wp-json\/wp\/v2\/types\/product"}],"wp:attachment":[{"href":"https:\/\/roveyayinevi.com.tr\/index.php\/wp-json\/wp\/v2\/media?parent=776552"}],"wp:term":[{"taxonomy":"product_brand","embeddable":true,"href":"https:\/\/roveyayinevi.com.tr\/index.php\/wp-json\/wp\/v2\/product_brand?post=776552"},{"taxonomy":"product_cat","embeddable":true,"href":"https:\/\/roveyayinevi.com.tr\/index.php\/wp-json\/wp\/v2\/product_cat?post=776552"},{"taxonomy":"product_tag","embeddable":true,"href":"https:\/\/roveyayinevi.com.tr\/index.php\/wp-json\/wp\/v2\/product_tag?post=776552"}],"curies":[{"name":"wp","href":"https:\/\/api.w.org\/{rel}","templated":true}]}}