{"id":776550,"date":"2025-09-29T07:29:31","date_gmt":"2025-09-29T04:29:31","guid":{"rendered":"https:\/\/roveyayinevi.com.tr\/index.php\/urun\/ses-ol-umut-ol\/"},"modified":"2026-04-15T03:43:02","modified_gmt":"2026-04-15T00:43:02","slug":"ses-ol-umut-ol","status":"publish","type":"product","link":"https:\/\/roveyayinevi.com.tr\/index.php\/urun\/ses-ol-umut-ol\/","title":{"rendered":"Ses Ol Umut Ol"},"content":{"rendered":"<p>\u00c7ocuklar\u0131n ve Kad\u0131nlar\u0131n Sessiz \u00c7\u0131\u011fl\u0131\u011f\u0131na Kulak Ver! \u015eiddet ve istismar\u0131n g\u00f6lgesinde b\u00fcy\u00fcyen hayatlara bir umut \u0131\u015f\u0131\u011f\u0131 yakmak i\u00e7in kaleme al\u0131nm\u0131\u015f bu kitap, sadece bir fark\u0131ndal\u0131k \u00e7a\u011fr\u0131s\u0131 de\u011fil; ayn\u0131 zamanda de\u011fi\u015fim i\u00e7in g\u00fc\u00e7l\u00fc bir davettir. Ses Ol Umut Ol, \u00e7ocuk istismar\u0131ndan kad\u0131na y\u00f6nelik \u015fiddete, toplumsal cinsiyet e\u015fitsizli\u011finden bireysel sorumluluklara kadar pek \u00e7ok \u00f6nemli konuyu cesurca ele al\u0131yor. Toplumsal d\u00f6n\u00fc\u015f\u00fcm\u00fcn, sadece yasa ve kurumlarla de\u011fil, bireylerin cesaretiyle m\u00fcmk\u00fcn olabilece\u011fini vurguluyor. Kitap boyunca yer alan ger\u00e7ek ya\u015fam \u00f6yk\u00fcleri, \u00f6rnek olaylar ve \u00e7\u00f6z\u00fcm \u00f6nerileri, okuyucuyu sadece bilgiyle de\u011fil, empatiyle de donat\u0131yor. Medyan\u0131n rol\u00fc, hukuki s\u00fcre\u00e7ler, rehabilitasyon, ebeveyn e\u011fitimi ve sivil toplumun \u00f6nemi gibi konularla okura \u00e7ok y\u00f6nl\u00fc bir yol haritas\u0131 sunuyor. Bu kitap, sesini duyuramayanlar\u0131n sesi olmak, g\u00f6rmezden gelinen ac\u0131lar\u0131 g\u00f6r\u00fcn\u00fcr k\u0131lmak ve \u015fiddetsiz bir gelecek i\u00e7in birlikte hareket etmenin ne kadar elzem oldu\u011funu hat\u0131rlatmak i\u00e7in yaz\u0131ld\u0131. \u00c7\u00fcnk\u00fc sessizlik, \u015fiddetin en b\u00fcy\u00fck orta\u011f\u0131d\u0131r. \u015eimdi tam zaman\u0131\u2026 Ses ol, umut ol! <\/p>\n","protected":false},"excerpt":{"rendered":"<p>\u00c7ocuklar\u0131n ve Kad\u0131nlar\u0131n Sessiz \u00c7\u0131\u011fl\u0131\u011f\u0131na Kulak Ver! \u015eiddet ve istismar\u0131n g\u00f6lgesinde b\u00fcy\u00fcyen hayatlara bir umut \u0131\u015f\u0131\u011f\u0131 yakmak i\u00e7in kaleme al\u0131nm\u0131\u015f bu kitap, sadece bir fark\u0131ndal\u0131k \u00e7a\u011fr\u0131s\u0131<span class=\"excerpt-hellip\"> [\u2026]<\/span><\/p>\n","protected":false},"featured_media":0,"template":"","meta":{"_monsterinsights_skip_tracking":false,"_monsterinsights_sitenote_active":false,"_monsterinsights_sitenote_note":"","_monsterinsights_sitenote_category":0},"product_brand":[],"product_cat":[12325,12324],"product_tag":[],"class_list":{"0":"post-776550","1":"product","2":"type-product","3":"status-publish","5":"product_cat-diger-sosyoloji","6":"product_cat-sosyoloji","7":"pa_cilt-ciltsiz","8":"pa_tur-kitap","9":"pa_yayinevi-kalem-lugat-yayincilik","10":"pa_yazar-zubeyt-bozkurt","12":"first","13":"instock","14":"sale","15":"shipping-taxable","16":"purchasable","17":"product-type-simple"},"_links":{"self":[{"href":"https:\/\/roveyayinevi.com.tr\/index.php\/wp-json\/wp\/v2\/product\/776550","targetHints":{"allow":["GET"]}}],"collection":[{"href":"https:\/\/roveyayinevi.com.tr\/index.php\/wp-json\/wp\/v2\/product"}],"about":[{"href":"https:\/\/roveyayinevi.com.tr\/index.php\/wp-json\/wp\/v2\/types\/product"}],"wp:attachment":[{"href":"https:\/\/roveyayinevi.com.tr\/index.php\/wp-json\/wp\/v2\/media?parent=776550"}],"wp:term":[{"taxonomy":"product_brand","embeddable":true,"href":"https:\/\/roveyayinevi.com.tr\/index.php\/wp-json\/wp\/v2\/product_brand?post=776550"},{"taxonomy":"product_cat","embeddable":true,"href":"https:\/\/roveyayinevi.com.tr\/index.php\/wp-json\/wp\/v2\/product_cat?post=776550"},{"taxonomy":"product_tag","embeddable":true,"href":"https:\/\/roveyayinevi.com.tr\/index.php\/wp-json\/wp\/v2\/product_tag?post=776550"}],"curies":[{"name":"wp","href":"https:\/\/api.w.org\/{rel}","templated":true}]}}