{"id":776545,"date":"2025-09-29T07:29:23","date_gmt":"2025-09-29T04:29:23","guid":{"rendered":"https:\/\/roveyayinevi.com.tr\/index.php\/urun\/kuresel-cagda-milletler-ve-milliyetcilik\/"},"modified":"2026-04-15T03:43:02","modified_gmt":"2026-04-15T00:43:02","slug":"kuresel-cagda-milletler-ve-milliyetcilik","status":"publish","type":"product","link":"https:\/\/roveyayinevi.com.tr\/index.php\/urun\/kuresel-cagda-milletler-ve-milliyetcilik\/","title":{"rendered":"K\u00fcresel \u00c7a\u011fda Milletler ve Milliyet\u00e7ilik"},"content":{"rendered":"<p>K\u00fcresel \u00c7a\u011fda Milletler ve Milliyet\u00e7ilikUlus\u00f6tesi ekonomi ve kitle ileti\u015fimin h\u00e2kim oldu\u011fu bir d\u00fcnyada, etnik \u00e7at\u0131\u015fma ve milliyet\u00e7ilik son zamanlarda yeniden \u00f6nemli siyasi g\u00fc\u00e7ler olarak ortaya \u00e7\u0131kt\u0131. Bu, modernitenin ilerlemesinden mi kaynaklan\u0131yor? K\u00fcresel bir k\u00fclt\u00fcr, milliyet\u00e7ili\u011fin yerini alacak m\u0131? Asl\u0131nda modernite devrimi, insanlar\u0131n benzeri g\u00f6r\u00fclmemi\u015f bir de\u011fi\u015fim \u00e7a\u011f\u0131nda istikrar ve anlam aray\u0131p etnik miraslar\u0131na geri d\u00f6nmeleriyle etnik haf\u0131zalar\u0131 ve topluluklar\u0131 yeniden canland\u0131rd\u0131. Etnik milliyet\u00e7ilik, ulus devlete meydan okumakla birlikte onu g\u00fc\u00e7lendirir de. Anthony Smith, t\u00fcm eksikliklerine ra\u011fmen milletin ve milliyet\u00e7ili\u011finin, toplumun ger\u00e7ek\u00e7i ve yayg\u0131n tek pop\u00fcler ideali olmaya devam edece\u011fini ileri s\u00fcrmektedir.\u201cSmith&#8217;in s\u00f6yleyecek \u00e7ok \u015feyi var ve temel meseleleri g\u00fc\u00e7l\u00fc ve net bir \u015fekilde ortaya koyuyor. Smith&#8217;in analizi, milliyet\u00e7ili\u011fin varl\u0131\u011f\u0131n\u0131 s\u00fcrd\u00fcrmesinin nedenlerini g\u00fcndeme getirmeye yard\u0131mc\u0131 olmas\u0131 a\u00e7\u0131s\u0131ndan de\u011ferli.\u201d International Affairs\u201cTarafs\u0131z ve serinkanl\u0131 bir tart\u0131\u015fma. Anthony Smith bu k\u0131sa kitapta, uzman\u0131 oldu\u011fu milliyet\u00e7ilik hakk\u0131ndaki g\u00fc\u00e7l\u00fc teorik ve tarihsel bilgisinin \u00f6nemli bir k\u0131sm\u0131n\u0131 \u00f6zetliyor. Milliyet\u00e7ili\u011fe kar\u015f\u0131 tutumunuz ne olursa olsun ilginizi \u00e7ekecek \u00e7ok \u015fey bulacaks\u0131n\u0131z.\u201d Sociology<\/p>\n","protected":false},"excerpt":{"rendered":"<p>K\u00fcresel \u00c7a\u011fda Milletler ve Milliyet\u00e7ilikUlus\u00f6tesi ekonomi ve kitle ileti\u015fimin h\u00e2kim oldu\u011fu bir d\u00fcnyada, etnik \u00e7at\u0131\u015fma ve milliyet\u00e7ilik son zamanlarda yeniden \u00f6nemli siyasi g\u00fc\u00e7ler olarak ortaya \u00e7\u0131kt\u0131.<span class=\"excerpt-hellip\"> [\u2026]<\/span><\/p>\n","protected":false},"featured_media":0,"template":"","meta":{"_monsterinsights_skip_tracking":false,"_monsterinsights_sitenote_active":false,"_monsterinsights_sitenote_note":"","_monsterinsights_sitenote_category":0},"product_brand":[],"product_cat":[13590,12337],"product_tag":[],"class_list":{"0":"post-776545","1":"product","2":"type-product","3":"status-publish","5":"product_cat-arastirma-inceleme-politika-siyaset","6":"product_cat-politika-siyaset","7":"pa_cilt-ciltsiz","8":"pa_tur-kitap","9":"pa_yayinevi-alfa-yayinlari","10":"pa_yazar-anthony-smith","12":"first","13":"instock","14":"sale","15":"shipping-taxable","16":"purchasable","17":"product-type-simple"},"_links":{"self":[{"href":"https:\/\/roveyayinevi.com.tr\/index.php\/wp-json\/wp\/v2\/product\/776545","targetHints":{"allow":["GET"]}}],"collection":[{"href":"https:\/\/roveyayinevi.com.tr\/index.php\/wp-json\/wp\/v2\/product"}],"about":[{"href":"https:\/\/roveyayinevi.com.tr\/index.php\/wp-json\/wp\/v2\/types\/product"}],"wp:attachment":[{"href":"https:\/\/roveyayinevi.com.tr\/index.php\/wp-json\/wp\/v2\/media?parent=776545"}],"wp:term":[{"taxonomy":"product_brand","embeddable":true,"href":"https:\/\/roveyayinevi.com.tr\/index.php\/wp-json\/wp\/v2\/product_brand?post=776545"},{"taxonomy":"product_cat","embeddable":true,"href":"https:\/\/roveyayinevi.com.tr\/index.php\/wp-json\/wp\/v2\/product_cat?post=776545"},{"taxonomy":"product_tag","embeddable":true,"href":"https:\/\/roveyayinevi.com.tr\/index.php\/wp-json\/wp\/v2\/product_tag?post=776545"}],"curies":[{"name":"wp","href":"https:\/\/api.w.org\/{rel}","templated":true}]}}