{"id":776537,"date":"2025-09-29T07:29:09","date_gmt":"2025-09-29T04:29:09","guid":{"rendered":"https:\/\/roveyayinevi.com.tr\/index.php\/urun\/korsan-adasi\/"},"modified":"2026-04-15T03:42:40","modified_gmt":"2026-04-15T00:42:40","slug":"korsan-adasi","status":"publish","type":"product","link":"https:\/\/roveyayinevi.com.tr\/index.php\/urun\/korsan-adasi\/","title":{"rendered":"Korsan Adas\u0131"},"content":{"rendered":"<p>Atilla Kaptan ve arkada\u015flar\u0131, okyanusun ortas\u0131nda g\u00f6r\u00fclmemi\u015f bir f\u0131rt\u0131nayla kar\u015f\u0131 kar\u015f\u0131ya kal\u0131rlar.      Uzun s\u00fcre dev dalgalarla bo\u011fu\u015furlar. Tam f\u0131rt\u0131nadan kurtulmu\u015fken, bu kez \u00e7evrelerini korsan gemileri ku\u015fat\u0131r. Barbar korsanlarca esir al\u0131n\u0131r ve Korsan Adas\u0131\u2019na g\u00f6t\u00fcr\u00fcl\u00fcrler. Esir kamp\u0131nda g\u00fcnlerce a\u00e7l\u0131k ve susuzluk i\u00e7inde en a\u011f\u0131r i\u015flerde \u00e7al\u0131\u015ft\u0131r\u0131l\u0131rlar.      En sonunda bir\u00e7ok esirle birlikte gemilerine binip adadan ka\u00e7arlar. Onlar\u0131n pe\u015flerine d\u00fc\u015fen korsanlar, d\u00fcnyan\u0131n en korkun\u00e7 olaylar\u0131yla sars\u0131l\u0131rlar.  <\/p>\n","protected":false},"excerpt":{"rendered":"<p>Atilla Kaptan ve arkada\u015flar\u0131, okyanusun ortas\u0131nda g\u00f6r\u00fclmemi\u015f bir f\u0131rt\u0131nayla kar\u015f\u0131 kar\u015f\u0131ya kal\u0131rlar. Uzun s\u00fcre dev dalgalarla bo\u011fu\u015furlar. Tam f\u0131rt\u0131nadan kurtulmu\u015fken, bu kez \u00e7evrelerini korsan gemileri ku\u015fat\u0131r.<span class=\"excerpt-hellip\"> [\u2026]<\/span><\/p>\n","protected":false},"featured_media":0,"template":"","meta":{"_monsterinsights_skip_tracking":false,"_monsterinsights_sitenote_active":false,"_monsterinsights_sitenote_note":"","_monsterinsights_sitenote_category":0},"product_brand":[],"product_cat":[12291,14777],"product_tag":[],"class_list":{"0":"post-776537","1":"product","2":"type-product","3":"status-publish","5":"product_cat-edebiyat","6":"product_cat-fantastik","7":"pa_cilt-ciltsiz","8":"pa_tur-kitap","9":"pa_yayinevi-hazer-yayinlari","10":"pa_yazar-nihat-gokmen","12":"first","13":"instock","14":"sale","15":"shipping-taxable","16":"purchasable","17":"product-type-simple"},"_links":{"self":[{"href":"https:\/\/roveyayinevi.com.tr\/index.php\/wp-json\/wp\/v2\/product\/776537","targetHints":{"allow":["GET"]}}],"collection":[{"href":"https:\/\/roveyayinevi.com.tr\/index.php\/wp-json\/wp\/v2\/product"}],"about":[{"href":"https:\/\/roveyayinevi.com.tr\/index.php\/wp-json\/wp\/v2\/types\/product"}],"wp:attachment":[{"href":"https:\/\/roveyayinevi.com.tr\/index.php\/wp-json\/wp\/v2\/media?parent=776537"}],"wp:term":[{"taxonomy":"product_brand","embeddable":true,"href":"https:\/\/roveyayinevi.com.tr\/index.php\/wp-json\/wp\/v2\/product_brand?post=776537"},{"taxonomy":"product_cat","embeddable":true,"href":"https:\/\/roveyayinevi.com.tr\/index.php\/wp-json\/wp\/v2\/product_cat?post=776537"},{"taxonomy":"product_tag","embeddable":true,"href":"https:\/\/roveyayinevi.com.tr\/index.php\/wp-json\/wp\/v2\/product_tag?post=776537"}],"curies":[{"name":"wp","href":"https:\/\/api.w.org\/{rel}","templated":true}]}}