{"id":776536,"date":"2025-09-29T07:29:06","date_gmt":"2025-09-29T04:29:06","guid":{"rendered":"https:\/\/roveyayinevi.com.tr\/index.php\/urun\/jupiterli-yarasalar\/"},"modified":"2026-04-15T03:42:40","modified_gmt":"2026-04-15T00:42:40","slug":"jupiterli-yarasalar","status":"publish","type":"product","link":"https:\/\/roveyayinevi.com.tr\/index.php\/urun\/jupiterli-yarasalar\/","title":{"rendered":"J\u00fcpiterli Yarasalar"},"content":{"rendered":"<p>Tarih on ikinci y\u00fcz y\u0131l\u0131n may\u0131s ay\u0131n\u0131 g\u00f6steriyordu. Uzaydan gelen J\u00fcpiterli Yarasalar, Hakk\u00e2ri\u2019ye, S\u00fcmb\u00fcl ve Cilo Da\u011flar\u0131na indiler. Yar\u0131 insan, yar\u0131 fareye benzeyen, bu yarasa k\u0131l\u0131kl\u0131 varl\u0131klar, g\u00f6renleri \u015fok ediyordu. O g\u00fcnden sonra yerle\u015fim merkezlerini basmaya ba\u015flad\u0131lar. Hayvan s\u00fcr\u00fclerinin ba\u015f\u0131na \u00e7\u00f6k\u00fcyor, \u00e7obanlar\u0131 birer \u00e7\u00f6p gibi f\u0131rlat\u0131p at\u0131yor, onlarca hayvan\u0131 yaral\u0131yor, onlarcas\u0131n\u0131 midelerine indiriyorlard\u0131. Mir\u2019in komutan\u0131 Romir, silahl\u0131 birlikleriyle on-lar\u0131n pe\u015findeydi. S\u0131k\u00e7a kar\u015f\u0131la\u015f\u0131yor, aralar\u0131nda deh\u015fet dolu \u00e7arp\u0131\u015fmalar oluyordu. En sonunda Romir, bu \u00f6l\u00fcms\u00fcz canavarlar\u0131n \u0131\u015f\u0131ktan ve ate\u015ften korktuklar\u0131n\u0131 \u00f6\u011frendi. O andan sonra oklar\u0131n\u0131n ba\u015flar\u0131na ke\u00e7e ve \u00e7\u0131ra sard\u0131lar. Ate\u015f oklar\u0131n\u0131 birer f\u00fcze gibi ya\u011fd\u0131rmaya ba\u015flad\u0131lar. J\u00fcpiterli Yarasalar, birer bomba gibi patl\u0131yor, yan\u0131yor, yok olup gidiyorlard\u0131. Bu geli\u015fmelerden sonra her \u015fey \u00e7ok daha korkun\u00e7 bir hal ald\u0131. <\/p>\n","protected":false},"excerpt":{"rendered":"<p>Tarih on ikinci y\u00fcz y\u0131l\u0131n may\u0131s ay\u0131n\u0131 g\u00f6steriyordu. Uzaydan gelen J\u00fcpiterli Yarasalar, Hakk\u00e2ri\u2019ye, S\u00fcmb\u00fcl ve Cilo Da\u011flar\u0131na indiler. Yar\u0131 insan, yar\u0131 fareye benzeyen, bu yarasa k\u0131l\u0131kl\u0131<span class=\"excerpt-hellip\"> [\u2026]<\/span><\/p>\n","protected":false},"featured_media":0,"template":"","meta":{"_monsterinsights_skip_tracking":false,"_monsterinsights_sitenote_active":false,"_monsterinsights_sitenote_note":"","_monsterinsights_sitenote_category":0},"product_brand":[],"product_cat":[12291,14777],"product_tag":[],"class_list":{"0":"post-776536","1":"product","2":"type-product","3":"status-publish","5":"product_cat-edebiyat","6":"product_cat-fantastik","7":"pa_cilt-ciltsiz","8":"pa_tur-kitap","9":"pa_yayinevi-hazer-yayinlari","10":"pa_yazar-nihat-gokmen","12":"first","13":"instock","14":"sale","15":"shipping-taxable","16":"purchasable","17":"product-type-simple"},"_links":{"self":[{"href":"https:\/\/roveyayinevi.com.tr\/index.php\/wp-json\/wp\/v2\/product\/776536","targetHints":{"allow":["GET"]}}],"collection":[{"href":"https:\/\/roveyayinevi.com.tr\/index.php\/wp-json\/wp\/v2\/product"}],"about":[{"href":"https:\/\/roveyayinevi.com.tr\/index.php\/wp-json\/wp\/v2\/types\/product"}],"wp:attachment":[{"href":"https:\/\/roveyayinevi.com.tr\/index.php\/wp-json\/wp\/v2\/media?parent=776536"}],"wp:term":[{"taxonomy":"product_brand","embeddable":true,"href":"https:\/\/roveyayinevi.com.tr\/index.php\/wp-json\/wp\/v2\/product_brand?post=776536"},{"taxonomy":"product_cat","embeddable":true,"href":"https:\/\/roveyayinevi.com.tr\/index.php\/wp-json\/wp\/v2\/product_cat?post=776536"},{"taxonomy":"product_tag","embeddable":true,"href":"https:\/\/roveyayinevi.com.tr\/index.php\/wp-json\/wp\/v2\/product_tag?post=776536"}],"curies":[{"name":"wp","href":"https:\/\/api.w.org\/{rel}","templated":true}]}}