{"id":776526,"date":"2025-09-29T07:28:46","date_gmt":"2025-09-29T04:28:46","guid":{"rendered":"https:\/\/roveyayinevi.com.tr\/index.php\/urun\/bin-ya-da-pekine-yolculuk\/"},"modified":"2026-04-15T03:42:39","modified_gmt":"2026-04-15T00:42:39","slug":"bin-ya-da-pekine-yolculuk","status":"publish","type":"product","link":"https:\/\/roveyayinevi.com.tr\/index.php\/urun\/bin-ya-da-pekine-yolculuk\/","title":{"rendered":"Bin ya da Pekin\u2019e Yolculuk"},"content":{"rendered":"<p>Evli, \u00e7ocuk sahibi anlat\u0131c\u0131 bir ak\u015fam, dola\u015fa dola\u015fa i\u015ften eve d\u00f6nerken \u015fehrin i\u00e7inden ge\u00e7ip ormana var\u0131r. Kar\u015f\u0131s\u0131nda birdenbire \u00c7in Seddi\u2019ni bulur, dirseklerini sedde dayay\u0131p piposunu t\u00fctt\u00fcren Bin ile kar\u015f\u0131la\u015f\u0131r. Bin\u2019in nereye gitmek istedi\u011fini sormas\u0131 \u00fczerine anlat\u0131c\u0131 cevap veremez. Bunun \u00fczerine Pekin\u2019e do\u011fru yola koyulurlar, ne de olsa \u00e7ok uzakta olamaz \u015fehir, zira evlerin \u00e7at\u0131lar\u0131 daha oradan se\u00e7ilebiliyordur\u2026   Frisch\u2019in \u201cd\u00fczyaz\u0131 d\u00fc\u015fler\u201d diye nitelendirdi\u011fi Bin ya da Pekin\u2019e Yolculuk yazar\u0131n i\u00e7 d\u00fcnyas\u0131na \u0131\u015f\u0131k tutan lirik bir metin.     Y\u00fcr\u00fcd\u00fcm. Kayda de\u011fer olmayan bir \u00f6zlemin g\u00f6sterdi\u011fi y\u00f6nde y\u00fcr\u00fcd\u00fcm\u2026 Ah, s\u0131n\u0131rlar\u0131 hi\u00e7 umursamadan bir gecenin i\u00e7ine y\u00fcr\u00fcmek! \u0130\u00e7imizdeki hi\u00e7bir gecenin \u00fczerinden \u00f6te yana asla atlamayaca\u011f\u0131z\u2026 <\/p>\n","protected":false},"excerpt":{"rendered":"<p>Evli, \u00e7ocuk sahibi anlat\u0131c\u0131 bir ak\u015fam, dola\u015fa dola\u015fa i\u015ften eve d\u00f6nerken \u015fehrin i\u00e7inden ge\u00e7ip ormana var\u0131r. Kar\u015f\u0131s\u0131nda birdenbire \u00c7in Seddi\u2019ni bulur, dirseklerini sedde dayay\u0131p piposunu t\u00fctt\u00fcren<span class=\"excerpt-hellip\"> [\u2026]<\/span><\/p>\n","protected":false},"featured_media":0,"template":"","meta":{"_monsterinsights_skip_tracking":false,"_monsterinsights_sitenote_active":false,"_monsterinsights_sitenote_note":"","_monsterinsights_sitenote_category":0},"product_brand":[],"product_cat":[18545,12291],"product_tag":[],"class_list":{"0":"post-776526","1":"product","2":"type-product","3":"status-publish","5":"product_cat-anlati","6":"product_cat-edebiyat","7":"pa_cilt-ciltsiz","8":"pa_tur-kitap","9":"pa_yayinevi-yapi-kredi-yayinlari","10":"pa_yazar-max-frisch","12":"first","13":"instock","14":"sale","15":"shipping-taxable","16":"purchasable","17":"product-type-simple"},"_links":{"self":[{"href":"https:\/\/roveyayinevi.com.tr\/index.php\/wp-json\/wp\/v2\/product\/776526","targetHints":{"allow":["GET"]}}],"collection":[{"href":"https:\/\/roveyayinevi.com.tr\/index.php\/wp-json\/wp\/v2\/product"}],"about":[{"href":"https:\/\/roveyayinevi.com.tr\/index.php\/wp-json\/wp\/v2\/types\/product"}],"wp:attachment":[{"href":"https:\/\/roveyayinevi.com.tr\/index.php\/wp-json\/wp\/v2\/media?parent=776526"}],"wp:term":[{"taxonomy":"product_brand","embeddable":true,"href":"https:\/\/roveyayinevi.com.tr\/index.php\/wp-json\/wp\/v2\/product_brand?post=776526"},{"taxonomy":"product_cat","embeddable":true,"href":"https:\/\/roveyayinevi.com.tr\/index.php\/wp-json\/wp\/v2\/product_cat?post=776526"},{"taxonomy":"product_tag","embeddable":true,"href":"https:\/\/roveyayinevi.com.tr\/index.php\/wp-json\/wp\/v2\/product_tag?post=776526"}],"curies":[{"name":"wp","href":"https:\/\/api.w.org\/{rel}","templated":true}]}}