{"id":776490,"date":"2025-09-29T07:27:07","date_gmt":"2025-09-29T04:27:07","guid":{"rendered":"https:\/\/roveyayinevi.com.tr\/index.php\/urun\/national-geographic-kids-garip-ama-gercek-spor\/"},"modified":"2026-04-15T03:42:34","modified_gmt":"2026-04-15T00:42:34","slug":"national-geographic-kids-garip-ama-gercek-spor","status":"publish","type":"product","link":"https:\/\/roveyayinevi.com.tr\/index.php\/urun\/national-geographic-kids-garip-ama-gercek-spor\/","title":{"rendered":"National Geographic Kids &#8211; Garip Ama Ger\u00e7ek &#8211; Spor"},"content":{"rendered":"<p>Spor d\u00fcnyas\u0131 sand\u0131\u011f\u0131n\u0131zdan \u00e7ok daha tuhaf, komik ve \u015fa\u015f\u0131rt\u0131c\u0131! National Geographic Kids\u2019in \u00e7ok sevilen Garip ama Ger\u00e7ek! serisinin spora adanm\u0131\u015f bu \u00f6zel kitab\u0131, atletizmden futbol ve basketbola, y\u00fczmeden ekstrem sporlara kadar akl\u0131n\u0131z\u0131 ba\u015f\u0131n\u0131zdan alacak y\u00fczlerce ilgin\u00e7 bilgiyle dolu. Her sayfada \u201cB\u00f6yle bir \u015fey olabilir mi?\u201d diyece\u011finiz e\u011flenceli bilgiler sizi bekliyor. Renkli g\u00f6rselleri, dikkat \u00e7ekici tasar\u0131m\u0131 ve k\u0131sa, e\u011flenceli anlat\u0131m\u0131yla bu kitap, sporu seven \u00e7ocuklar i\u00e7in hem \u00f6\u011fretici hem de \u00e7ok e\u011flenceli bir kaynak. \u0130ster bir spor tutkunu olun ister sadece \u015fa\u015f\u0131rt\u0131c\u0131 bilgilerden ho\u015flan\u0131n Garip ama Ger\u00e7ek! Spor sizi e\u011flenceli bir ke\u015fif yolculu\u011funa \u00e7\u0131karacak!<\/p>\n","protected":false},"excerpt":{"rendered":"<p>Spor d\u00fcnyas\u0131 sand\u0131\u011f\u0131n\u0131zdan \u00e7ok daha tuhaf, komik ve \u015fa\u015f\u0131rt\u0131c\u0131! National Geographic Kids\u2019in \u00e7ok sevilen Garip ama Ger\u00e7ek! serisinin spora adanm\u0131\u015f bu \u00f6zel kitab\u0131, atletizmden futbol ve<span class=\"excerpt-hellip\"> [\u2026]<\/span><\/p>\n","protected":false},"featured_media":0,"template":"","meta":{"_monsterinsights_skip_tracking":false,"_monsterinsights_sitenote_active":false,"_monsterinsights_sitenote_note":"","_monsterinsights_sitenote_category":0},"product_brand":[],"product_cat":[13829,12274],"product_tag":[],"class_list":{"0":"post-776490","1":"product","2":"type-product","3":"status-publish","5":"product_cat-bilimsel-kitaplar","6":"product_cat-cocuk-ve-genclik-kitaplari","7":"pa_cilt-ciltsiz","8":"pa_tur-kitap","9":"pa_yayinevi-beta-kids","10":"pa_yazar-michelle-harris","12":"first","13":"instock","14":"sale","15":"shipping-taxable","16":"purchasable","17":"product-type-simple"},"_links":{"self":[{"href":"https:\/\/roveyayinevi.com.tr\/index.php\/wp-json\/wp\/v2\/product\/776490","targetHints":{"allow":["GET"]}}],"collection":[{"href":"https:\/\/roveyayinevi.com.tr\/index.php\/wp-json\/wp\/v2\/product"}],"about":[{"href":"https:\/\/roveyayinevi.com.tr\/index.php\/wp-json\/wp\/v2\/types\/product"}],"wp:attachment":[{"href":"https:\/\/roveyayinevi.com.tr\/index.php\/wp-json\/wp\/v2\/media?parent=776490"}],"wp:term":[{"taxonomy":"product_brand","embeddable":true,"href":"https:\/\/roveyayinevi.com.tr\/index.php\/wp-json\/wp\/v2\/product_brand?post=776490"},{"taxonomy":"product_cat","embeddable":true,"href":"https:\/\/roveyayinevi.com.tr\/index.php\/wp-json\/wp\/v2\/product_cat?post=776490"},{"taxonomy":"product_tag","embeddable":true,"href":"https:\/\/roveyayinevi.com.tr\/index.php\/wp-json\/wp\/v2\/product_tag?post=776490"}],"curies":[{"name":"wp","href":"https:\/\/api.w.org\/{rel}","templated":true}]}}