{"id":776476,"date":"2025-09-29T07:25:09","date_gmt":"2025-09-29T04:25:09","guid":{"rendered":"https:\/\/roveyayinevi.com.tr\/index.php\/urun\/benim-deyim-kitabim-seviye-1\/"},"modified":"2026-04-15T03:41:46","modified_gmt":"2026-04-15T00:41:46","slug":"benim-deyim-kitabim-seviye-1","status":"publish","type":"product","link":"https:\/\/roveyayinevi.com.tr\/index.php\/urun\/benim-deyim-kitabim-seviye-1\/","title":{"rendered":"Benim Deyim Kitab\u0131m &#8211; Seviye 1"},"content":{"rendered":"<p>Sevgili \u00c7ocuklar,   Sizler, kitab\u0131n tamam\u0131nda yer alan etkinliklerle dilimizin zenginliklerinden olan deyimleri daha iyi kavrayabilme imk\u00e2n\u0131n\u0131 bulacaks\u0131n\u0131z.   Bu etkinliklerle; isterseniz ev veya s\u0131n\u0131f ortam\u0131nda tek ba\u015f\u0131n\u0131za vakit ge\u00e7irebilir, isterseniz de grup \u00e7al\u0131\u015fmas\u0131 yapabilirsiniz.   Kitaptaki interaktif etkinlikler, sizlerin deyimleri daha iyi \u00f6\u011frenebilmeniz ve bunu yaparken keyifli zaman ge\u00e7irebilmeniz i\u00e7in haz\u0131rland\u0131. Kitab\u0131n sonunda bulunan anahtarl\u0131k \u00e7al\u0131\u015fmas\u0131yla, hem deyimleri yan\u0131n\u0131zda ta\u015f\u0131yabilecek hem de istedi\u011finiz zaman kolayca ula\u015fabilme imk\u00e2n\u0131 bulacaks\u0131n\u0131z.   G\u00f6kten hep elma m\u0131 d\u00fc\u015fecek; bu sefer de deyim d\u00fc\u015fm\u00fc\u015f. Biri ailenin, biri \u00f6\u011fretmeninin, biri de senin ba\u015f\u0131na.   Deyimleri \u00f6\u011frenip kullanarak dilini zenginle\u015ftirmen dile\u011fiyle\u2026<\/p>\n","protected":false},"excerpt":{"rendered":"<p>Sevgili \u00c7ocuklar, Sizler, kitab\u0131n tamam\u0131nda yer alan etkinliklerle dilimizin zenginliklerinden olan deyimleri daha iyi kavrayabilme imk\u00e2n\u0131n\u0131 bulacaks\u0131n\u0131z. Bu etkinliklerle; isterseniz ev veya s\u0131n\u0131f ortam\u0131nda tek ba\u015f\u0131n\u0131za<span class=\"excerpt-hellip\"> [\u2026]<\/span><\/p>\n","protected":false},"featured_media":0,"template":"","meta":{"_monsterinsights_skip_tracking":false,"_monsterinsights_sitenote_active":false,"_monsterinsights_sitenote_note":"","_monsterinsights_sitenote_category":0},"product_brand":[],"product_cat":[12274,12631],"product_tag":[],"class_list":{"0":"post-776476","1":"product","2":"type-product","3":"status-publish","5":"product_cat-cocuk-ve-genclik-kitaplari","6":"product_cat-diger-cocuk-ve-genclik-kitaplari","7":"pa_cilt-ciltsiz","8":"pa_tur-kitap","9":"pa_yayinevi-marti-cocuk-yayinlari","10":"pa_yazar-pinar-turker","12":"first","13":"instock","14":"sale","15":"shipping-taxable","16":"purchasable","17":"product-type-simple"},"_links":{"self":[{"href":"https:\/\/roveyayinevi.com.tr\/index.php\/wp-json\/wp\/v2\/product\/776476","targetHints":{"allow":["GET"]}}],"collection":[{"href":"https:\/\/roveyayinevi.com.tr\/index.php\/wp-json\/wp\/v2\/product"}],"about":[{"href":"https:\/\/roveyayinevi.com.tr\/index.php\/wp-json\/wp\/v2\/types\/product"}],"wp:attachment":[{"href":"https:\/\/roveyayinevi.com.tr\/index.php\/wp-json\/wp\/v2\/media?parent=776476"}],"wp:term":[{"taxonomy":"product_brand","embeddable":true,"href":"https:\/\/roveyayinevi.com.tr\/index.php\/wp-json\/wp\/v2\/product_brand?post=776476"},{"taxonomy":"product_cat","embeddable":true,"href":"https:\/\/roveyayinevi.com.tr\/index.php\/wp-json\/wp\/v2\/product_cat?post=776476"},{"taxonomy":"product_tag","embeddable":true,"href":"https:\/\/roveyayinevi.com.tr\/index.php\/wp-json\/wp\/v2\/product_tag?post=776476"}],"curies":[{"name":"wp","href":"https:\/\/api.w.org\/{rel}","templated":true}]}}