{"id":776471,"date":"2025-09-29T05:57:51","date_gmt":"2025-09-29T02:57:51","guid":{"rendered":"https:\/\/roveyayinevi.com.tr\/index.php\/urun\/teslim-olmayanlar-direnisten-komunal-yasama\/"},"modified":"2026-04-16T03:14:56","modified_gmt":"2026-04-16T00:14:56","slug":"teslim-olmayanlar-direnisten-komunal-yasama","status":"publish","type":"product","link":"https:\/\/roveyayinevi.com.tr\/index.php\/urun\/teslim-olmayanlar-direnisten-komunal-yasama\/","title":{"rendered":"Teslim Olmayanlar &#8211; Direni\u015ften Kom\u00fcnal Ya\u015fama"},"content":{"rendered":"<p>Ak\u0131l al\u0131r gibi de\u011fil. D\u00fcnyay\u0131 de\u011fi\u015ftirmeye c\u00fcret etmek ak\u0131l al\u0131r gibi de\u011fil. Ba\u015fta \u00fccretli emek s\u00f6m\u00fcr\u00fcs\u00fc olmak \u00fczere her t\u00fcrden s\u00f6m\u00fcr\u00fcn\u00fcn ortadan kald\u0131r\u0131ld\u0131\u011f\u0131, haks\u0131zl\u0131klar\u0131n ve adaletsizliklerin son buldu\u011fu, \u00f6zg\u00fcrl\u00fc\u011f\u00fcn ye\u015fertildi\u011fi bir de\u011fi\u015fimi istemek, bunun i\u00e7in eylemek; do\u011frudan kurulu d\u00fczeni ve onun g\u00fc\u00e7lerini kar\u015f\u0131na almak demek. Nitekim devrimci c\u00fcret hemen karalan\u0131r; bireyler silah\u015for, eylemler anar\u015fi\/ter\u00f6r olarak yaftalan\u0131r. Devrimci hareket kitleselli\u011finden ar\u0131nd\u0131r\u0131l\u0131r, tarihten toplum \u00e7\u0131kar\u0131l\u0131r, ge\u00e7mi\u015f\u201cbir tak\u0131m k\u00f6k\u00fc d\u0131\u015far\u0131da g\u00fc\u00e7lerin yaratt\u0131\u011f\u0131 k\u00f6t\u00fc g\u00fcnlere\u201d d\u00f6n\u00fc\u015ft\u00fcr\u00fcl\u00fcr. Bu siyasi kurgunun \u201ctarih\u201d olarak ilan edilmesine \u00e7omak sokanlar, yine d\u00fcnyay\u0131 de\u011fi\u015ftirmeye c\u00fcret edenler oluyor.Onlar kimsesiz de\u011fillerdi, kitleselle\u015ftik\u00e7e bireysellikleri silikle\u015fti; adlar\u0131yla de\u011fil siyasi kimlikleriyle an\u0131ld\u0131lar; y\u00fcceltilmediler, g\u00fcvenildiler. Toplumsal d\u00f6n\u00fc\u015f\u00fcm\u00fcn ivme kazanmaya ba\u015flad\u0131\u011f\u0131 bir tarihsel d\u00f6neme\u00e7te d\u00fczen g\u00fc\u00e7lerinin toplumu bask\u0131lamas\u0131na toplumla beraber direndiler, direni\u015f kom\u00fcnal ya\u015fama evrildi. S\u00fcleyman Oktay da U\u015fak\u2019taki devrimci hareketi, k\u00f6ylerde kurulan \u201cdo\u011frudan demokrasi\u201dyi ya\u015fayanlardan ve ya\u015fatanlardan biri olarak kendi hik\u00e2yesini anlat\u0131yor: \u201cS\u0131n\u0131flar m\u00fccadelesinde ezilenlerin, s\u00f6m\u00fcr\u00fclenlerin yani emek\u00e7i halk\u0131n saflar\u0131nda m\u00fccadelede yer alan her devrimcinin, kendine \u00f6zg\u00fc bir hik\u00e2yesi vard\u0131r. O d\u00f6nemde ya\u015fananlardan hareketle yaz\u0131lan bu kitap, bu hik\u00e2yelerden sadece birisidir.\u201d Her i\u015f yapan gibi onlar da hata yapt\u0131. Zaten bu hatalar y\u00fcz\u00fcnden yenildiler, bedel de \u00f6dediler. Ama asla teslim olmad\u0131lar. <\/p>\n","protected":false},"excerpt":{"rendered":"<p>Ak\u0131l al\u0131r gibi de\u011fil. D\u00fcnyay\u0131 de\u011fi\u015ftirmeye c\u00fcret etmek ak\u0131l al\u0131r gibi de\u011fil. Ba\u015fta \u00fccretli emek s\u00f6m\u00fcr\u00fcs\u00fc olmak \u00fczere her t\u00fcrden s\u00f6m\u00fcr\u00fcn\u00fcn ortadan kald\u0131r\u0131ld\u0131\u011f\u0131, haks\u0131zl\u0131klar\u0131n ve adaletsizliklerin<span class=\"excerpt-hellip\"> [\u2026]<\/span><\/p>\n","protected":false},"featured_media":0,"template":"","meta":{"_monsterinsights_skip_tracking":false,"_monsterinsights_sitenote_active":false,"_monsterinsights_sitenote_note":"","_monsterinsights_sitenote_category":0},"product_brand":[],"product_cat":[12337],"product_tag":[],"class_list":{"0":"post-776471","1":"product","2":"type-product","3":"status-publish","5":"product_cat-politika-siyaset","6":"pa_cilt-ciltsiz","7":"pa_tur-kitap","8":"pa_yayinevi-h2o-kitap","9":"pa_yazar-suleyman-oktay","11":"first","12":"instock","13":"sale","14":"shipping-taxable","15":"purchasable","16":"product-type-simple"},"_links":{"self":[{"href":"https:\/\/roveyayinevi.com.tr\/index.php\/wp-json\/wp\/v2\/product\/776471","targetHints":{"allow":["GET"]}}],"collection":[{"href":"https:\/\/roveyayinevi.com.tr\/index.php\/wp-json\/wp\/v2\/product"}],"about":[{"href":"https:\/\/roveyayinevi.com.tr\/index.php\/wp-json\/wp\/v2\/types\/product"}],"wp:attachment":[{"href":"https:\/\/roveyayinevi.com.tr\/index.php\/wp-json\/wp\/v2\/media?parent=776471"}],"wp:term":[{"taxonomy":"product_brand","embeddable":true,"href":"https:\/\/roveyayinevi.com.tr\/index.php\/wp-json\/wp\/v2\/product_brand?post=776471"},{"taxonomy":"product_cat","embeddable":true,"href":"https:\/\/roveyayinevi.com.tr\/index.php\/wp-json\/wp\/v2\/product_cat?post=776471"},{"taxonomy":"product_tag","embeddable":true,"href":"https:\/\/roveyayinevi.com.tr\/index.php\/wp-json\/wp\/v2\/product_tag?post=776471"}],"curies":[{"name":"wp","href":"https:\/\/api.w.org\/{rel}","templated":true}]}}