{"id":776467,"date":"2025-09-29T05:02:41","date_gmt":"2025-09-29T02:02:41","guid":{"rendered":"https:\/\/roveyayinevi.com.tr\/index.php\/urun\/cevrim-ici-psikoterapi\/"},"modified":"2026-04-16T03:07:16","modified_gmt":"2026-04-16T00:07:16","slug":"cevrim-ici-psikoterapi","status":"publish","type":"product","link":"https:\/\/roveyayinevi.com.tr\/index.php\/urun\/cevrim-ici-psikoterapi\/","title":{"rendered":"\u00c7evrim \u0130\u00e7i Psikoterapi"},"content":{"rendered":"<p>Bu kitapta; psikanalitik psikoterapiler, BDT, destekleyici psikoterapi, EMDR, \u00e7ocuk ve ergen psikoterapileri, \u00e7ift ve aile terapileri, grup terapileri ve kriz ve afetlerde psikoterapi uygulamalar\u0131n\u0131n \u00e7evrim i\u00e7i (online) olarak uygulanmalar\u0131na ili\u015fkin hem literat\u00fcr bilgisine hem de uzman g\u00f6r\u00fc\u015flerinden dam\u0131t\u0131lan rehberli\u011fe eri\u015febileceksiniz. Ayr\u0131ca b\u00fct\u00fcn psikoterapi uygulamalar\u0131nda konu olan sesin, \u0131\u015f\u0131\u011f\u0131n ve kadraj\u0131n nas\u0131l ayarlanaca\u011f\u0131, ba\u011flant\u0131 kalitesinin nas\u0131l tesis edilece\u011fi veya teknolojik ekipmanlar\u0131n se\u00e7imi gibi teknik konularla ilgili de destek alabileceksiniz. \u00c7evrim i\u00e7i psikoterapi uygulamalar\u0131n\u0131n en netameli konular\u0131ndan olan etik ve yasal d\u00fczenlemeler ile ilgili de konunun uzmanlar\u0131n\u0131n haz\u0131rlad\u0131\u011f\u0131 b\u00f6l\u00fcmlerden yararlanabilirsiniz.<\/p>\n","protected":false},"excerpt":{"rendered":"<p>Bu kitapta; psikanalitik psikoterapiler, BDT, destekleyici psikoterapi, EMDR, \u00e7ocuk ve ergen psikoterapileri, \u00e7ift ve aile terapileri, grup terapileri ve kriz ve afetlerde psikoterapi uygulamalar\u0131n\u0131n \u00e7evrim i\u00e7i<span class=\"excerpt-hellip\"> [\u2026]<\/span><\/p>\n","protected":false},"featured_media":0,"template":"","meta":{"_monsterinsights_skip_tracking":false,"_monsterinsights_sitenote_active":false,"_monsterinsights_sitenote_note":"","_monsterinsights_sitenote_category":0},"product_brand":[],"product_cat":[12357],"product_tag":[],"class_list":{"0":"post-776467","1":"product","2":"type-product","3":"status-publish","5":"product_cat-psikoloji","6":"pa_cilt-ciltsiz","7":"pa_tur-kitap","8":"pa_yayinevi-nobel-akademik-yayincilik","9":"pa_yazar-kolektif","11":"first","12":"instock","13":"sale","14":"shipping-taxable","15":"purchasable","16":"product-type-simple"},"_links":{"self":[{"href":"https:\/\/roveyayinevi.com.tr\/index.php\/wp-json\/wp\/v2\/product\/776467","targetHints":{"allow":["GET"]}}],"collection":[{"href":"https:\/\/roveyayinevi.com.tr\/index.php\/wp-json\/wp\/v2\/product"}],"about":[{"href":"https:\/\/roveyayinevi.com.tr\/index.php\/wp-json\/wp\/v2\/types\/product"}],"wp:attachment":[{"href":"https:\/\/roveyayinevi.com.tr\/index.php\/wp-json\/wp\/v2\/media?parent=776467"}],"wp:term":[{"taxonomy":"product_brand","embeddable":true,"href":"https:\/\/roveyayinevi.com.tr\/index.php\/wp-json\/wp\/v2\/product_brand?post=776467"},{"taxonomy":"product_cat","embeddable":true,"href":"https:\/\/roveyayinevi.com.tr\/index.php\/wp-json\/wp\/v2\/product_cat?post=776467"},{"taxonomy":"product_tag","embeddable":true,"href":"https:\/\/roveyayinevi.com.tr\/index.php\/wp-json\/wp\/v2\/product_tag?post=776467"}],"curies":[{"name":"wp","href":"https:\/\/api.w.org\/{rel}","templated":true}]}}