{"id":776458,"date":"2025-09-29T04:02:10","date_gmt":"2025-09-29T01:02:10","guid":{"rendered":"https:\/\/roveyayinevi.com.tr\/index.php\/urun\/guvenli-yarinlar-serisi-gorunmez-kaza\/"},"modified":"2026-04-16T02:57:28","modified_gmt":"2026-04-15T23:57:28","slug":"guvenli-yarinlar-serisi-gorunmez-kaza","status":"publish","type":"product","link":"https:\/\/roveyayinevi.com.tr\/index.php\/urun\/guvenli-yarinlar-serisi-gorunmez-kaza\/","title":{"rendered":"G\u00fcvenli Yar\u0131nlar Serisi-G\u00f6r\u00fcnmez Kaza"},"content":{"rendered":"<p>G\u00d6R\u00dcNMEZ KAZA        Nilay ve Y\u0131lmaz, okul kamp\u0131 etkinli\u011fine kat\u0131l\u0131rlar. Arkada\u015flar\u0131yla birlikte \u00e7ad\u0131rlar\u0131n\u0131 kurarken sevin\u00e7 i\u00e7indedirler. Bu s\u0131rada Y\u0131lmaz\u2019\u0131n ba\u015f\u0131na gelen bir olay herkesi heyecanland\u0131r\u0131r. Sonras\u0131nda kendilerini \u015fa\u015f\u0131rt\u0131c\u0131 bir maceran\u0131n i\u00e7inde bulurlar. Y\u0131lmaz\u2019\u0131n ba\u015f\u0131na ne mi geldi? Hep birlikte okuyarak \u00f6\u011frenelim. GELECE\u011eE BAKAN \u00c7OCUKLAR ve G\u00dcVENL\u0130 YARINLAR \u00c7ocuklar, birbirinden ilgin\u00e7 karakterleri ve ser\u00fcvenleriyle \u00d6zlem Aytek\u2019in kaleme ald\u0131\u011f\u0131 G\u00f6r\u00fcnmez Kaza \u00f6yk\u00fcs\u00fcn\u00fc severek okuyacaklar. \u00d6yk\u00fcn\u00fcn temas\u0131 ve \u00f6ne \u00e7\u0131kan ama\u00e7lar\u0131; do\u011fa sevgisi, \u00e7evre bilinci, arkada\u015fl\u0131\u011f\u0131n \u00f6nemi, gelece\u011fe bakman\u0131n ve g\u00fcvenli ad\u0131mlar atman\u0131n fark\u0131ndal\u0131\u011f\u0131d\u0131r. G\u00f6r\u00fcnmez Kaza, 21. Y\u00fczy\u0131l becerileri kazan\u0131mlar\u0131n\u0131 i\u00e7ermektedir. M\u00fcfredata uygun, e\u011flenceli, e\u011fitici, d\u00fc\u015f\u00fcnd\u00fcren, merak uyand\u0131ran, de\u011ferler ve erdemler kazan\u0131mlar\u0131 i\u00e7eren, okumay\u0131 sevdirmeyi, okuma al\u0131\u015fkanl\u0131\u011f\u0131 kazand\u0131rmay\u0131 hedefleyen, dikkat, alg\u0131, dil becerileri, zek\u00e2 geli\u015fimi, problem \u00e7\u00f6zme ve muhakeme yeteneklerinin geli\u015fmesine yard\u0131mc\u0131, e\u011flenceli bir \u00f6yk\u00fc kitab\u0131d\u0131r. Pedagojik a\u00e7\u0131dan \u00e7ocuklar i\u00e7in uygundur. Renkli, ilgi \u00e7ekici g\u00f6rselleri, sade ve ak\u0131c\u0131 anlat\u0131m\u0131yla \u00e7ocuklar\u0131n\u0131z bu kitab\u0131 okurken ilgileri canl\u0131 kalacak, s\u0131k\u0131lmadan tekrar tekrar okuma iste\u011fi duyacaklar.<\/p>\n","protected":false},"excerpt":{"rendered":"<p>G\u00d6R\u00dcNMEZ KAZA Nilay ve Y\u0131lmaz, okul kamp\u0131 etkinli\u011fine kat\u0131l\u0131rlar. Arkada\u015flar\u0131yla birlikte \u00e7ad\u0131rlar\u0131n\u0131 kurarken sevin\u00e7 i\u00e7indedirler. Bu s\u0131rada Y\u0131lmaz\u2019\u0131n ba\u015f\u0131na gelen bir olay herkesi heyecanland\u0131r\u0131r. Sonras\u0131nda kendilerini<span class=\"excerpt-hellip\"> [\u2026]<\/span><\/p>\n","protected":false},"featured_media":0,"template":"","meta":{"_monsterinsights_skip_tracking":false,"_monsterinsights_sitenote_active":false,"_monsterinsights_sitenote_note":"","_monsterinsights_sitenote_category":0},"product_brand":[],"product_cat":[12274,12284],"product_tag":[],"class_list":{"0":"post-776458","1":"product","2":"type-product","3":"status-publish","5":"product_cat-cocuk-ve-genclik-kitaplari","6":"product_cat-hikayeler","7":"pa_cilt-ciltsiz","8":"pa_tur-kitap","9":"pa_yayinevi-marti-cocuk-yayinlari","10":"pa_yazar-ozlem-aytek","12":"first","13":"instock","14":"sale","15":"shipping-taxable","16":"purchasable","17":"product-type-simple"},"_links":{"self":[{"href":"https:\/\/roveyayinevi.com.tr\/index.php\/wp-json\/wp\/v2\/product\/776458","targetHints":{"allow":["GET"]}}],"collection":[{"href":"https:\/\/roveyayinevi.com.tr\/index.php\/wp-json\/wp\/v2\/product"}],"about":[{"href":"https:\/\/roveyayinevi.com.tr\/index.php\/wp-json\/wp\/v2\/types\/product"}],"wp:attachment":[{"href":"https:\/\/roveyayinevi.com.tr\/index.php\/wp-json\/wp\/v2\/media?parent=776458"}],"wp:term":[{"taxonomy":"product_brand","embeddable":true,"href":"https:\/\/roveyayinevi.com.tr\/index.php\/wp-json\/wp\/v2\/product_brand?post=776458"},{"taxonomy":"product_cat","embeddable":true,"href":"https:\/\/roveyayinevi.com.tr\/index.php\/wp-json\/wp\/v2\/product_cat?post=776458"},{"taxonomy":"product_tag","embeddable":true,"href":"https:\/\/roveyayinevi.com.tr\/index.php\/wp-json\/wp\/v2\/product_tag?post=776458"}],"curies":[{"name":"wp","href":"https:\/\/api.w.org\/{rel}","templated":true}]}}