{"id":776453,"date":"2025-09-29T03:12:34","date_gmt":"2025-09-29T00:12:34","guid":{"rendered":"https:\/\/roveyayinevi.com.tr\/index.php\/urun\/canguncem\/"},"modified":"2026-04-16T02:46:58","modified_gmt":"2026-04-15T23:46:58","slug":"canguncem","status":"publish","type":"product","link":"https:\/\/roveyayinevi.com.tr\/index.php\/urun\/canguncem\/","title":{"rendered":"Cang\u00fcncem"},"content":{"rendered":"<p>\u201cCang\u00fcncem, k\u00fc\u00e7\u00fck \u0130skender\u2019in 17 \u015eubat 1975\u2019te yazmaya ba\u015flad\u0131\u011f\u0131n\u0131 belirtti\u011fi, 1984 \u015eubat ay\u0131ndan 1993 sonuna kadar yirmi defterde do\u011fa\u00e7lama tuttu\u011fu aforizmalar, \u015fiirseller, de\u011finmeler ve baz\u0131lar\u0131 karalamalar diyebilece\u011fimiz notlardan se\u00e7erek bir araya getirdi\u011fi 648 g\u00fcnceden olu\u015fuyor. Enis Batur\u2019a g\u00f6re \u2018sars\u0131c\u0131\u2019, \u2018tan\u0131kl\u0131klar\u2019 i\u00e7eren Cang\u00fcncem\u2019de \u2018Bir t\u00fcr do\u011fa\u00e7lama kendili\u011finden yaz\u0131 ile i\u00e7ini d\u00f6k\u00fcyor k\u00fc\u00e7\u00fck \u0130skender: Yap\u0131s\u0131na, \u00f6zelliklerine, huyuna eldiven gibi uyan bir \u00fcslup ve teknik ile. (\u2026) D\u00fcnyas\u0131n\u0131 kar\u015f\u0131layan bir dil\u2019 ile. \u0130skender\u2019in dili b\u0131\u00e7k\u0131n, k\u00fcf\u00fcrl\u00fc, ironik ve ele\u015ftireldir. Anar\u015fizan ruhu, onun \u015fiddet dilinde de yans\u0131malar\u0131n\u0131 bulur. \u2018H\u0131r\u00e7\u0131nl\u0131kt\u0131r kimli\u011fimiz,\u2019 der. \u015eiirlerinde ve d\u00fczyaz\u0131 metinlerinde oldu\u011fu gibi g\u00fcncelerinde de toplumdaki ve \u00f6zellikle altk\u00fclt\u00fcrdeki anar\u015fi, cinsellik, \u015fiddet e\u011filiminin yans\u0131malar\u0131 g\u00f6r\u00fcl\u00fcr.\u201dGonca \u00d6zmen <\/p>\n","protected":false},"excerpt":{"rendered":"<p>\u201cCang\u00fcncem, k\u00fc\u00e7\u00fck \u0130skender\u2019in 17 \u015eubat 1975\u2019te yazmaya ba\u015flad\u0131\u011f\u0131n\u0131 belirtti\u011fi, 1984 \u015eubat ay\u0131ndan 1993 sonuna kadar yirmi defterde do\u011fa\u00e7lama tuttu\u011fu aforizmalar, \u015fiirseller, de\u011finmeler ve baz\u0131lar\u0131 karalamalar diyebilece\u011fimiz<span class=\"excerpt-hellip\"> [\u2026]<\/span><\/p>\n","protected":false},"featured_media":0,"template":"","meta":{"_monsterinsights_skip_tracking":false,"_monsterinsights_sitenote_active":false,"_monsterinsights_sitenote_note":"","_monsterinsights_sitenote_category":0},"product_brand":[],"product_cat":[13701,12291],"product_tag":[],"class_list":{"0":"post-776453","1":"product","2":"type-product","3":"status-publish","5":"product_cat-ani-mektup-gunluk","6":"product_cat-edebiyat","7":"pa_cilt-ciltsiz","8":"pa_tur-kitap","9":"pa_yayinevi-can-yayinlari","10":"pa_yazar-kucuk-iskender","12":"first","13":"instock","14":"sale","15":"shipping-taxable","16":"purchasable","17":"product-type-simple"},"_links":{"self":[{"href":"https:\/\/roveyayinevi.com.tr\/index.php\/wp-json\/wp\/v2\/product\/776453","targetHints":{"allow":["GET"]}}],"collection":[{"href":"https:\/\/roveyayinevi.com.tr\/index.php\/wp-json\/wp\/v2\/product"}],"about":[{"href":"https:\/\/roveyayinevi.com.tr\/index.php\/wp-json\/wp\/v2\/types\/product"}],"wp:attachment":[{"href":"https:\/\/roveyayinevi.com.tr\/index.php\/wp-json\/wp\/v2\/media?parent=776453"}],"wp:term":[{"taxonomy":"product_brand","embeddable":true,"href":"https:\/\/roveyayinevi.com.tr\/index.php\/wp-json\/wp\/v2\/product_brand?post=776453"},{"taxonomy":"product_cat","embeddable":true,"href":"https:\/\/roveyayinevi.com.tr\/index.php\/wp-json\/wp\/v2\/product_cat?post=776453"},{"taxonomy":"product_tag","embeddable":true,"href":"https:\/\/roveyayinevi.com.tr\/index.php\/wp-json\/wp\/v2\/product_tag?post=776453"}],"curies":[{"name":"wp","href":"https:\/\/api.w.org\/{rel}","templated":true}]}}