{"id":776450,"date":"2025-09-29T02:33:47","date_gmt":"2025-09-28T23:33:47","guid":{"rendered":"https:\/\/roveyayinevi.com.tr\/index.php\/urun\/felsefirastyon\/"},"modified":"2025-10-01T18:48:12","modified_gmt":"2025-10-01T15:48:12","slug":"felsefirastyon","status":"publish","type":"product","link":"https:\/\/roveyayinevi.com.tr\/index.php\/urun\/felsefirastyon\/","title":{"rendered":"Felsefirastyon"},"content":{"rendered":"<p>Ele\u015ftirmek, ceviz k\u0131rmak gibidir: Kabu\u011fu k\u0131racak kadar sert, i\u00e7indekini ezmeyecek kadar yumu\u015fak vuracaks\u0131n! <\/p>\n","protected":false},"excerpt":{"rendered":"<p>Ele\u015ftirmek, ceviz k\u0131rmak gibidir: Kabu\u011fu k\u0131racak kadar sert, i\u00e7indekini ezmeyecek kadar yumu\u015fak vuracaks\u0131n!<\/p>\n","protected":false},"featured_media":0,"template":"","meta":{"_monsterinsights_skip_tracking":false,"_monsterinsights_sitenote_active":false,"_monsterinsights_sitenote_note":"","_monsterinsights_sitenote_category":0},"product_brand":[],"product_cat":[12777,12291],"product_tag":[],"class_list":{"0":"post-776450","1":"product","2":"type-product","3":"status-publish","5":"product_cat-deneme","6":"product_cat-edebiyat","7":"pa_cilt-ciltsiz","8":"pa_tur-kitap","9":"pa_yayinevi-luna-yayinlari","10":"pa_yazar-serdal-ozdemir","12":"first","13":"instock","14":"sale","15":"shipping-taxable","16":"purchasable","17":"product-type-simple"},"_links":{"self":[{"href":"https:\/\/roveyayinevi.com.tr\/index.php\/wp-json\/wp\/v2\/product\/776450","targetHints":{"allow":["GET"]}}],"collection":[{"href":"https:\/\/roveyayinevi.com.tr\/index.php\/wp-json\/wp\/v2\/product"}],"about":[{"href":"https:\/\/roveyayinevi.com.tr\/index.php\/wp-json\/wp\/v2\/types\/product"}],"wp:attachment":[{"href":"https:\/\/roveyayinevi.com.tr\/index.php\/wp-json\/wp\/v2\/media?parent=776450"}],"wp:term":[{"taxonomy":"product_brand","embeddable":true,"href":"https:\/\/roveyayinevi.com.tr\/index.php\/wp-json\/wp\/v2\/product_brand?post=776450"},{"taxonomy":"product_cat","embeddable":true,"href":"https:\/\/roveyayinevi.com.tr\/index.php\/wp-json\/wp\/v2\/product_cat?post=776450"},{"taxonomy":"product_tag","embeddable":true,"href":"https:\/\/roveyayinevi.com.tr\/index.php\/wp-json\/wp\/v2\/product_tag?post=776450"}],"curies":[{"name":"wp","href":"https:\/\/api.w.org\/{rel}","templated":true}]}}