{"id":776426,"date":"2025-09-28T23:54:48","date_gmt":"2025-09-28T20:54:48","guid":{"rendered":"https:\/\/roveyayinevi.com.tr\/index.php\/urun\/mese-palamudu-ormanindan-hikayeler-uykucu-tavsan\/"},"modified":"2026-04-16T02:17:31","modified_gmt":"2026-04-15T23:17:31","slug":"mese-palamudu-ormanindan-hikayeler-uykucu-tavsan","status":"publish","type":"product","link":"https:\/\/roveyayinevi.com.tr\/index.php\/urun\/mese-palamudu-ormanindan-hikayeler-uykucu-tavsan\/","title":{"rendered":"Me\u015fe Palamudu Orman\u0131\u2019ndan Hikayeler Uykucu Tav\u015fan"},"content":{"rendered":"<p>Me\u015fe Palamudu Orman\u0131\u2019n\u0131n kalbinde, Tav\u015fan\u2019\u0131n g\u00f6z\u00fcne bir t\u00fcrl\u00fc uyku girmiyor. Herkes o kadar g\u00fcr\u00fclt\u00fcc\u00fc ki, acaba hi\u00e7 uyuyabilecek mi? Her iki sayfada bir yer alan kulak\u00e7\u0131klarla, Me\u015fe Palamudu Orman\u0131\u2019ndan Masallar, The Gruffalo\u2019nun \u00f6d\u00fcll\u00fc yarat\u0131c\u0131lar\u0131 Julia Donaldson ve Axel Scheffler\u2019den. Me\u015fe Palamudu Orman\u0131\u2019n\u0131n kalbinde, Tav\u015fan\u2019\u0131n g\u00f6z\u00fcne bir t\u00fcrl\u00fc uyku girmiyor. Kapak\u00e7\u0131klar\u0131 kald\u0131r ve g\u00f6r bakal\u0131m kim, B\u0131rakm\u0131yor ki uyusun Tav\u015fan! <\/p>\n","protected":false},"excerpt":{"rendered":"<p>Me\u015fe Palamudu Orman\u0131\u2019n\u0131n kalbinde, Tav\u015fan\u2019\u0131n g\u00f6z\u00fcne bir t\u00fcrl\u00fc uyku girmiyor. Herkes o kadar g\u00fcr\u00fclt\u00fcc\u00fc ki, acaba hi\u00e7 uyuyabilecek mi? Her iki sayfada bir yer alan kulak\u00e7\u0131klarla,<span class=\"excerpt-hellip\"> [\u2026]<\/span><\/p>\n","protected":false},"featured_media":0,"template":"","meta":{"_monsterinsights_skip_tracking":false,"_monsterinsights_sitenote_active":false,"_monsterinsights_sitenote_note":"","_monsterinsights_sitenote_category":0},"product_brand":[],"product_cat":[12913,12274],"product_tag":[],"class_list":{"0":"post-776426","1":"product","2":"type-product","3":"status-publish","5":"product_cat-3-6-yas-kitaplari","6":"product_cat-cocuk-ve-genclik-kitaplari","7":"pa_cilt-ciltli","8":"pa_tur-kitap","9":"pa_yayinevi-beta-kids","10":"pa_yazar-julia-donaldson","12":"first","13":"instock","14":"sale","15":"shipping-taxable","16":"purchasable","17":"product-type-simple"},"_links":{"self":[{"href":"https:\/\/roveyayinevi.com.tr\/index.php\/wp-json\/wp\/v2\/product\/776426","targetHints":{"allow":["GET"]}}],"collection":[{"href":"https:\/\/roveyayinevi.com.tr\/index.php\/wp-json\/wp\/v2\/product"}],"about":[{"href":"https:\/\/roveyayinevi.com.tr\/index.php\/wp-json\/wp\/v2\/types\/product"}],"wp:attachment":[{"href":"https:\/\/roveyayinevi.com.tr\/index.php\/wp-json\/wp\/v2\/media?parent=776426"}],"wp:term":[{"taxonomy":"product_brand","embeddable":true,"href":"https:\/\/roveyayinevi.com.tr\/index.php\/wp-json\/wp\/v2\/product_brand?post=776426"},{"taxonomy":"product_cat","embeddable":true,"href":"https:\/\/roveyayinevi.com.tr\/index.php\/wp-json\/wp\/v2\/product_cat?post=776426"},{"taxonomy":"product_tag","embeddable":true,"href":"https:\/\/roveyayinevi.com.tr\/index.php\/wp-json\/wp\/v2\/product_tag?post=776426"}],"curies":[{"name":"wp","href":"https:\/\/api.w.org\/{rel}","templated":true}]}}