{"id":776415,"date":"2025-09-26T10:06:16","date_gmt":"2025-09-26T07:06:16","guid":{"rendered":"https:\/\/roveyayinevi.com.tr\/index.php\/urun\/tarih-isiginda-guneydogu-ve-diyarbakir\/"},"modified":"2025-09-28T22:38:26","modified_gmt":"2025-09-28T19:38:26","slug":"tarih-isiginda-guneydogu-ve-diyarbakir","status":"publish","type":"product","link":"https:\/\/roveyayinevi.com.tr\/index.php\/urun\/tarih-isiginda-guneydogu-ve-diyarbakir\/","title":{"rendered":"Tarih I\u015f\u0131\u011f\u0131nda G\u00fcneydo\u011fu ve Diyarbak\u0131r"},"content":{"rendered":"<p>T\u00fcrkiye\u2019nin g\u00fcndeminden hi\u00e7 d\u00fc\u015fmeyen, \u015fimdilerde oldu\u011fu gibi zaman zaman \u00e7e\u015fitli adlar alt\u0131nda birinci g\u00fcndem maddesi haline gelen, G\u00fcneydo\u011fu Anadolu B\u00f6lgesi ve Diyarbak\u0131r \u00fczerine bir tarih\u00e7i g\u00f6z\u00fcyle bak\u0131\u015f\u0131 yans\u0131tan bu eser ayd\u0131n\u0131m\u0131z i\u00e7in farkl\u0131 bir bak\u0131\u015f a\u00e7\u0131s\u0131 getirmektedir. \u00c7\u00fcnk\u00fc ana hatlar\u0131yla eser; Diyarbak\u0131r\u2019 da Dicle \u00dcniversitesi Tarih B\u00f6l\u00fcm\u00fc\u2019nde, 1993-2006 y\u0131llar\u0131 aras\u0131nda, on \u00fc\u00e7 sene \u00f6\u011fretim \u00fcyesi olarak g\u00f6rev yapan bir akademisyenin bu zaman zarf\u0131nda yapt\u0131\u011f\u0131 g\u00f6zlem, inceleme ve ara\u015ft\u0131rmalara dayanmaktad\u0131r. <\/p>\n","protected":false},"excerpt":{"rendered":"<p>T\u00fcrkiye\u2019nin g\u00fcndeminden hi\u00e7 d\u00fc\u015fmeyen, \u015fimdilerde oldu\u011fu gibi zaman zaman \u00e7e\u015fitli adlar alt\u0131nda birinci g\u00fcndem maddesi haline gelen, G\u00fcneydo\u011fu Anadolu B\u00f6lgesi ve Diyarbak\u0131r \u00fczerine bir tarih\u00e7i g\u00f6z\u00fcyle<span class=\"excerpt-hellip\"> [\u2026]<\/span><\/p>\n","protected":false},"featured_media":0,"template":"","meta":{"_monsterinsights_skip_tracking":false,"_monsterinsights_sitenote_active":false,"_monsterinsights_sitenote_note":"","_monsterinsights_sitenote_category":0},"product_brand":[],"product_cat":[12312,12304],"product_tag":[],"class_list":{"0":"post-776415","1":"product","2":"type-product","3":"status-publish","5":"product_cat-diger","6":"product_cat-tarih","7":"pa_tur-kitap","8":"pa_yayinevi-berikan-yayinlari","9":"pa_yazar-kenan-ziya-tas","11":"first","12":"instock","13":"sale","14":"shipping-taxable","15":"purchasable","16":"product-type-simple"},"_links":{"self":[{"href":"https:\/\/roveyayinevi.com.tr\/index.php\/wp-json\/wp\/v2\/product\/776415","targetHints":{"allow":["GET"]}}],"collection":[{"href":"https:\/\/roveyayinevi.com.tr\/index.php\/wp-json\/wp\/v2\/product"}],"about":[{"href":"https:\/\/roveyayinevi.com.tr\/index.php\/wp-json\/wp\/v2\/types\/product"}],"wp:attachment":[{"href":"https:\/\/roveyayinevi.com.tr\/index.php\/wp-json\/wp\/v2\/media?parent=776415"}],"wp:term":[{"taxonomy":"product_brand","embeddable":true,"href":"https:\/\/roveyayinevi.com.tr\/index.php\/wp-json\/wp\/v2\/product_brand?post=776415"},{"taxonomy":"product_cat","embeddable":true,"href":"https:\/\/roveyayinevi.com.tr\/index.php\/wp-json\/wp\/v2\/product_cat?post=776415"},{"taxonomy":"product_tag","embeddable":true,"href":"https:\/\/roveyayinevi.com.tr\/index.php\/wp-json\/wp\/v2\/product_tag?post=776415"}],"curies":[{"name":"wp","href":"https:\/\/api.w.org\/{rel}","templated":true}]}}