{"id":776396,"date":"2025-09-25T07:47:30","date_gmt":"2025-09-25T04:47:30","guid":{"rendered":"https:\/\/roveyayinevi.com.tr\/index.php\/urun\/ahmet-telli-gidersen-yikilir-bu-kent-everest-acikhava-21\/"},"modified":"2026-02-03T03:06:23","modified_gmt":"2026-02-03T00:06:23","slug":"ahmet-telli-gidersen-yikilir-bu-kent-everest-acikhava-21","status":"publish","type":"product","link":"https:\/\/roveyayinevi.com.tr\/index.php\/urun\/ahmet-telli-gidersen-yikilir-bu-kent-everest-acikhava-21\/","title":{"rendered":"Ahmet Telli: Gidersen Y\u0131k\u0131l\u0131r Bu Kent &#8211; Everest A\u00e7\u0131khava 21"},"content":{"rendered":"<p>Gidersen y\u0131k\u0131l\u0131r bu kent, ku\u015flar da gider bir nehir gibi susar\u0131m y\u00fcz\u00fcn\u00fcn deltas\u0131nda Yanl\u0131\u015f adreslerdeydik, kimliksizdik belki sar\u0131\u015f\u0131n bir \u015fa\u015fk\u0131nl\u0131k olurdu b\u00fct\u00fcn \u0131\u015f\u0131klar Biz mi yaln\u0131zd\u0131k, durmadan ya\u011fmur ya\u011fard\u0131 \u00fc\u015f\u00fcr m\u00fcyd\u00fck nar \u00e7i\u00e7ekleri \u00fcrperirken   Gidersen kim sular fesle\u011fenleri ku\u015flar nereye s\u0131\u011f\u0131n\u0131r ak\u015fam olunca <\/p>\n","protected":false},"excerpt":{"rendered":"<p>Gidersen y\u0131k\u0131l\u0131r bu kent, ku\u015flar da gider bir nehir gibi susar\u0131m y\u00fcz\u00fcn\u00fcn deltas\u0131nda Yanl\u0131\u015f adreslerdeydik, kimliksizdik belki sar\u0131\u015f\u0131n bir \u015fa\u015fk\u0131nl\u0131k olurdu b\u00fct\u00fcn \u0131\u015f\u0131klar Biz mi yaln\u0131zd\u0131k,<span class=\"excerpt-hellip\"> [\u2026]<\/span><\/p>\n","protected":false},"featured_media":0,"template":"","meta":{"_monsterinsights_skip_tracking":false,"_monsterinsights_sitenote_active":false,"_monsterinsights_sitenote_note":"","_monsterinsights_sitenote_category":0},"product_brand":[],"product_cat":[12291,12509],"product_tag":[],"class_list":{"0":"post-776396","1":"product","2":"type-product","3":"status-publish","5":"product_cat-edebiyat","6":"product_cat-siir","7":"pa_cilt-ciltsiz","8":"pa_tur-kitap","9":"pa_yayinevi-everest-yayinlari","10":"pa_yazar-kolektif","12":"first","13":"instock","14":"sale","15":"shipping-taxable","16":"purchasable","17":"product-type-simple"},"_links":{"self":[{"href":"https:\/\/roveyayinevi.com.tr\/index.php\/wp-json\/wp\/v2\/product\/776396","targetHints":{"allow":["GET"]}}],"collection":[{"href":"https:\/\/roveyayinevi.com.tr\/index.php\/wp-json\/wp\/v2\/product"}],"about":[{"href":"https:\/\/roveyayinevi.com.tr\/index.php\/wp-json\/wp\/v2\/types\/product"}],"wp:attachment":[{"href":"https:\/\/roveyayinevi.com.tr\/index.php\/wp-json\/wp\/v2\/media?parent=776396"}],"wp:term":[{"taxonomy":"product_brand","embeddable":true,"href":"https:\/\/roveyayinevi.com.tr\/index.php\/wp-json\/wp\/v2\/product_brand?post=776396"},{"taxonomy":"product_cat","embeddable":true,"href":"https:\/\/roveyayinevi.com.tr\/index.php\/wp-json\/wp\/v2\/product_cat?post=776396"},{"taxonomy":"product_tag","embeddable":true,"href":"https:\/\/roveyayinevi.com.tr\/index.php\/wp-json\/wp\/v2\/product_tag?post=776396"}],"curies":[{"name":"wp","href":"https:\/\/api.w.org\/{rel}","templated":true}]}}