{"id":776393,"date":"2025-09-25T06:31:53","date_gmt":"2025-09-25T03:31:53","guid":{"rendered":"https:\/\/roveyayinevi.com.tr\/index.php\/urun\/ucus-yakindan-taniyin\/"},"modified":"2025-10-14T06:24:55","modified_gmt":"2025-10-14T03:24:55","slug":"ucus-yakindan-taniyin","status":"publish","type":"product","link":"https:\/\/roveyayinevi.com.tr\/index.php\/urun\/ucus-yakindan-taniyin\/","title":{"rendered":"U\u00e7u\u015f &#8211; Yak\u0131ndan Tan\u0131y\u0131n"},"content":{"rendered":"<p>U\u00e7maya cesaret eden ilk havac\u0131larla birlikte havaya y\u00fckselin. Y\u00fckse\u011fe, daha y\u00fckse\u011fe u\u00e7un ve bizleri g\u00f6ky\u00fcz\u00fcnde ta\u015f\u0131yan t\u00fcrl\u00fc t\u00fcrl\u00fc makinelerin s\u0131n\u0131rlar\u0131n\u0131 ke\u015ffedin<\/p>\n","protected":false},"excerpt":{"rendered":"<p>U\u00e7maya cesaret eden ilk havac\u0131larla birlikte havaya y\u00fckselin. Y\u00fckse\u011fe, daha y\u00fckse\u011fe u\u00e7un ve bizleri g\u00f6ky\u00fcz\u00fcnde ta\u015f\u0131yan t\u00fcrl\u00fc t\u00fcrl\u00fc makinelerin s\u0131n\u0131rlar\u0131n\u0131 ke\u015ffedin<\/p>\n","protected":false},"featured_media":0,"template":"","meta":{"_monsterinsights_skip_tracking":false,"_monsterinsights_sitenote_active":false,"_monsterinsights_sitenote_note":"","_monsterinsights_sitenote_category":0},"product_brand":[],"product_cat":[13772,12364],"product_tag":[],"class_list":{"0":"post-776393","1":"product","2":"type-product","3":"status-publish","5":"product_cat-basvuru-kitaplari","6":"product_cat-genel-konular","7":"pa_cilt-ciltsiz","8":"pa_tur-kitap","9":"pa_yayinevi-tubitak-yayinlari","10":"pa_yazar-andrew-nahum","12":"first","13":"instock","14":"sale","15":"shipping-taxable","16":"purchasable","17":"product-type-simple"},"_links":{"self":[{"href":"https:\/\/roveyayinevi.com.tr\/index.php\/wp-json\/wp\/v2\/product\/776393","targetHints":{"allow":["GET"]}}],"collection":[{"href":"https:\/\/roveyayinevi.com.tr\/index.php\/wp-json\/wp\/v2\/product"}],"about":[{"href":"https:\/\/roveyayinevi.com.tr\/index.php\/wp-json\/wp\/v2\/types\/product"}],"wp:attachment":[{"href":"https:\/\/roveyayinevi.com.tr\/index.php\/wp-json\/wp\/v2\/media?parent=776393"}],"wp:term":[{"taxonomy":"product_brand","embeddable":true,"href":"https:\/\/roveyayinevi.com.tr\/index.php\/wp-json\/wp\/v2\/product_brand?post=776393"},{"taxonomy":"product_cat","embeddable":true,"href":"https:\/\/roveyayinevi.com.tr\/index.php\/wp-json\/wp\/v2\/product_cat?post=776393"},{"taxonomy":"product_tag","embeddable":true,"href":"https:\/\/roveyayinevi.com.tr\/index.php\/wp-json\/wp\/v2\/product_tag?post=776393"}],"curies":[{"name":"wp","href":"https:\/\/api.w.org\/{rel}","templated":true}]}}