{"id":776387,"date":"2025-09-25T04:54:27","date_gmt":"2025-09-25T01:54:27","guid":{"rendered":"https:\/\/roveyayinevi.com.tr\/index.php\/urun\/dunyanin-kisa-avlusu\/"},"modified":"2026-04-16T02:22:51","modified_gmt":"2026-04-15T23:22:51","slug":"dunyanin-kisa-avlusu","status":"publish","type":"product","link":"https:\/\/roveyayinevi.com.tr\/index.php\/urun\/dunyanin-kisa-avlusu\/","title":{"rendered":"D\u00fcnyan\u0131n K\u0131sa Avlusu"},"content":{"rendered":"<p>Kusan de\u011fil susan, ba\u011f\u0131ran de\u011fil f\u0131s\u0131ldayan bir s\u00f6yleyi\u015f; yerine g\u00f6re yap\u0131bozuma ve\/veya yap\u0131\u00e7\u00f6z\u00fcme yaslanan \u00f6zg\u00fcn dize kurulumu; i\u00e7erikle bi\u00e7emin birbirini var etti\u011fi b\u00fct\u00fcnl\u00fck\u2026 \u00c7a\u011fda\u015f T\u00fcrk\u00e7e \u015fiirin yetkin ve ayr\u0131ks\u0131 \u015fiir i\u015f\u00e7ilerinden Cevahir Bedel, yeni \u015fiir kitab\u0131yla Manos\u2019un ellerine ekliyor parmak izlerini. Ayn\u0131 umutla ad\u0131mlamak i\u00e7in insanl\u0131\u011f\u0131n binlerce y\u0131ll\u0131k s\u0131z\u0131s\u0131n\u0131, ayn\u0131 diren\u00e7le\u2026 Yola revan oluyor.Hem d\u0131\u015far\u0131 \u00e7\u0131kman\u0131n hem i\u00e7e \u00e7ekilmenin \u015fiiri, D\u00fcnyan\u0131n K\u0131sa Avlusu; bir ba\u015fkas\u0131 olup kendi varl\u0131\u011f\u0131na dar gelmenin&#8230; Hep bir bah\u00e7e hali, hep bir avlu tela\u015f\u0131\u2026 \u2018Ba\u015fkalar\u0131 cehennemdir\u2019 diyor ya Sartre, \u2018ya o ba\u015fkalar\u0131 bizsek?\u2019 diye f\u0131s\u0131ld\u0131yor Cevahir Bedel, ezberden menkul kendili\u011fimize. Y\u00fczlerce kez do\u011fup y\u00fczlerce kez \u00f6ld\u00fc\u011f\u00fcm\u00fcz bu dirimde, \u00f6telere ge\u00e7menin yordam\u0131n\u0131 ar\u0131yor, bilin\u00e7li bir rahats\u0131zl\u0131k ve mutlak bir sorumlulukla. Bir yanda anne eli, seher serinli\u011fi ve ya\u011fmurlu \u00e7ay\u0131rlar; di\u011fer yanda s\u00fcrekli bir leke. \u00d6nce bir eksiklik olarak varolan insan, eksilmeden durulamayacaksa art\u0131k ve b\u00fcy\u00fck bir \u2018i\u00e7 daralmas\u0131\u2019ysa ya\u015famak, \u015fiirin de diyece\u011fi bir \u015feyler vard\u0131r elbet. Ki diyecek.<\/p>\n","protected":false},"excerpt":{"rendered":"<p>Kusan de\u011fil susan, ba\u011f\u0131ran de\u011fil f\u0131s\u0131ldayan bir s\u00f6yleyi\u015f; yerine g\u00f6re yap\u0131bozuma ve\/veya yap\u0131\u00e7\u00f6z\u00fcme yaslanan \u00f6zg\u00fcn dize kurulumu; i\u00e7erikle bi\u00e7emin birbirini var etti\u011fi b\u00fct\u00fcnl\u00fck\u2026 \u00c7a\u011fda\u015f T\u00fcrk\u00e7e \u015fiirin<span class=\"excerpt-hellip\"> [\u2026]<\/span><\/p>\n","protected":false},"featured_media":0,"template":"","meta":{"_monsterinsights_skip_tracking":false,"_monsterinsights_sitenote_active":false,"_monsterinsights_sitenote_note":"","_monsterinsights_sitenote_category":0},"product_brand":[],"product_cat":[12291,12509],"product_tag":[],"class_list":{"0":"post-776387","1":"product","2":"type-product","3":"status-publish","5":"product_cat-edebiyat","6":"product_cat-siir","7":"pa_cilt-ciltsiz","8":"pa_tur-kitap","9":"pa_yayinevi-manos-yayinlari","10":"pa_yazar-cevahir-bedel","12":"first","13":"instock","14":"sale","15":"shipping-taxable","16":"purchasable","17":"product-type-simple"},"_links":{"self":[{"href":"https:\/\/roveyayinevi.com.tr\/index.php\/wp-json\/wp\/v2\/product\/776387","targetHints":{"allow":["GET"]}}],"collection":[{"href":"https:\/\/roveyayinevi.com.tr\/index.php\/wp-json\/wp\/v2\/product"}],"about":[{"href":"https:\/\/roveyayinevi.com.tr\/index.php\/wp-json\/wp\/v2\/types\/product"}],"wp:attachment":[{"href":"https:\/\/roveyayinevi.com.tr\/index.php\/wp-json\/wp\/v2\/media?parent=776387"}],"wp:term":[{"taxonomy":"product_brand","embeddable":true,"href":"https:\/\/roveyayinevi.com.tr\/index.php\/wp-json\/wp\/v2\/product_brand?post=776387"},{"taxonomy":"product_cat","embeddable":true,"href":"https:\/\/roveyayinevi.com.tr\/index.php\/wp-json\/wp\/v2\/product_cat?post=776387"},{"taxonomy":"product_tag","embeddable":true,"href":"https:\/\/roveyayinevi.com.tr\/index.php\/wp-json\/wp\/v2\/product_tag?post=776387"}],"curies":[{"name":"wp","href":"https:\/\/api.w.org\/{rel}","templated":true}]}}