{"id":776378,"date":"2025-09-25T02:50:30","date_gmt":"2025-09-24T23:50:30","guid":{"rendered":"https:\/\/roveyayinevi.com.tr\/index.php\/urun\/kabuk-adam\/"},"modified":"2026-04-16T02:05:52","modified_gmt":"2026-04-15T23:05:52","slug":"kabuk-adam","status":"publish","type":"product","link":"https:\/\/roveyayinevi.com.tr\/index.php\/urun\/kabuk-adam\/","title":{"rendered":"Kabuk Adam"},"content":{"rendered":"<p>\u201cLire\u201d dergisi taraf\u0131ndan \u201cGelece\u011fin 50 Yazar\u0131\u201d aras\u0131nda g\u00f6sterilenAsl\u0131 Erdo\u011fan\u2019\u0131n ilk roman\u0131 Kabuk Adam, Karayipler\u2019de,\u015fiddetin batakl\u0131\u011f\u0131nda ya\u015fanan korku ve tutku dolu s\u0131rad\u0131\u015f\u0131 bir a\u015fk\u0131n,\u00f6l\u00fcmle ya\u015fam\u0131n s\u0131n\u0131r\u0131nda kurulan mucizevi bir dostlu\u011fun hik\u00e2yesi. \u201cTropiklerde, o g\u00f6zden\u0131rak adada \u00f6\u011frendim ki, cennetle cehennemi\u00e7 i\u00e7edir, ancak bir katil bir peygamber olabilirve insan bir ba\u015fkas\u0131na, ayn\u0131 karab\u00fcy\u00fcayinlerindeki gibi, d\u00f6n\u00fc\u015febilir, \u00e7\u00fcnk\u00fcinsan\u0131n tam z\u0131dd\u0131 gene kendisidir.\u201d <\/p>\n","protected":false},"excerpt":{"rendered":"<p>\u201cLire\u201d dergisi taraf\u0131ndan \u201cGelece\u011fin 50 Yazar\u0131\u201d aras\u0131nda g\u00f6sterilenAsl\u0131 Erdo\u011fan\u2019\u0131n ilk roman\u0131 Kabuk Adam, Karayipler\u2019de,\u015fiddetin batakl\u0131\u011f\u0131nda ya\u015fanan korku ve tutku dolu s\u0131rad\u0131\u015f\u0131 bir a\u015fk\u0131n,\u00f6l\u00fcmle ya\u015fam\u0131n s\u0131n\u0131r\u0131nda kurulan<span class=\"excerpt-hellip\"> [\u2026]<\/span><\/p>\n","protected":false},"featured_media":0,"template":"","meta":{"_monsterinsights_skip_tracking":false,"_monsterinsights_sitenote_active":false,"_monsterinsights_sitenote_note":"","_monsterinsights_sitenote_category":0},"product_brand":[],"product_cat":[12291,12711],"product_tag":[],"class_list":{"0":"post-776378","1":"product","2":"type-product","3":"status-publish","5":"product_cat-edebiyat","6":"product_cat-roman-oyku","7":"pa_cilt-ciltsiz","8":"pa_tur-kitap","9":"pa_yayinevi-everest-yayinlari","10":"pa_yazar-asli-erdogan","12":"first","13":"instock","14":"sale","15":"shipping-taxable","16":"purchasable","17":"product-type-simple"},"_links":{"self":[{"href":"https:\/\/roveyayinevi.com.tr\/index.php\/wp-json\/wp\/v2\/product\/776378","targetHints":{"allow":["GET"]}}],"collection":[{"href":"https:\/\/roveyayinevi.com.tr\/index.php\/wp-json\/wp\/v2\/product"}],"about":[{"href":"https:\/\/roveyayinevi.com.tr\/index.php\/wp-json\/wp\/v2\/types\/product"}],"wp:attachment":[{"href":"https:\/\/roveyayinevi.com.tr\/index.php\/wp-json\/wp\/v2\/media?parent=776378"}],"wp:term":[{"taxonomy":"product_brand","embeddable":true,"href":"https:\/\/roveyayinevi.com.tr\/index.php\/wp-json\/wp\/v2\/product_brand?post=776378"},{"taxonomy":"product_cat","embeddable":true,"href":"https:\/\/roveyayinevi.com.tr\/index.php\/wp-json\/wp\/v2\/product_cat?post=776378"},{"taxonomy":"product_tag","embeddable":true,"href":"https:\/\/roveyayinevi.com.tr\/index.php\/wp-json\/wp\/v2\/product_tag?post=776378"}],"curies":[{"name":"wp","href":"https:\/\/api.w.org\/{rel}","templated":true}]}}