{"id":776364,"date":"2025-09-24T18:20:22","date_gmt":"2025-09-24T15:20:22","guid":{"rendered":"https:\/\/roveyayinevi.com.tr\/index.php\/urun\/84-charing-cross-road\/"},"modified":"2026-04-15T03:42:36","modified_gmt":"2026-04-15T00:42:36","slug":"84-charing-cross-road","status":"publish","type":"product","link":"https:\/\/roveyayinevi.com.tr\/index.php\/urun\/84-charing-cross-road\/","title":{"rendered":"84, Charing Cross Road"},"content":{"rendered":"<p>84, Charing Cross Road, New York\u2019ta ya\u015fayan Helene Hanff ile Londra\u2019da bulunan Marks &amp; Co. Kitap\u00e7\u0131s\u0131\u2019n\u0131n \u00e7al\u0131\u015fanlar\u0131 aras\u0131nda mektuplar vas\u0131tas\u0131yla kurulan dostlu\u011fu konu edinir. 1940\u2019lar\u0131n sonunda Hanff, bu kitap\u00e7\u0131n\u0131n bask\u0131s\u0131 olmayan kitaplar konusunda uzmanla\u015ft\u0131\u011f\u0131n\u0131 duyuran ilan\u0131na rastlar; \u0130kinci D\u00fcnya Sava\u015f\u0131\u2019n\u0131n karanl\u0131k g\u00fcnlerinde ba\u015flay\u0131p otuz y\u0131l boyunca s\u00fcrecek k\u0131talararas\u0131 mektupla\u015fmalar\u0131 b\u00f6ylece ba\u015flar. Helene Hanff b\u00f6ylece bizi mesafelerin ve zaman\u0131n \u00f6tesinde, kitaplar ve mektuplar arac\u0131l\u0131\u011f\u0131yla kurulan g\u00fc\u00e7l\u00fc bir dostlu\u011fun etkileyici hik\u00e2yesine tan\u0131k eder. 1987 y\u0131l\u0131nda ba\u015frollerinde Anne Bancroft ve Anthony Hopkins\u2019in yer ald\u0131\u011f\u0131 bir sinema filmine de uyarlanan 84, Charing Cross Road, bir\u00e7ok dile \u00e7evrilmi\u015f, k\u00fclt kitaplar aras\u0131nda yerini alm\u0131\u015ft\u0131r.   \u201cGer\u00e7ek bir a\u015fk hik\u00e2yesi\u2026 Zamans\u0131z bir eser.\u201d \u2013 The Wall Street Journal<\/p>\n","protected":false},"excerpt":{"rendered":"<p>84, Charing Cross Road, New York\u2019ta ya\u015fayan Helene Hanff ile Londra\u2019da bulunan Marks &amp; Co. Kitap\u00e7\u0131s\u0131\u2019n\u0131n \u00e7al\u0131\u015fanlar\u0131 aras\u0131nda mektuplar vas\u0131tas\u0131yla kurulan dostlu\u011fu konu edinir. 1940\u2019lar\u0131n sonunda<span class=\"excerpt-hellip\"> [\u2026]<\/span><\/p>\n","protected":false},"featured_media":0,"template":"","meta":{"_monsterinsights_skip_tracking":false,"_monsterinsights_sitenote_active":false,"_monsterinsights_sitenote_note":"","_monsterinsights_sitenote_category":0},"product_brand":[],"product_cat":[12291,12711],"product_tag":[],"class_list":{"0":"post-776364","1":"product","2":"type-product","3":"status-publish","5":"product_cat-edebiyat","6":"product_cat-roman-oyku","7":"pa_cilt-ciltsiz","8":"pa_tur-kitap","9":"pa_yayinevi-everest-yayinlari","10":"pa_yazar-helene-hanff","12":"first","13":"instock","14":"sale","15":"shipping-taxable","16":"purchasable","17":"product-type-simple"},"_links":{"self":[{"href":"https:\/\/roveyayinevi.com.tr\/index.php\/wp-json\/wp\/v2\/product\/776364","targetHints":{"allow":["GET"]}}],"collection":[{"href":"https:\/\/roveyayinevi.com.tr\/index.php\/wp-json\/wp\/v2\/product"}],"about":[{"href":"https:\/\/roveyayinevi.com.tr\/index.php\/wp-json\/wp\/v2\/types\/product"}],"wp:attachment":[{"href":"https:\/\/roveyayinevi.com.tr\/index.php\/wp-json\/wp\/v2\/media?parent=776364"}],"wp:term":[{"taxonomy":"product_brand","embeddable":true,"href":"https:\/\/roveyayinevi.com.tr\/index.php\/wp-json\/wp\/v2\/product_brand?post=776364"},{"taxonomy":"product_cat","embeddable":true,"href":"https:\/\/roveyayinevi.com.tr\/index.php\/wp-json\/wp\/v2\/product_cat?post=776364"},{"taxonomy":"product_tag","embeddable":true,"href":"https:\/\/roveyayinevi.com.tr\/index.php\/wp-json\/wp\/v2\/product_tag?post=776364"}],"curies":[{"name":"wp","href":"https:\/\/api.w.org\/{rel}","templated":true}]}}