{"id":776339,"date":"2025-09-24T13:54:02","date_gmt":"2025-09-24T10:54:02","guid":{"rendered":"https:\/\/roveyayinevi.com.tr\/index.php\/urun\/turk-sinema-tarihi-ve-kemal-film\/"},"modified":"2026-04-16T02:43:57","modified_gmt":"2026-04-15T23:43:57","slug":"turk-sinema-tarihi-ve-kemal-film","status":"publish","type":"product","link":"https:\/\/roveyayinevi.com.tr\/index.php\/urun\/turk-sinema-tarihi-ve-kemal-film\/","title":{"rendered":"T\u00fcrk Sinema Tarihi ve Kemal Film"},"content":{"rendered":"<p>Elinizdeki kitap, T\u00fcrk Sinema Tarihi\u2019nin yeniden yaz\u0131lmas\u0131 gereklili\u011fini savunur ve izlenecek yol \u00fczerine \u00f6nermelerde bulunur. \u00c7\u00fcnk\u00fc T\u00fcrk sinema tarihimizin en m\u00fchim k\u0131s\u0131mlar\u0131 yanl\u0131\u015f bilgiler ve hatal\u0131 tarih ve isimlerle doludur, de\u011fi\u015ftirilmesi ve yeniden yaz\u0131lmas\u0131 zorunlu hale gelmi\u015ftir. Kitapta, ilk kez g\u00f6rece\u011finiz orijinal belgeler yer almaktad\u0131r. Bug\u00fcne kadar do\u011fru zannedilen bir\u00e7ok bilginin yanl\u0131\u015f oldu\u011funu, somut delillerle ortaya koyarak do\u011fru belgelerle ispat etmekteyiz. Kitab\u0131m\u0131z, ge\u00e7ti\u011fimiz d\u00f6nemlerde sinemam\u0131zdaki hatalar\u0131 ay\u0131klamaya \u00e7al\u0131\u015fan tarih\u00e7ilerimizden de al\u0131nt\u0131lar yapmakta ve k\u0131ymetli \u00e7al\u0131\u015fmalar\u0131na destek misyonu ta\u015f\u0131maktad\u0131r. \u00dcnl\u00fc sinema tarih\u00e7ilerinin kitaplar\u0131nda, c\u00fcmlelerin virg\u00fcl\u00fc dahi de\u011fi\u015fmeden kopyala-yap\u0131\u015ft\u0131r yap\u0131ld\u0131\u011f\u0131, bu nedenle hatal\u0131 bilgilerin bir\u00e7ok kaynakta tekrar edildi\u011fi, t\u00fcm sinema tarihi kitaplar\u0131 ayn\u0131 anda okunmad\u0131\u011f\u0131 i\u00e7in bu hatalar\u0131n \u015fimdiye dek pek fark edilmedi\u011fi, bu kitapla ortaya \u00e7\u0131kar\u0131lmaktad\u0131r.  Filhakika \u00f6nerimiz \u015fudur ki; acilen T\u00fcrk sinema tarih\u00e7ileri aras\u0131nda bir heyet kurulmal\u0131 ve T\u00fcrk Sinema tarihimiz yeniden yaz\u0131lmal\u0131d\u0131r.  Bu kitab\u0131n bir \u00f6zelli\u011fi de, usta y\u00f6netmen Osman F. Seden\u2019in ilk kez \u201cOsman Fahir Seden\u2019le T\u00fcrk Sinemas\u0131\u2019nda D\u00fcet\u201d kitab\u0131mda yay\u0131nlanan kendi el yaz\u0131s\u0131yla kaleme ald\u0131\u011f\u0131 hat\u0131rat\u0131ndan al\u0131nt\u0131lar\u0131n olmas\u0131d\u0131r. Seden, bu hat\u0131rat\u0131nda Kemal Film ve T\u00fcrk Sinemas\u0131\u2019n\u0131n ilk y\u0131llar\u0131n\u0131n bilinmeyen y\u00f6nlerini anlatmaktad\u0131r.\u0130lgiyle okuyacaks\u0131n\u0131z! <\/p>\n","protected":false},"excerpt":{"rendered":"<p>Elinizdeki kitap, T\u00fcrk Sinema Tarihi\u2019nin yeniden yaz\u0131lmas\u0131 gereklili\u011fini savunur ve izlenecek yol \u00fczerine \u00f6nermelerde bulunur. \u00c7\u00fcnk\u00fc T\u00fcrk sinema tarihimizin en m\u00fchim k\u0131s\u0131mlar\u0131 yanl\u0131\u015f bilgiler ve hatal\u0131<span class=\"excerpt-hellip\"> [\u2026]<\/span><\/p>\n","protected":false},"featured_media":0,"template":"","meta":{"_monsterinsights_skip_tracking":false,"_monsterinsights_sitenote_active":false,"_monsterinsights_sitenote_note":"","_monsterinsights_sitenote_category":0},"product_brand":[],"product_cat":[12409,12408],"product_tag":[],"class_list":{"0":"post-776339","1":"product","2":"type-product","3":"status-publish","5":"product_cat-fotograf-sinema-tiyatro","6":"product_cat-sanat","7":"pa_cilt-ciltsiz","8":"pa_tur-kitap","9":"pa_yayinevi-biyografi-net-yayincilik","10":"pa_yazar-gulsah-nezaket-marasli-goc","12":"first","13":"instock","14":"sale","15":"shipping-taxable","16":"purchasable","17":"product-type-simple"},"_links":{"self":[{"href":"https:\/\/roveyayinevi.com.tr\/index.php\/wp-json\/wp\/v2\/product\/776339","targetHints":{"allow":["GET"]}}],"collection":[{"href":"https:\/\/roveyayinevi.com.tr\/index.php\/wp-json\/wp\/v2\/product"}],"about":[{"href":"https:\/\/roveyayinevi.com.tr\/index.php\/wp-json\/wp\/v2\/types\/product"}],"wp:attachment":[{"href":"https:\/\/roveyayinevi.com.tr\/index.php\/wp-json\/wp\/v2\/media?parent=776339"}],"wp:term":[{"taxonomy":"product_brand","embeddable":true,"href":"https:\/\/roveyayinevi.com.tr\/index.php\/wp-json\/wp\/v2\/product_brand?post=776339"},{"taxonomy":"product_cat","embeddable":true,"href":"https:\/\/roveyayinevi.com.tr\/index.php\/wp-json\/wp\/v2\/product_cat?post=776339"},{"taxonomy":"product_tag","embeddable":true,"href":"https:\/\/roveyayinevi.com.tr\/index.php\/wp-json\/wp\/v2\/product_tag?post=776339"}],"curies":[{"name":"wp","href":"https:\/\/api.w.org\/{rel}","templated":true}]}}