{"id":776305,"date":"2025-09-24T00:39:28","date_gmt":"2025-09-23T21:39:28","guid":{"rendered":"https:\/\/roveyayinevi.com.tr\/index.php\/urun\/cocuklar-icin-medya-okuryazarligi\/"},"modified":"2026-04-15T03:42:35","modified_gmt":"2026-04-15T00:42:35","slug":"cocuklar-icin-medya-okuryazarligi","status":"publish","type":"product","link":"https:\/\/roveyayinevi.com.tr\/index.php\/urun\/cocuklar-icin-medya-okuryazarligi\/","title":{"rendered":"\u00c7ocuklar \u0130\u00e7in Medya Okuryazarl\u0131\u011f\u0131"},"content":{"rendered":"<p>Okudu\u011fumuz bir haberin do\u011frulu\u011fundan ne kadar emin olabiliriz? \u0130zledi\u011fimiz videolar\u0131n ger\u00e7e\u011fi yans\u0131t\u0131p yans\u0131tmad\u0131\u011f\u0131n\u0131 nereden bilebiliriz? Sosyal medyada gezen her bilgiye g\u00fcvenebilir miyiz? S\u00fcrekli ve her yerde kar\u015f\u0131m\u0131za \u00e7\u0131kan reklamlara nas\u0131l yakla\u015fmal\u0131y\u0131z? G\u00fcnl\u00fck ekran s\u00fcremizi nelerle doldurup, ne kadar s\u0131n\u0131rland\u0131rmal\u0131y\u0131z?..Yazar Alp G\u00f6kalp bu kitab\u0131nda okurlar\u0131n\u0131 hem medyay\u0131 do\u011fru kullanmak hem de nitelikli bir medya i\u00e7erik \u00fcreticisi ve t\u00fcketicisi olmak i\u00e7in sorulmas\u0131 gereken sorular \u00fczerine d\u00fc\u015f\u00fcnd\u00fcr\u00fcyor.<\/p>\n","protected":false},"excerpt":{"rendered":"<p>Okudu\u011fumuz bir haberin do\u011frulu\u011fundan ne kadar emin olabiliriz? \u0130zledi\u011fimiz videolar\u0131n ger\u00e7e\u011fi yans\u0131t\u0131p yans\u0131tmad\u0131\u011f\u0131n\u0131 nereden bilebiliriz? Sosyal medyada gezen her bilgiye g\u00fcvenebilir miyiz? S\u00fcrekli ve her yerde<span class=\"excerpt-hellip\"> [\u2026]<\/span><\/p>\n","protected":false},"featured_media":0,"template":"","meta":{"_monsterinsights_skip_tracking":false,"_monsterinsights_sitenote_active":false,"_monsterinsights_sitenote_note":"","_monsterinsights_sitenote_category":0},"product_brand":[],"product_cat":[12274,12631],"product_tag":[],"class_list":{"0":"post-776305","1":"product","2":"type-product","3":"status-publish","5":"product_cat-cocuk-ve-genclik-kitaplari","6":"product_cat-diger-cocuk-ve-genclik-kitaplari","7":"pa_cilt-ciltsiz","8":"pa_tur-kitap","9":"pa_yayinevi-can-cocuk-yayinlari","10":"pa_yazar-alp-gokalp","12":"first","13":"instock","14":"sale","15":"shipping-taxable","16":"purchasable","17":"product-type-simple"},"_links":{"self":[{"href":"https:\/\/roveyayinevi.com.tr\/index.php\/wp-json\/wp\/v2\/product\/776305","targetHints":{"allow":["GET"]}}],"collection":[{"href":"https:\/\/roveyayinevi.com.tr\/index.php\/wp-json\/wp\/v2\/product"}],"about":[{"href":"https:\/\/roveyayinevi.com.tr\/index.php\/wp-json\/wp\/v2\/types\/product"}],"wp:attachment":[{"href":"https:\/\/roveyayinevi.com.tr\/index.php\/wp-json\/wp\/v2\/media?parent=776305"}],"wp:term":[{"taxonomy":"product_brand","embeddable":true,"href":"https:\/\/roveyayinevi.com.tr\/index.php\/wp-json\/wp\/v2\/product_brand?post=776305"},{"taxonomy":"product_cat","embeddable":true,"href":"https:\/\/roveyayinevi.com.tr\/index.php\/wp-json\/wp\/v2\/product_cat?post=776305"},{"taxonomy":"product_tag","embeddable":true,"href":"https:\/\/roveyayinevi.com.tr\/index.php\/wp-json\/wp\/v2\/product_tag?post=776305"}],"curies":[{"name":"wp","href":"https:\/\/api.w.org\/{rel}","templated":true}]}}