{"id":776296,"date":"2025-09-23T23:08:56","date_gmt":"2025-09-23T20:08:56","guid":{"rendered":"https:\/\/roveyayinevi.com.tr\/index.php\/urun\/baska-bir-yerde-ciltli\/"},"modified":"2026-04-16T03:14:50","modified_gmt":"2026-04-16T00:14:50","slug":"baska-bir-yerde-ciltli","status":"publish","type":"product","link":"https:\/\/roveyayinevi.com.tr\/index.php\/urun\/baska-bir-yerde-ciltli\/","title":{"rendered":"Ba\u015fka Bir Yerde (Ciltli)"},"content":{"rendered":"<p>Sular alt\u0131nda kalm\u0131\u015f bir \u015fehir&#8230; Sokak lambalar\u0131 h\u00e2l\u00e2 a\u00e7\u0131k, arabalar terk edilmi\u015f. Mavi sayfalara, a\u011f\u0131r a\u011f\u0131r y\u00fczen balinalar e\u015flik ediyor.B\u00fcy\u00fcl\u00fc atmosferiyle okuru sar\u0131p sarmalayan bu resimli kitap, insanlar ile hayvanlar aras\u0131ndaki tarifsiz ba\u011f\u0131 ve iklim de\u011fi\u015fikli\u011fine maruz kal\u0131p gidecek yeri olmayanlar\u0131n derin yaln\u0131zl\u0131\u011f\u0131n\u0131 anlat\u0131yor.  The White Ravens &#8211; 2023The BRAW Amazing Bookshelf &#8211; 2023The Reading For a Healthy Planet Exhibition &#8211; Bologna 2024<\/p>\n","protected":false},"excerpt":{"rendered":"<p>Sular alt\u0131nda kalm\u0131\u015f bir \u015fehir&#8230; Sokak lambalar\u0131 h\u00e2l\u00e2 a\u00e7\u0131k, arabalar terk edilmi\u015f. Mavi sayfalara, a\u011f\u0131r a\u011f\u0131r y\u00fczen balinalar e\u015flik ediyor.B\u00fcy\u00fcl\u00fc atmosferiyle okuru sar\u0131p sarmalayan bu resimli<span class=\"excerpt-hellip\"> [\u2026]<\/span><\/p>\n","protected":false},"featured_media":0,"template":"","meta":{"_monsterinsights_skip_tracking":false,"_monsterinsights_sitenote_active":false,"_monsterinsights_sitenote_note":"","_monsterinsights_sitenote_category":0},"product_brand":[],"product_cat":[12275,12274],"product_tag":[],"class_list":{"0":"post-776296","1":"product","2":"type-product","3":"status-publish","5":"product_cat-6-12-yas-kitaplari","6":"product_cat-cocuk-ve-genclik-kitaplari","7":"pa_cilt-ciltli","8":"pa_tur-kitap","9":"pa_yayinevi-meav-yayincilik","10":"pa_yazar-egretllu","12":"first","13":"instock","14":"sale","15":"shipping-taxable","16":"purchasable","17":"product-type-simple"},"_links":{"self":[{"href":"https:\/\/roveyayinevi.com.tr\/index.php\/wp-json\/wp\/v2\/product\/776296","targetHints":{"allow":["GET"]}}],"collection":[{"href":"https:\/\/roveyayinevi.com.tr\/index.php\/wp-json\/wp\/v2\/product"}],"about":[{"href":"https:\/\/roveyayinevi.com.tr\/index.php\/wp-json\/wp\/v2\/types\/product"}],"wp:attachment":[{"href":"https:\/\/roveyayinevi.com.tr\/index.php\/wp-json\/wp\/v2\/media?parent=776296"}],"wp:term":[{"taxonomy":"product_brand","embeddable":true,"href":"https:\/\/roveyayinevi.com.tr\/index.php\/wp-json\/wp\/v2\/product_brand?post=776296"},{"taxonomy":"product_cat","embeddable":true,"href":"https:\/\/roveyayinevi.com.tr\/index.php\/wp-json\/wp\/v2\/product_cat?post=776296"},{"taxonomy":"product_tag","embeddable":true,"href":"https:\/\/roveyayinevi.com.tr\/index.php\/wp-json\/wp\/v2\/product_tag?post=776296"}],"curies":[{"name":"wp","href":"https:\/\/api.w.org\/{rel}","templated":true}]}}