{"id":776289,"date":"2025-09-23T22:16:48","date_gmt":"2025-09-23T19:16:48","guid":{"rendered":"https:\/\/roveyayinevi.com.tr\/index.php\/urun\/yavru-hayvanlar-hakkinda-olaganustu-gercekler-ciltli\/"},"modified":"2026-04-16T03:07:22","modified_gmt":"2026-04-16T00:07:22","slug":"yavru-hayvanlar-hakkinda-olaganustu-gercekler-ciltli","status":"publish","type":"product","link":"https:\/\/roveyayinevi.com.tr\/index.php\/urun\/yavru-hayvanlar-hakkinda-olaganustu-gercekler-ciltli\/","title":{"rendered":"Yavru Hayvanlar Hakk\u0131nda Ola\u011fan\u00fcst\u00fc Ger\u00e7ekler (Ciltli)"},"content":{"rendered":"<p>B\u00fcy\u00fcleyici Hayvanlar \u00c2leminin Minik \u00dcyelerine Yak\u0131ndan Bak\u0131n!   Bu kitapta baz\u0131 ola\u011fan\u00fcst\u00fc hayvanlarla onlar\u0131n yavrular\u0131 hakk\u0131nda ola\u011fan\u00fcst\u00fc ger\u00e7ekleri bulacaks\u0131n\u0131z. Hayvanlar \u00e2leminin ne kadar heyecan verici oldu\u011funu bir kez daha an\u0131msamak i\u00e7in bir f\u0131rsat sunan, Yavru Hayvanlar Hakk\u0131nda Ola\u011fan\u00fcst\u00fc Ger\u00e7ekler, her kitapl\u0131kta bulunmas\u0131 gereken bir kaynak.    Maja S\u00e4fstr\u00f6m\u2019\u00fcn \u00f6zg\u00fcn desenleri, e\u011flenceli metni ve Zeynep Tamer\u2019in \u0130sve\u00e7\u00e7e asl\u0131ndan \u00e7evirisiyle\u2026 <\/p>\n","protected":false},"excerpt":{"rendered":"<p>B\u00fcy\u00fcleyici Hayvanlar \u00c2leminin Minik \u00dcyelerine Yak\u0131ndan Bak\u0131n! Bu kitapta baz\u0131 ola\u011fan\u00fcst\u00fc hayvanlarla onlar\u0131n yavrular\u0131 hakk\u0131nda ola\u011fan\u00fcst\u00fc ger\u00e7ekleri bulacaks\u0131n\u0131z. Hayvanlar \u00e2leminin ne kadar heyecan verici oldu\u011funu bir<span class=\"excerpt-hellip\"> [\u2026]<\/span><\/p>\n","protected":false},"featured_media":0,"template":"","meta":{"_monsterinsights_skip_tracking":false,"_monsterinsights_sitenote_active":false,"_monsterinsights_sitenote_note":"","_monsterinsights_sitenote_category":0},"product_brand":[],"product_cat":[12275,12274],"product_tag":[],"class_list":{"0":"post-776289","1":"product","2":"type-product","3":"status-publish","5":"product_cat-6-12-yas-kitaplari","6":"product_cat-cocuk-ve-genclik-kitaplari","7":"pa_cilt-ciltli","8":"pa_tur-kitap","9":"pa_yayinevi-meav-yayincilik","10":"pa_yazar-maja-safstrom","12":"first","13":"instock","14":"sale","15":"shipping-taxable","16":"purchasable","17":"product-type-simple"},"_links":{"self":[{"href":"https:\/\/roveyayinevi.com.tr\/index.php\/wp-json\/wp\/v2\/product\/776289","targetHints":{"allow":["GET"]}}],"collection":[{"href":"https:\/\/roveyayinevi.com.tr\/index.php\/wp-json\/wp\/v2\/product"}],"about":[{"href":"https:\/\/roveyayinevi.com.tr\/index.php\/wp-json\/wp\/v2\/types\/product"}],"wp:attachment":[{"href":"https:\/\/roveyayinevi.com.tr\/index.php\/wp-json\/wp\/v2\/media?parent=776289"}],"wp:term":[{"taxonomy":"product_brand","embeddable":true,"href":"https:\/\/roveyayinevi.com.tr\/index.php\/wp-json\/wp\/v2\/product_brand?post=776289"},{"taxonomy":"product_cat","embeddable":true,"href":"https:\/\/roveyayinevi.com.tr\/index.php\/wp-json\/wp\/v2\/product_cat?post=776289"},{"taxonomy":"product_tag","embeddable":true,"href":"https:\/\/roveyayinevi.com.tr\/index.php\/wp-json\/wp\/v2\/product_tag?post=776289"}],"curies":[{"name":"wp","href":"https:\/\/api.w.org\/{rel}","templated":true}]}}