{"id":776278,"date":"2025-09-23T22:16:06","date_gmt":"2025-09-23T19:16:06","guid":{"rendered":"https:\/\/roveyayinevi.com.tr\/index.php\/urun\/cilgin-bal-porsugu-ve-parla\/"},"modified":"2026-04-16T03:07:21","modified_gmt":"2026-04-16T00:07:21","slug":"cilgin-bal-porsugu-ve-parla","status":"publish","type":"product","link":"https:\/\/roveyayinevi.com.tr\/index.php\/urun\/cilgin-bal-porsugu-ve-parla\/","title":{"rendered":"\u00c7\u0131lg\u0131n Bal Porsu\u011fu ve Parla"},"content":{"rendered":"<p>\u00c7\u0131lg\u0131n Bal Porsu\u011fu\u2019nun ikinci kitab\u0131 \u00e7\u0131kt\u0131: \u0130\u015fte \u00c7\u0131lg\u0131n Parla!   Ormanda herkese sata\u015f\u0131p kafa tutan \u00c7\u0131lg\u0131n Bal Porsu\u011fu, maceralar\u0131na bu kez \u015fehirde devam ediyor. Birlikte yaramazl\u0131k yapaca\u011f\u0131 bir arkada\u015f da ediniyor \u00fcstelik: \u0130\u015fte \u00c7\u0131lg\u0131n Parla! Ama onu ormandan al\u0131p \u015fehirdeki evine getiren Parla&#8217;y\u0131 bir s\u00fcrpriz bekliyor. Acaba bu \u00e7\u0131lg\u0131nl\u0131\u011f\u0131n sonu nereye varacak?   \u00c7\u0131lg\u0131n Bal Porsu\u011fu&#8217;nu \u00e7ok seven \u00e7ocuklar, uzun zamand\u0131r bekledikleri serinin ikinci kitab\u0131na kavu\u015fuyor. Ele avuca s\u0131\u011fmayan porsu\u011fun kendi gibi \u00e7\u0131lg\u0131n arkada\u015f\u0131 Parla&#8217;ya b\u00fct\u00fcn \u00e7ocuklar bay\u0131lacak! Kesinlikle!  Hatta ELK\u0130LN\u0130SEK! <\/p>\n","protected":false},"excerpt":{"rendered":"<p>\u00c7\u0131lg\u0131n Bal Porsu\u011fu\u2019nun ikinci kitab\u0131 \u00e7\u0131kt\u0131: \u0130\u015fte \u00c7\u0131lg\u0131n Parla! Ormanda herkese sata\u015f\u0131p kafa tutan \u00c7\u0131lg\u0131n Bal Porsu\u011fu, maceralar\u0131na bu kez \u015fehirde devam ediyor. Birlikte yaramazl\u0131k yapaca\u011f\u0131<span class=\"excerpt-hellip\"> [\u2026]<\/span><\/p>\n","protected":false},"featured_media":0,"template":"","meta":{"_monsterinsights_skip_tracking":false,"_monsterinsights_sitenote_active":false,"_monsterinsights_sitenote_note":"","_monsterinsights_sitenote_category":0},"product_brand":[],"product_cat":[12274,12284],"product_tag":[],"class_list":{"0":"post-776278","1":"product","2":"type-product","3":"status-publish","5":"product_cat-cocuk-ve-genclik-kitaplari","6":"product_cat-hikayeler","7":"pa_cilt-ciltsiz","8":"pa_tur-kitap","9":"pa_yayinevi-meav-yayincilik","10":"pa_yazar-nur-tunay","12":"first","13":"instock","14":"sale","15":"shipping-taxable","16":"purchasable","17":"product-type-simple"},"_links":{"self":[{"href":"https:\/\/roveyayinevi.com.tr\/index.php\/wp-json\/wp\/v2\/product\/776278","targetHints":{"allow":["GET"]}}],"collection":[{"href":"https:\/\/roveyayinevi.com.tr\/index.php\/wp-json\/wp\/v2\/product"}],"about":[{"href":"https:\/\/roveyayinevi.com.tr\/index.php\/wp-json\/wp\/v2\/types\/product"}],"wp:attachment":[{"href":"https:\/\/roveyayinevi.com.tr\/index.php\/wp-json\/wp\/v2\/media?parent=776278"}],"wp:term":[{"taxonomy":"product_brand","embeddable":true,"href":"https:\/\/roveyayinevi.com.tr\/index.php\/wp-json\/wp\/v2\/product_brand?post=776278"},{"taxonomy":"product_cat","embeddable":true,"href":"https:\/\/roveyayinevi.com.tr\/index.php\/wp-json\/wp\/v2\/product_cat?post=776278"},{"taxonomy":"product_tag","embeddable":true,"href":"https:\/\/roveyayinevi.com.tr\/index.php\/wp-json\/wp\/v2\/product_tag?post=776278"}],"curies":[{"name":"wp","href":"https:\/\/api.w.org\/{rel}","templated":true}]}}