{"id":776246,"date":"2025-09-23T11:34:19","date_gmt":"2025-09-23T08:34:19","guid":{"rendered":"https:\/\/roveyayinevi.com.tr\/index.php\/urun\/bana-oyle-bakma-2\/"},"modified":"2026-04-15T03:42:31","modified_gmt":"2026-04-15T00:42:31","slug":"bana-oyle-bakma-2","status":"publish","type":"product","link":"https:\/\/roveyayinevi.com.tr\/index.php\/urun\/bana-oyle-bakma-2\/","title":{"rendered":"Bana \u00d6yle Bakma!"},"content":{"rendered":"<p>\u201cBeni oldu\u011fum gibi sevecek, nas\u0131l g\u00f6r\u00fcn\u00fcyorsam \u00f6yle kabul edecek arkada\u015flara ihtiyac\u0131m var.Benimle dalga ge\u00e7me!Beni rahats\u0131z etme!Bana \u00f6yle bakma!\u201d Bug\u00fcne kadar sadece T\u00fcrkiye\u2019de de\u011fil, \u0130spanyolca, Katalanca, \u0130ngilizce, Arap\u00e7a, Korece, \u00c7ince, Yunanca gibi bir\u00e7ok dile \u00e7evrilerek d\u00fcnyada da binlerce \u00e7ocu\u011fun sesi olan Bana \u00d6yle Bakma, rahats\u0131z edici bak\u0131\u015flar\u0131n hedefi haline gelen herkesin elinden tutuyor. \u00c7a\u011fda\u015f \u00e7ocuk edebiyat\u0131n\u0131n sevilen yazar\u0131 G\u00f6k\u00e7e G\u00f6k\u00e7eer, duygu durumlar\u0131n\u0131 incelikle anlat\u0131rken her \u00e7ocu\u011fun biricikli\u011fine ve \u00e7e\u015fitlili\u011fin \u00f6nemine dikkat \u00e7ekmek istiyor. Pelin Turgut\u2019un reng\u00e2renk ve \u00f6zg\u00fcn desenleri, her ya\u015ftan okura kendini iyi hissettiriyor. <\/p>\n","protected":false},"excerpt":{"rendered":"<p>\u201cBeni oldu\u011fum gibi sevecek, nas\u0131l g\u00f6r\u00fcn\u00fcyorsam \u00f6yle kabul edecek arkada\u015flara ihtiyac\u0131m var.Benimle dalga ge\u00e7me!Beni rahats\u0131z etme!Bana \u00f6yle bakma!\u201d Bug\u00fcne kadar sadece T\u00fcrkiye\u2019de de\u011fil, \u0130spanyolca, Katalanca, \u0130ngilizce,<span class=\"excerpt-hellip\"> [\u2026]<\/span><\/p>\n","protected":false},"featured_media":0,"template":"","meta":{"_monsterinsights_skip_tracking":false,"_monsterinsights_sitenote_active":false,"_monsterinsights_sitenote_note":"","_monsterinsights_sitenote_category":0},"product_brand":[],"product_cat":[12274,12284],"product_tag":[],"class_list":{"0":"post-776246","1":"product","2":"type-product","3":"status-publish","5":"product_cat-cocuk-ve-genclik-kitaplari","6":"product_cat-hikayeler","7":"pa_cilt-ciltsiz","8":"pa_tur-kitap","9":"pa_yayinevi-mea-kitap","10":"pa_yazar-gokce-gokceer","12":"first","13":"instock","14":"sale","15":"shipping-taxable","16":"purchasable","17":"product-type-simple"},"_links":{"self":[{"href":"https:\/\/roveyayinevi.com.tr\/index.php\/wp-json\/wp\/v2\/product\/776246","targetHints":{"allow":["GET"]}}],"collection":[{"href":"https:\/\/roveyayinevi.com.tr\/index.php\/wp-json\/wp\/v2\/product"}],"about":[{"href":"https:\/\/roveyayinevi.com.tr\/index.php\/wp-json\/wp\/v2\/types\/product"}],"wp:attachment":[{"href":"https:\/\/roveyayinevi.com.tr\/index.php\/wp-json\/wp\/v2\/media?parent=776246"}],"wp:term":[{"taxonomy":"product_brand","embeddable":true,"href":"https:\/\/roveyayinevi.com.tr\/index.php\/wp-json\/wp\/v2\/product_brand?post=776246"},{"taxonomy":"product_cat","embeddable":true,"href":"https:\/\/roveyayinevi.com.tr\/index.php\/wp-json\/wp\/v2\/product_cat?post=776246"},{"taxonomy":"product_tag","embeddable":true,"href":"https:\/\/roveyayinevi.com.tr\/index.php\/wp-json\/wp\/v2\/product_tag?post=776246"}],"curies":[{"name":"wp","href":"https:\/\/api.w.org\/{rel}","templated":true}]}}