{"id":776220,"date":"2025-09-23T02:44:36","date_gmt":"2025-09-22T23:44:36","guid":{"rendered":"https:\/\/roveyayinevi.com.tr\/index.php\/urun\/piyasalari-okumak\/"},"modified":"2025-11-10T02:48:09","modified_gmt":"2025-11-09T23:48:09","slug":"piyasalari-okumak","status":"publish","type":"product","link":"https:\/\/roveyayinevi.com.tr\/index.php\/urun\/piyasalari-okumak\/","title":{"rendered":"Piyasalar\u0131 Okumak"},"content":{"rendered":"<p>A\u00e7\u0131k denizlerde g\u00f6reli olarak \u00f6zg\u00fcrce gezinen gemi kaptanlar\u0131, Marmara Denizi&#8217;ne girdiklerinde daha dikkatli davran\u0131rlar. Bo\u011fazlar vard\u0131r burada; s\u0131\u011fl\u0131klar, kayal\u0131k b\u00f6lgeler, ak\u0131nt\u0131lar, tehlikeler vard\u0131r. Ne kadar tecr\u00fcbeli ve bilgili olurlarsa olsunlar, a\u00e7\u0131k deniz kaptanlar\u0131 bo\u011fazlara geldiklerinde gergin olurlar ve daha dikkatli yol almaya \u00e7al\u0131\u015f\u0131rlar. Daha da \u00f6nemlisi, bu sular\u0131 iyi bilen tecr\u00fcbeli &#8220;k\u0131lavuz kaptanlar&#8221;a ihtiya\u00e7 duyarlar. Yanlar\u0131nda bir &#8220;k\u0131lavuz&#8221; ile ge\u00e7erler bo\u011fazlardan. Finansal piyasalarda her \u015fey yolundayken herkes para kazan\u0131r. E\u011fer borsa 30.000 puan artm\u0131\u015fsa hemen herkes para kazanm\u0131\u015f demektir. \u0130\u015fler istikrarl\u0131yken ve para kazan\u0131l\u0131rken yat\u0131r\u0131mc\u0131lar\u0131n kendilerine olan g\u00fcvenleri tamd\u0131r. Her \u015feyi biliyor, her \u015feyden anl\u0131yorlard\u0131r. Kendilerini &#8220;yetenekli&#8221; olarak g\u00f6r\u00fcverirler hemen. Ba\u015far\u0131l\u0131 ve yetenekli olduklar\u0131n\u0131 d\u00fc\u015f\u00fcnd\u00fcklerinden kimseye dan\u0131\u015fmaya gerek g\u00f6rmezler. Peki ya i\u015fler sallant\u0131dayken, piyasalar\u0131n y\u00f6n\u00fc net de\u011filken ne yapmak laz\u0131m? \u0130\u015fte o zaman yat\u0131r\u0131mc\u0131ya bir &#8220;k\u0131lavuz kaptan&#8221; gerekir. Tecr\u00fcbeli, piyasalar\u0131 okumay\u0131 bilen ve daha da \u00f6nemlisi, onlara piyasalar\u0131 okumay\u0131 \u00f6\u011freten bir k\u0131lavuz&#8230;Piyasalar\u0131 anlamak zor oldu\u011fu i\u00e7in de onlar\u0131 matematik ve istatisti\u011fe bo\u011fmayan bir k\u0131lavuz olmal\u0131d\u0131r. Elinizdeki bu k\u00fc\u00e7\u00fck kitap, bu iddia ile yaz\u0131ld\u0131. \u0130\u00e7inde matematik ve istatistik bar\u0131nd\u0131rmayan, t\u00fcm Piyasa Tahmin Y\u00f6ntemlerini a\u00e7\u0131klamaya \u00e7al\u0131\u015fan bir k\u0131lavuz&#8230; \u0130yi seyirler&#8230; <\/p>\n","protected":false},"excerpt":{"rendered":"<p>A\u00e7\u0131k denizlerde g\u00f6reli olarak \u00f6zg\u00fcrce gezinen gemi kaptanlar\u0131, Marmara Denizi&#8217;ne girdiklerinde daha dikkatli davran\u0131rlar. Bo\u011fazlar vard\u0131r burada; s\u0131\u011fl\u0131klar, kayal\u0131k b\u00f6lgeler, ak\u0131nt\u0131lar, tehlikeler vard\u0131r. Ne kadar tecr\u00fcbeli<span class=\"excerpt-hellip\"> [\u2026]<\/span><\/p>\n","protected":false},"featured_media":0,"template":"","meta":{"_monsterinsights_skip_tracking":false,"_monsterinsights_sitenote_active":false,"_monsterinsights_sitenote_note":"","_monsterinsights_sitenote_category":0},"product_brand":[],"product_cat":[13043,14754],"product_tag":[],"class_list":{"0":"post-776220","1":"product","2":"type-product","3":"status-publish","5":"product_cat-ekonomi","6":"product_cat-halkla-iliskiler-insan-kaynaklari","7":"pa_cilt-ciltsiz","8":"pa_tur-kitap","9":"pa_yayinevi-elma-yayinevi","10":"pa_yazar-hakan-ozerol","12":"first","13":"instock","14":"sale","15":"shipping-taxable","16":"purchasable","17":"product-type-simple"},"_links":{"self":[{"href":"https:\/\/roveyayinevi.com.tr\/index.php\/wp-json\/wp\/v2\/product\/776220","targetHints":{"allow":["GET"]}}],"collection":[{"href":"https:\/\/roveyayinevi.com.tr\/index.php\/wp-json\/wp\/v2\/product"}],"about":[{"href":"https:\/\/roveyayinevi.com.tr\/index.php\/wp-json\/wp\/v2\/types\/product"}],"wp:attachment":[{"href":"https:\/\/roveyayinevi.com.tr\/index.php\/wp-json\/wp\/v2\/media?parent=776220"}],"wp:term":[{"taxonomy":"product_brand","embeddable":true,"href":"https:\/\/roveyayinevi.com.tr\/index.php\/wp-json\/wp\/v2\/product_brand?post=776220"},{"taxonomy":"product_cat","embeddable":true,"href":"https:\/\/roveyayinevi.com.tr\/index.php\/wp-json\/wp\/v2\/product_cat?post=776220"},{"taxonomy":"product_tag","embeddable":true,"href":"https:\/\/roveyayinevi.com.tr\/index.php\/wp-json\/wp\/v2\/product_tag?post=776220"}],"curies":[{"name":"wp","href":"https:\/\/api.w.org\/{rel}","templated":true}]}}