{"id":776211,"date":"2025-09-21T04:51:16","date_gmt":"2025-09-21T01:51:16","guid":{"rendered":"https:\/\/roveyayinevi.com.tr\/index.php\/urun\/ucak-yolculugu\/"},"modified":"2025-09-22T11:24:38","modified_gmt":"2025-09-22T08:24:38","slug":"ucak-yolculugu","status":"publish","type":"product","link":"https:\/\/roveyayinevi.com.tr\/index.php\/urun\/ucak-yolculugu\/","title":{"rendered":"U\u00e7ak Yolculu\u011fu"},"content":{"rendered":"<p>U\u00e7ak yolculu\u011fu ne b\u00fcy\u00fck bir macera! Havaliman\u0131na gelmek, bagajlar\u0131 u\u00e7a\u011fa teslim etmek, g\u00fcvenlik kontrol\u00fcnden ge\u00e7mek ve tabii ki bulutlar\u0131n \u00fczerinde keyifli bir yolculuk i\u00e7in u\u00e7a\u011fa binmek&#8230; Kitab\u0131n i\u00e7indeki renkli \u00e7izimler; u\u00e7mak i\u00e7in gerekli bir s\u00fcr\u00fc bilgi i\u00e7eriyor.  Sayfdam sayfalar; bu kitapla yap\u0131lan yolculu\u011fu e\u011flenceli hale getiriyor.  \u0130lk kitaplar\u0131m dizisi hakk\u0131nda; Bu kitaplar, okul \u00f6ncesi ve ilk\u00f6\u011fretim \u00f6n s\u0131n\u0131flardaki \u00e7ocuklar i\u00e7in ilk bilimsel \u00f6\u011freti kitaplar\u0131d\u0131r. \u00c7ocuklar, d\u00fcnyam\u0131z\u0131n bilimsel ger\u00e7eklerini, kendi s\u00f6zc\u00fck da\u011farc\u0131klar\u0131 i\u00e7inde alg\u0131layarak \u00f6\u011frenirler. Gallimard Jeunesse&#8217;in t\u00fcm d\u00fcnyada milyonlarca satan bu renkli kitaplar dizisinin 18 kitab\u0131n\u0131, Mars\u0131k Yay\u0131nc\u0131l\u0131k \u00e7ocuklar\u0131m\u0131za sunmakta mutluluk duyar. <\/p>\n","protected":false},"excerpt":{"rendered":"<p>U\u00e7ak yolculu\u011fu ne b\u00fcy\u00fck bir macera! Havaliman\u0131na gelmek, bagajlar\u0131 u\u00e7a\u011fa teslim etmek, g\u00fcvenlik kontrol\u00fcnden ge\u00e7mek ve tabii ki bulutlar\u0131n \u00fczerinde keyifli bir yolculuk i\u00e7in u\u00e7a\u011fa binmek&#8230;<span class=\"excerpt-hellip\"> [\u2026]<\/span><\/p>\n","protected":false},"featured_media":0,"template":"","meta":{"_monsterinsights_skip_tracking":false,"_monsterinsights_sitenote_active":false,"_monsterinsights_sitenote_note":"","_monsterinsights_sitenote_category":0},"product_brand":[],"product_cat":[12365,12364],"product_tag":[],"class_list":{"0":"post-776211","1":"product","2":"type-product","3":"status-publish","5":"product_cat-diger-genel-konular","6":"product_cat-genel-konular","7":"pa_cilt-ciltsiz","8":"pa_tur-kitap","9":"pa_yayinevi-marsik-kitap","10":"pa_yazar-kolektif","12":"first","13":"instock","14":"sale","15":"shipping-taxable","16":"purchasable","17":"product-type-simple"},"_links":{"self":[{"href":"https:\/\/roveyayinevi.com.tr\/index.php\/wp-json\/wp\/v2\/product\/776211","targetHints":{"allow":["GET"]}}],"collection":[{"href":"https:\/\/roveyayinevi.com.tr\/index.php\/wp-json\/wp\/v2\/product"}],"about":[{"href":"https:\/\/roveyayinevi.com.tr\/index.php\/wp-json\/wp\/v2\/types\/product"}],"wp:attachment":[{"href":"https:\/\/roveyayinevi.com.tr\/index.php\/wp-json\/wp\/v2\/media?parent=776211"}],"wp:term":[{"taxonomy":"product_brand","embeddable":true,"href":"https:\/\/roveyayinevi.com.tr\/index.php\/wp-json\/wp\/v2\/product_brand?post=776211"},{"taxonomy":"product_cat","embeddable":true,"href":"https:\/\/roveyayinevi.com.tr\/index.php\/wp-json\/wp\/v2\/product_cat?post=776211"},{"taxonomy":"product_tag","embeddable":true,"href":"https:\/\/roveyayinevi.com.tr\/index.php\/wp-json\/wp\/v2\/product_tag?post=776211"}],"curies":[{"name":"wp","href":"https:\/\/api.w.org\/{rel}","templated":true}]}}