{"id":776210,"date":"2025-09-21T04:27:58","date_gmt":"2025-09-21T01:27:58","guid":{"rendered":"https:\/\/roveyayinevi.com.tr\/index.php\/urun\/benim-kucuk-dostlarim\/"},"modified":"2026-04-16T02:20:39","modified_gmt":"2026-04-15T23:20:39","slug":"benim-kucuk-dostlarim","status":"publish","type":"product","link":"https:\/\/roveyayinevi.com.tr\/index.php\/urun\/benim-kucuk-dostlarim\/","title":{"rendered":"Benim K\u00fc\u00e7\u00fck Dostlar\u0131m"},"content":{"rendered":"<p>Bir ya\u015f\u0131ndan, yirmi ya\u015f\u0131na kadar her \u00e7ocuk, bence zevkle okunmaya de\u011fer merakl\u0131 bir kitap; kar\u015f\u0131s\u0131nda uzun uzun, hayran hayran d\u00fc\u015f\u00fcn\u00fclecek bir bilinmeyenler \u00e2lemidir.Yirmi bir y\u0131ldan beri bu kitaplar\u0131 yaprak yaprak, sat\u0131r sat\u0131r okumaya ve anlamaya \u00e7al\u0131\u015f\u0131yorum. Fakat h\u00e2l\u00e2 \u201c\u00c7ocuk\u201d adl\u0131 kitapta anlayamad\u0131\u011f\u0131m, s\u00f6kemedi\u011fim c\u00fcmlelere rastlad\u0131\u011f\u0131m olur. Bu itiraf\u0131mdan sonra, okuyucular\u0131m bu eserde, tecr\u00fcbelerin belki hakl\u0131; fakat herh\u00e2lde so\u011fuk ve tats\u0131z gururunu elbette aramayacaklard\u0131r.Hay\u0131r, sevgili okurlar\u0131m, elinizdeki kitap, a\u011f\u0131rba\u015fl\u0131, psikolojik bir eser olmak iddias\u0131nda de\u011fildir. Buna bir \u201chik\u00e2ye kitab\u0131\u201d da denilemez. \u00c7\u00fcnk\u00fc i\u00e7inde bir damlac\u0131k hayal bulamayacaks\u0131n\u0131z.Ben bu kitapta, sadece g\u00f6rd\u00fcklerimi ve duyduklar\u0131m\u0131 -i\u015fittiklerimi de\u011fil, hissettiklerimi- sunuyorum. O kadar \u00e7ok sevdi\u011fim \u201cK\u00fc\u00e7\u00fck Dostlar\u0131m\u201d\u0131, daha do\u011frusu binlerce k\u00fc\u00e7\u00fck dostumdan, rastgele birka\u00e7\u0131n\u0131 okurlar\u0131ma da tan\u0131tmak istedim. <\/p>\n","protected":false},"excerpt":{"rendered":"<p>Bir ya\u015f\u0131ndan, yirmi ya\u015f\u0131na kadar her \u00e7ocuk, bence zevkle okunmaya de\u011fer merakl\u0131 bir kitap; kar\u015f\u0131s\u0131nda uzun uzun, hayran hayran d\u00fc\u015f\u00fcn\u00fclecek bir bilinmeyenler \u00e2lemidir.Yirmi bir y\u0131ldan beri<span class=\"excerpt-hellip\"> [\u2026]<\/span><\/p>\n","protected":false},"featured_media":0,"template":"","meta":{"_monsterinsights_skip_tracking":false,"_monsterinsights_sitenote_active":false,"_monsterinsights_sitenote_note":"","_monsterinsights_sitenote_category":0},"product_brand":[],"product_cat":[13701,12291],"product_tag":[],"class_list":{"0":"post-776210","1":"product","2":"type-product","3":"status-publish","5":"product_cat-ani-mektup-gunluk","6":"product_cat-edebiyat","7":"pa_cilt-ciltsiz","8":"pa_tur-kitap","9":"pa_yayinevi-panama-yayincilik","10":"pa_yazar-halide-nusret-zorlutuna","12":"first","13":"instock","14":"sale","15":"shipping-taxable","16":"purchasable","17":"product-type-simple"},"_links":{"self":[{"href":"https:\/\/roveyayinevi.com.tr\/index.php\/wp-json\/wp\/v2\/product\/776210","targetHints":{"allow":["GET"]}}],"collection":[{"href":"https:\/\/roveyayinevi.com.tr\/index.php\/wp-json\/wp\/v2\/product"}],"about":[{"href":"https:\/\/roveyayinevi.com.tr\/index.php\/wp-json\/wp\/v2\/types\/product"}],"wp:attachment":[{"href":"https:\/\/roveyayinevi.com.tr\/index.php\/wp-json\/wp\/v2\/media?parent=776210"}],"wp:term":[{"taxonomy":"product_brand","embeddable":true,"href":"https:\/\/roveyayinevi.com.tr\/index.php\/wp-json\/wp\/v2\/product_brand?post=776210"},{"taxonomy":"product_cat","embeddable":true,"href":"https:\/\/roveyayinevi.com.tr\/index.php\/wp-json\/wp\/v2\/product_cat?post=776210"},{"taxonomy":"product_tag","embeddable":true,"href":"https:\/\/roveyayinevi.com.tr\/index.php\/wp-json\/wp\/v2\/product_tag?post=776210"}],"curies":[{"name":"wp","href":"https:\/\/api.w.org\/{rel}","templated":true}]}}