{"id":776200,"date":"2025-09-21T03:14:37","date_gmt":"2025-09-21T00:14:37","guid":{"rendered":"https:\/\/roveyayinevi.com.tr\/index.php\/urun\/dede-korkut-kitabi-4\/"},"modified":"2026-04-07T02:16:18","modified_gmt":"2026-04-06T23:16:18","slug":"dede-korkut-kitabi-4","status":"publish","type":"product","link":"https:\/\/roveyayinevi.com.tr\/index.php\/urun\/dede-korkut-kitabi-4\/","title":{"rendered":"Dede Korkut Kitab\u0131"},"content":{"rendered":"<p>T\u00fcrk edebiyat\u0131 tarihinin en b\u00fcy\u00fck \u00e2limi Prof. Fuat K\u00f6pr\u00fcl\u00fc&#8217;n\u00fcn, derslerinde s\u00f6yledi\u011fi bir s\u00f6z vard\u0131r: B\u00fct\u00fcn T\u00fcrk edebiyat\u0131n\u0131 terazinin bir g\u00f6z\u00fcne, dede Korkutu \u00f6b\u00fcr g\u00f6z\u00fcne koysan\u0131z, yine Dede Korkut a\u011f\u0131r basar. Dede Korkut Kitab\u0131n\u0131n de\u011ferini ifade etmek i\u00e7in bundan daha g\u00fczel bir s\u00f6z bulmak m\u00fcmk\u00fcn de\u011fildir. Ger\u00e7ekten Dede Korkut Kitab\u0131 T\u00fcrk edebiyat\u0131n\u0131n en b\u00fcy\u00fck \u00e2bidelerinin T\u00fcrk dilinin en g\u00fczel eserlerinin ba\u015f\u0131nda gelir. \ufffcTan\u0131t\u0131m Metni<\/p>\n","protected":false},"excerpt":{"rendered":"<p>T\u00fcrk edebiyat\u0131 tarihinin en b\u00fcy\u00fck \u00e2limi Prof. Fuat K\u00f6pr\u00fcl\u00fc&#8217;n\u00fcn, derslerinde s\u00f6yledi\u011fi bir s\u00f6z vard\u0131r: B\u00fct\u00fcn T\u00fcrk edebiyat\u0131n\u0131 terazinin bir g\u00f6z\u00fcne, dede Korkutu \u00f6b\u00fcr g\u00f6z\u00fcne koysan\u0131z, yine<span class=\"excerpt-hellip\"> [\u2026]<\/span><\/p>\n","protected":false},"featured_media":0,"template":"","meta":{"_monsterinsights_skip_tracking":false,"_monsterinsights_sitenote_active":false,"_monsterinsights_sitenote_note":"","_monsterinsights_sitenote_category":0},"product_brand":[],"product_cat":[12291,12711],"product_tag":[],"class_list":{"0":"post-776200","1":"product","2":"type-product","3":"status-publish","5":"product_cat-edebiyat","6":"product_cat-roman-oyku","7":"pa_cilt-ciltsiz","8":"pa_tur-kitap","9":"pa_yayinevi-bogazici-yayinlari","10":"pa_yazar-muharrem-ergin","12":"first","13":"instock","14":"sale","15":"shipping-taxable","16":"purchasable","17":"product-type-simple"},"_links":{"self":[{"href":"https:\/\/roveyayinevi.com.tr\/index.php\/wp-json\/wp\/v2\/product\/776200","targetHints":{"allow":["GET"]}}],"collection":[{"href":"https:\/\/roveyayinevi.com.tr\/index.php\/wp-json\/wp\/v2\/product"}],"about":[{"href":"https:\/\/roveyayinevi.com.tr\/index.php\/wp-json\/wp\/v2\/types\/product"}],"wp:attachment":[{"href":"https:\/\/roveyayinevi.com.tr\/index.php\/wp-json\/wp\/v2\/media?parent=776200"}],"wp:term":[{"taxonomy":"product_brand","embeddable":true,"href":"https:\/\/roveyayinevi.com.tr\/index.php\/wp-json\/wp\/v2\/product_brand?post=776200"},{"taxonomy":"product_cat","embeddable":true,"href":"https:\/\/roveyayinevi.com.tr\/index.php\/wp-json\/wp\/v2\/product_cat?post=776200"},{"taxonomy":"product_tag","embeddable":true,"href":"https:\/\/roveyayinevi.com.tr\/index.php\/wp-json\/wp\/v2\/product_tag?post=776200"}],"curies":[{"name":"wp","href":"https:\/\/api.w.org\/{rel}","templated":true}]}}