{"id":776194,"date":"2025-09-21T02:24:54","date_gmt":"2025-09-20T23:24:54","guid":{"rendered":"https:\/\/roveyayinevi.com.tr\/index.php\/urun\/ezoterizme-giris\/"},"modified":"2026-04-16T02:02:37","modified_gmt":"2026-04-15T23:02:37","slug":"ezoterizme-giris","status":"publish","type":"product","link":"https:\/\/roveyayinevi.com.tr\/index.php\/urun\/ezoterizme-giris\/","title":{"rendered":"Ezoterizme Giri\u015f"},"content":{"rendered":"<p>Ezoterizmin i\u00e7indeki bilgileri \u00f6\u011frenmek ve bu bilgiler \u0131\u015f\u0131\u011f\u0131nda dinsel metinleri okumak, dinlerin i\u00e7indeki ger\u00e7ekmesajlar\u0131 yakalayabilmemizde bize \u00e7ok b\u00fcy\u00fck kolayl\u0131k sa\u011flayacakt\u0131r. Dolay\u0131s\u0131yla dinlerin de ger\u00e7ek de\u011feriylealg\u0131lanmas\u0131nda bu \u00e7al\u0131\u015fma, bizlere b\u00fcy\u00fck bir oranda yard\u0131mc\u0131 olacakt\u0131r.Ezoterik bilgiler \u0131\u015f\u0131\u011f\u0131nda kutsal metinler incelendi\u011finde, dinlerle ilgili bilgilerimizin ne kadar eksik oldu\u011fuhemen ortaya \u00e7\u0131kacakt\u0131r. \u00c7\u00fcnk\u00fc dinlerin dili semboliktir ve bu semboller ezoterik i\u00e7eriklidir. Dinlering\u00fcn\u00fcm\u00fczde h\u00e2l\u00e2 geni\u015f halk kesimlerince tam olarak anla\u015f\u0131lamamas\u0131n\u0131n ve dinlerle ilgili kulaktan dolma kl\u00e2sikyorumlarla yetinilmesinin tek sebebi i\u015fte budur.\u0130nanm\u0131\u015f oldu\u011fumuz dinin bizlere aktarm\u0131\u015f oldu\u011fu il\u00e2hi mesajlar\u0131 daha kapsaml\u0131 olarak \u00f6\u011frenmek isteyenherkes, ezoterizme m\u00fcracaat etmek zorundad\u0131r. Aksi takdirde il\u00e2hi mesajlar bizler i\u00e7in kapal\u0131 kalacakt\u0131r.\u00dcnl\u00fc Sufi Muhyiddin \u0130bn-i Arabi bu konuda \u015f\u00f6yle demi\u015ftir:\u201cDin iki t\u00fcrl\u00fcd\u00fcr. Biri, Allah kat\u0131nda Allah\u2019\u0131n bildirdi\u011fi kimse ile o kimsenin bildirdi\u011fi kimseler nazar\u0131nda malumolan; \u00f6teki de halk nazar\u0131nda bilinen dindir.\u201dTasavvuf\u2019tan ve B\u00e2t\u0131ni \u00d6\u011freti\u2019den uzak bir anlay\u0131\u015fla dini ele alan din g\u00f6revlilerinin \u0130slamiyet\u2019i ve di\u011fer dinlerid\u0131\u015f g\u00f6r\u00fcn\u00fcmleriyle insanlara sunmalar\u0131, halk\u0131 dinsel ger\u00e7eklerden uzakla\u015ft\u0131rm\u0131\u015ft\u0131r. Durum b\u00f6yle olunca, dinselbilgilerin sembolik de\u011fil, birebir ele al\u0131nmas\u0131 gerekti\u011fini savunan h\u00e2rici g\u00f6r\u00fc\u015f\u00fcn halk \u00fczerinde hakim olmas\u0131sa\u011flanm\u0131\u015ft\u0131r&#8230;Ancak \u015funu \u00e7ok iyi biliyoruz ki, uzun bir s\u00fcredir bizlere unutturulmaya \u00e7al\u0131\u015f\u0131lan Tasavvufi \u00d6\u011freti yenidenhalk\u0131m\u0131zla bulu\u015facakt\u0131r. Bu kitab\u0131n bu yolda k\u00fc\u00e7\u00fck bir ad\u0131m\u0131n at\u0131lmas\u0131na vesile olmas\u0131 en b\u00fcy\u00fck dile\u011fimizdir.Bu kitapta baz\u0131 sembollerin \u00fcst\u00fc a\u00e7\u0131lm\u0131\u015ft\u0131r ama bu daha hi\u00e7bir \u015feydir&#8230; Apa\u00e7\u0131k bilgi ve ger\u00e7eklerin bizlerlebulu\u015faca\u011f\u0131 g\u00fcnler de gelecektir elbet&#8230; O g\u00fcnlerin \u00f6zlemiyle&#8230; I\u015f\u0131k ve Sevgiyle&#8230;<\/p>\n","protected":false},"excerpt":{"rendered":"<p>Ezoterizmin i\u00e7indeki bilgileri \u00f6\u011frenmek ve bu bilgiler \u0131\u015f\u0131\u011f\u0131nda dinsel metinleri okumak, dinlerin i\u00e7indeki ger\u00e7ekmesajlar\u0131 yakalayabilmemizde bize \u00e7ok b\u00fcy\u00fck kolayl\u0131k sa\u011flayacakt\u0131r. Dolay\u0131s\u0131yla dinlerin de ger\u00e7ek de\u011feriylealg\u0131lanmas\u0131nda bu<span class=\"excerpt-hellip\"> [\u2026]<\/span><\/p>\n","protected":false},"featured_media":0,"template":"","meta":{"_monsterinsights_skip_tracking":false,"_monsterinsights_sitenote_active":false,"_monsterinsights_sitenote_note":"","_monsterinsights_sitenote_category":0},"product_brand":[],"product_cat":[12364,16154],"product_tag":[],"class_list":{"0":"post-776194","1":"product","2":"type-product","3":"status-publish","5":"product_cat-genel-konular","6":"product_cat-parapsikoloji","7":"pa_cilt-ciltsiz","8":"pa_tur-kitap","9":"pa_yayinevi-sinir-otesi-yayinlari","10":"pa_yazar-ergun-candan","12":"first","13":"instock","14":"sale","15":"shipping-taxable","16":"purchasable","17":"product-type-simple"},"_links":{"self":[{"href":"https:\/\/roveyayinevi.com.tr\/index.php\/wp-json\/wp\/v2\/product\/776194","targetHints":{"allow":["GET"]}}],"collection":[{"href":"https:\/\/roveyayinevi.com.tr\/index.php\/wp-json\/wp\/v2\/product"}],"about":[{"href":"https:\/\/roveyayinevi.com.tr\/index.php\/wp-json\/wp\/v2\/types\/product"}],"wp:attachment":[{"href":"https:\/\/roveyayinevi.com.tr\/index.php\/wp-json\/wp\/v2\/media?parent=776194"}],"wp:term":[{"taxonomy":"product_brand","embeddable":true,"href":"https:\/\/roveyayinevi.com.tr\/index.php\/wp-json\/wp\/v2\/product_brand?post=776194"},{"taxonomy":"product_cat","embeddable":true,"href":"https:\/\/roveyayinevi.com.tr\/index.php\/wp-json\/wp\/v2\/product_cat?post=776194"},{"taxonomy":"product_tag","embeddable":true,"href":"https:\/\/roveyayinevi.com.tr\/index.php\/wp-json\/wp\/v2\/product_tag?post=776194"}],"curies":[{"name":"wp","href":"https:\/\/api.w.org\/{rel}","templated":true}]}}