{"id":776186,"date":"2025-09-20T22:40:58","date_gmt":"2025-09-20T19:40:58","guid":{"rendered":"https:\/\/roveyayinevi.com.tr\/index.php\/urun\/kadro-hareketi\/"},"modified":"2026-04-15T03:42:37","modified_gmt":"2026-04-15T00:42:37","slug":"kadro-hareketi","status":"publish","type":"product","link":"https:\/\/roveyayinevi.com.tr\/index.php\/urun\/kadro-hareketi\/","title":{"rendered":"Kadro Hareketi"},"content":{"rendered":"<p>Cumhuriyetin kurulu\u015funun ard\u0131ndan T\u00fcrk devriminin ideolojisini olu\u015fturmak isteyen ayd\u0131nlar farkl\u0131 d\u00f6nemlerde konuya ili\u015fkin \u00e7al\u0131\u015fmalar yapt\u0131lar. Yakup Kadri Karaosmano\u011flu, \u015eevket S\u00fcreyya Aydemir ve arkada\u015flar\u0131 Kadro dergisinde bir araya gelerek sosyalizm ve kapitalizm aras\u0131nda kalk\u0131nmac\u0131 bir \u201c\u00fc\u00e7\u00fcnc\u00fc yol\u201d aray\u0131\u015f\u0131na girdi. Marksizmin yo\u011funla\u015fm\u0131\u015f milliyet\u00e7i bir yorumunun ifadesi olan Kadroculuk, 1960\u2019l\u0131 yollar\u0131n d\u00fcnyas\u0131nda yayg\u0131nl\u0131k kazanan \u201c\u00fc\u00e7\u00fcnc\u00fc d\u00fcnya sosyalizmi\u201d gibi ak\u0131mlar\u0131n da \u00f6nc\u00fcs\u00fc oldu. Merdan Yanarda\u011f, siyasal d\u00fc\u015f\u00fcnce tarihimizde \u00f6zg\u00fcn bir yeri olan Kadroculuk hakk\u0131nda yapt\u0131\u011f\u0131, sonraki \u00e7al\u0131\u015fmalara referans olan, alan\u0131nda ilk ve en kapsaml\u0131 bu \u00e7al\u0131\u015fmada \u201culusal sol-sosyalizm\u201d teorilerini etkileyen Kadro Hareketi\u2019ni inceliyor. Ayr\u0131ca kitap; T\u00fcrkiye Kom\u00fcnist Partisi\u2019nin kurulu\u015funa, Y\u00f6n-Milli Demokratik Devrim ili\u015fkisine ve Sovyet Devrimi\u2019nin \u00f6nde gelen isimlerinden Sultan Galiyev ile onun T\u00fcrkiye\u2019deki fikri ak\u0131mlara etkisine de \u0131\u015f\u0131k tutuyor. <\/p>\n","protected":false},"excerpt":{"rendered":"<p>Cumhuriyetin kurulu\u015funun ard\u0131ndan T\u00fcrk devriminin ideolojisini olu\u015fturmak isteyen ayd\u0131nlar farkl\u0131 d\u00f6nemlerde konuya ili\u015fkin \u00e7al\u0131\u015fmalar yapt\u0131lar. Yakup Kadri Karaosmano\u011flu, \u015eevket S\u00fcreyya Aydemir ve arkada\u015flar\u0131 Kadro dergisinde bir<span class=\"excerpt-hellip\"> [\u2026]<\/span><\/p>\n","protected":false},"featured_media":0,"template":"","meta":{"_monsterinsights_skip_tracking":false,"_monsterinsights_sitenote_active":false,"_monsterinsights_sitenote_note":"","_monsterinsights_sitenote_category":0},"product_brand":[],"product_cat":[13590,12337],"product_tag":[],"class_list":{"0":"post-776186","1":"product","2":"type-product","3":"status-publish","5":"product_cat-arastirma-inceleme-politika-siyaset","6":"product_cat-politika-siyaset","7":"pa_cilt-ciltsiz","8":"pa_tur-kitap","9":"pa_yayinevi-kirmizi-kedi-yayinevi","10":"pa_yazar-merdan-yanardag","12":"first","13":"instock","14":"sale","15":"shipping-taxable","16":"purchasable","17":"product-type-simple"},"_links":{"self":[{"href":"https:\/\/roveyayinevi.com.tr\/index.php\/wp-json\/wp\/v2\/product\/776186","targetHints":{"allow":["GET"]}}],"collection":[{"href":"https:\/\/roveyayinevi.com.tr\/index.php\/wp-json\/wp\/v2\/product"}],"about":[{"href":"https:\/\/roveyayinevi.com.tr\/index.php\/wp-json\/wp\/v2\/types\/product"}],"wp:attachment":[{"href":"https:\/\/roveyayinevi.com.tr\/index.php\/wp-json\/wp\/v2\/media?parent=776186"}],"wp:term":[{"taxonomy":"product_brand","embeddable":true,"href":"https:\/\/roveyayinevi.com.tr\/index.php\/wp-json\/wp\/v2\/product_brand?post=776186"},{"taxonomy":"product_cat","embeddable":true,"href":"https:\/\/roveyayinevi.com.tr\/index.php\/wp-json\/wp\/v2\/product_cat?post=776186"},{"taxonomy":"product_tag","embeddable":true,"href":"https:\/\/roveyayinevi.com.tr\/index.php\/wp-json\/wp\/v2\/product_tag?post=776186"}],"curies":[{"name":"wp","href":"https:\/\/api.w.org\/{rel}","templated":true}]}}