{"id":776172,"date":"2025-09-20T22:04:29","date_gmt":"2025-09-20T19:04:29","guid":{"rendered":"https:\/\/roveyayinevi.com.tr\/index.php\/urun\/bocek-kafe\/"},"modified":"2026-04-03T03:26:32","modified_gmt":"2026-04-03T00:26:32","slug":"bocek-kafe","status":"publish","type":"product","link":"https:\/\/roveyayinevi.com.tr\/index.php\/urun\/bocek-kafe\/","title":{"rendered":"B\u00f6cek Kafe"},"content":{"rendered":"<p>B\u00f6cek Kafe, b\u00f6ceklerin bir araya geldi\u011fi ne\u015feli bir yerken g\u00fcn\u00fcn birinde i\u015fler de\u011fi\u015fir. Bir sabah makineler ans\u0131z\u0131n gelip \u00e7evreyi tahrip ederler. Do\u011fa sessizli\u011fe b\u00fcr\u00fcn\u00fcr ve kafe unutulmaya y\u00fcz tutar. Peki bu gidi\u015fat\u0131 de\u011fi\u015ftirecek b\u00f6cek g\u00fcc\u00fc nerededir?   B\u00f6ceklerin reng\u00e2renk d\u00fcnyas\u0131nda ge\u00e7en bu e\u015fsiz \u00f6yk\u00fc, do\u011fay\u0131 koruman\u0131n ve dayan\u0131\u015fman\u0131n \u00f6nemini bizlere tekrar hat\u0131rlat\u0131yor. Farkl\u0131l\u0131klar\u0131n g\u00fcc\u00fcyle neler ba\u015far\u0131labilinece\u011fini ke\u015ffetmeye haz\u0131r m\u0131s\u0131n\u0131z?<\/p>\n","protected":false},"excerpt":{"rendered":"<p>B\u00f6cek Kafe, b\u00f6ceklerin bir araya geldi\u011fi ne\u015feli bir yerken g\u00fcn\u00fcn birinde i\u015fler de\u011fi\u015fir. Bir sabah makineler ans\u0131z\u0131n gelip \u00e7evreyi tahrip ederler. Do\u011fa sessizli\u011fe b\u00fcr\u00fcn\u00fcr ve kafe<span class=\"excerpt-hellip\"> [\u2026]<\/span><\/p>\n","protected":false},"featured_media":0,"template":"","meta":{"_monsterinsights_skip_tracking":false,"_monsterinsights_sitenote_active":false,"_monsterinsights_sitenote_note":"","_monsterinsights_sitenote_category":0},"product_brand":[],"product_cat":[12274,12284],"product_tag":[],"class_list":{"0":"post-776172","1":"product","2":"type-product","3":"status-publish","5":"product_cat-cocuk-ve-genclik-kitaplari","6":"product_cat-hikayeler","7":"pa_cilt-ciltsiz","8":"pa_tur-kitap","9":"pa_yayinevi-timas-cocuk","10":"pa_yazar-marie-gamillscheg","12":"first","13":"instock","14":"sale","15":"shipping-taxable","16":"purchasable","17":"product-type-simple"},"_links":{"self":[{"href":"https:\/\/roveyayinevi.com.tr\/index.php\/wp-json\/wp\/v2\/product\/776172","targetHints":{"allow":["GET"]}}],"collection":[{"href":"https:\/\/roveyayinevi.com.tr\/index.php\/wp-json\/wp\/v2\/product"}],"about":[{"href":"https:\/\/roveyayinevi.com.tr\/index.php\/wp-json\/wp\/v2\/types\/product"}],"wp:attachment":[{"href":"https:\/\/roveyayinevi.com.tr\/index.php\/wp-json\/wp\/v2\/media?parent=776172"}],"wp:term":[{"taxonomy":"product_brand","embeddable":true,"href":"https:\/\/roveyayinevi.com.tr\/index.php\/wp-json\/wp\/v2\/product_brand?post=776172"},{"taxonomy":"product_cat","embeddable":true,"href":"https:\/\/roveyayinevi.com.tr\/index.php\/wp-json\/wp\/v2\/product_cat?post=776172"},{"taxonomy":"product_tag","embeddable":true,"href":"https:\/\/roveyayinevi.com.tr\/index.php\/wp-json\/wp\/v2\/product_tag?post=776172"}],"curies":[{"name":"wp","href":"https:\/\/api.w.org\/{rel}","templated":true}]}}