{"id":776161,"date":"2025-09-20T18:19:57","date_gmt":"2025-09-20T15:19:57","guid":{"rendered":"https:\/\/roveyayinevi.com.tr\/index.php\/urun\/sinav-tuzagindan-kurtulmak\/"},"modified":"2026-04-16T02:44:51","modified_gmt":"2026-04-15T23:44:51","slug":"sinav-tuzagindan-kurtulmak","status":"publish","type":"product","link":"https:\/\/roveyayinevi.com.tr\/index.php\/urun\/sinav-tuzagindan-kurtulmak\/","title":{"rendered":"S\u0131nav Tuza\u011f\u0131ndan Kurtulmak"},"content":{"rendered":"<p>Okullarda \u00f6\u011frencilerin ba\u015far\u0131s\u0131n\u0131 \u00f6l\u00e7t\u00fc\u011f\u00fcne inand\u0131\u011f\u0131m\u0131z s\u0131navlar\u0131n daha iyi bir alternatifi olabilir mi? Bir \u00e7ocu\u011fun de\u011ferini ve ba\u015far\u0131s\u0131n\u0131 belirlemek i\u00e7in kulland\u0131\u011f\u0131m\u0131z y\u00f6ntemler elde etmek istedi\u011fimizin tam aksine onlar\u0131n de\u011fersiz hissetmelerine yol a\u00e7abilir mi? Bu ve benzeri sorular tahmin etti\u011fimizden \u00e7ok daha \u00f6nemli \u00e7\u00fcnk\u00fc hi\u00e7bir \u00e7ocu\u011fun geride b\u0131rak\u0131lmas\u0131n\u0131n do\u011fru oldu\u011funa inanm\u0131yoruz ve her \u00e7ocu\u011fun ona inanacak bir kahramana ihtiyac\u0131 var. \u00c7o\u011fu \u00e7ocuk i\u00e7in s\u0131navlar bir \u00e7e\u015fit cezaland\u0131rma y\u00f6ntemi gibi ele al\u0131n\u0131yor. Mevcut sistem bizi buna mecbur b\u0131rak\u0131yormu\u015f gibi olsa da bir \u00e7ocu\u011fun bilgisini basit bir test puan\u0131na indirgeyerek \u00f6l\u00e7emeyiz. Bu kitapla birlikte \u00e7ocuklar\u0131n bilgi, beceri ve e\u011filimleri hakk\u0131nda neyi bilip neyi bilemeyece\u011fimiz konusunda daha net ve de\u011fi\u015fen e\u011fitim misyonlar\u0131na uyarlayabilece\u011fimiz etkili ve \u00e7ocuklar\u0131n do\u011fas\u0131na daha uygun y\u00f6ntemler bulacaks\u0131n\u0131z. \u00c7\u00fcnk\u00fc \u00e7ocuklar\u0131m\u0131z daha iyi bir e\u011fitim sistemini, do\u011fru y\u00f6nlendirilmeyi ve anla\u015f\u0131labilir olmay\u0131 hak ediyor. \u201cBu son derece ba\u015far\u0131l\u0131 kitap, standartla\u015ft\u0131r\u0131lm\u0131\u015f testlere daha iyi alternatifler sunuyor. Standartla\u015ft\u0131r\u0131lm\u0131\u015f testlerin zararl\u0131 etkilerinin aksine, kitapta yer alan alternatifler asl\u0131nda e\u011fitimi d\u00f6n\u00fc\u015ft\u00fcr\u00fcyor ve \u00e7ocuklar\u0131n \u00f6\u011frenme motivasyonunu g\u00fc\u00e7lendiriyor. Pek \u00e7ok ki\u015fi, \u2018Standartla\u015ft\u0131r\u0131lm\u0131\u015f testler olmasayd\u0131 ne olurdu?\u2019 diye sorar. Ger\u00e7ekten merak ediyorsan\u0131z, i\u015fte cevaplar.\u201d Diane Ravitch, Profes\u00f6r &#8211; New York \u00dcniversitesi \u201cS\u0131nav Tuza\u011f\u0131ndan Kurtulmak, bug\u00fcn \u00f6\u011fretmenler, aileler ve e\u011fitim y\u00f6neticileri taraf\u0131ndan kullan\u0131lmas\u0131 gereken ola\u011fan\u00fcst\u00fc bir kitap. Deborah Meier ve Matthew Knoester, \u00f6\u011fretmenlere, \u00f6\u011frenciler i\u00e7in standart testlerden daha ba\u015far\u0131l\u0131 ve insanc\u0131l yedi \u00f6nemli de\u011ferlendirme sistemi veriyor ve ki\u015fisel hik\u00e2yeleri, hak etti\u011fi ilgiyi \u00fczerine \u00e7ekiyor.\u201d Carl A. Grant, Profes\u00f6r &#8211; Wisconsin-Madison \u00dcniversitesi<\/p>\n","protected":false},"excerpt":{"rendered":"<p>Okullarda \u00f6\u011frencilerin ba\u015far\u0131s\u0131n\u0131 \u00f6l\u00e7t\u00fc\u011f\u00fcne inand\u0131\u011f\u0131m\u0131z s\u0131navlar\u0131n daha iyi bir alternatifi olabilir mi? Bir \u00e7ocu\u011fun de\u011ferini ve ba\u015far\u0131s\u0131n\u0131 belirlemek i\u00e7in kulland\u0131\u011f\u0131m\u0131z y\u00f6ntemler elde etmek istedi\u011fimizin tam aksine<span class=\"excerpt-hellip\"> [\u2026]<\/span><\/p>\n","protected":false},"featured_media":0,"template":"","meta":{"_monsterinsights_skip_tracking":false,"_monsterinsights_sitenote_active":false,"_monsterinsights_sitenote_note":"","_monsterinsights_sitenote_category":0},"product_brand":[],"product_cat":[12831,12324],"product_tag":[],"class_list":{"0":"post-776161","1":"product","2":"type-product","3":"status-publish","5":"product_cat-aile-ve-cocuk","6":"product_cat-sosyoloji","7":"pa_cilt-ciltsiz","8":"pa_tur-kitap","9":"pa_yayinevi-sola-unitas","10":"pa_yazar-deborah-meier-matthew-knoester","12":"first","13":"instock","14":"sale","15":"shipping-taxable","16":"purchasable","17":"product-type-simple"},"_links":{"self":[{"href":"https:\/\/roveyayinevi.com.tr\/index.php\/wp-json\/wp\/v2\/product\/776161","targetHints":{"allow":["GET"]}}],"collection":[{"href":"https:\/\/roveyayinevi.com.tr\/index.php\/wp-json\/wp\/v2\/product"}],"about":[{"href":"https:\/\/roveyayinevi.com.tr\/index.php\/wp-json\/wp\/v2\/types\/product"}],"wp:attachment":[{"href":"https:\/\/roveyayinevi.com.tr\/index.php\/wp-json\/wp\/v2\/media?parent=776161"}],"wp:term":[{"taxonomy":"product_brand","embeddable":true,"href":"https:\/\/roveyayinevi.com.tr\/index.php\/wp-json\/wp\/v2\/product_brand?post=776161"},{"taxonomy":"product_cat","embeddable":true,"href":"https:\/\/roveyayinevi.com.tr\/index.php\/wp-json\/wp\/v2\/product_cat?post=776161"},{"taxonomy":"product_tag","embeddable":true,"href":"https:\/\/roveyayinevi.com.tr\/index.php\/wp-json\/wp\/v2\/product_tag?post=776161"}],"curies":[{"name":"wp","href":"https:\/\/api.w.org\/{rel}","templated":true}]}}