{"id":776153,"date":"2025-09-20T16:56:15","date_gmt":"2025-09-20T13:56:15","guid":{"rendered":"https:\/\/roveyayinevi.com.tr\/index.php\/urun\/gul-gibi-zabita-dururken-kizini-copcuye-veren-adam\/"},"modified":"2026-04-16T02:31:47","modified_gmt":"2026-04-15T23:31:47","slug":"gul-gibi-zabita-dururken-kizini-copcuye-veren-adam","status":"publish","type":"product","link":"https:\/\/roveyayinevi.com.tr\/index.php\/urun\/gul-gibi-zabita-dururken-kizini-copcuye-veren-adam\/","title":{"rendered":"G\u00fcl Gibi Zab\u0131ta Dururken K\u0131z\u0131n\u0131 \u00c7\u00f6p\u00e7\u00fcye Veren Adam"},"content":{"rendered":"<p>Sararm\u0131\u015f b\u0131y\u0131klar\u0131, k\u0131sa boyu, tek t\u00fck kalm\u0131\u015f di\u015fleri ve hatlar\u0131 belirgin, zengin y\u00fcz\u00fcyle \u0130hsan Y\u00fcce, \u00e7o\u011fu filmde mahallemizden ve k\u00f6y\u00fcm\u00fczden tan\u0131d\u0131\u011f\u0131m\u0131z birilerinin perdedeki yans\u0131mas\u0131d\u0131r. \u201c\u00c7\u00f6p\u00e7\u00fcler Kral\u0131\u201dndaki baba karakterini sinemaseverlerin belle\u011finde unutulmaz k\u0131lan tam da budur. Onu perdede g\u00f6rd\u00fc\u011f\u00fcm\u00fczde dedemizi, babam\u0131z\u0131, dertlendi\u011fimizde \u00e7at kap\u0131 gidip sohbet edebilece\u011fimiz bir mahalle bilgesini g\u00f6rm\u00fc\u015f gibi oluruz.Erhan Tuncer, hepimizin \u00e7ok sevdi\u011fi \u0130hsan Y\u00fcce\u2019nin hayat\u0131n\u0131 ilk kez t\u00fcm bilinmeyen y\u00f6nleriyle g\u00f6zler \u00f6n\u00fcne seriyor. Bu titiz \u00e7al\u0131\u015fma, Yavuz Turgul, \u0130lyas Salman, Kaya Ererez, Y\u0131lmaz Atadeniz, Ahmet Sezerel gibi Ye\u015fil\u00e7am\u2019 a emek vermi\u015f \u00f6nemli isimlerin yan\u0131 s\u0131ra \u0130hsan Y\u00fcce\u2019nin, hayat\u0131na dokundu\u011fu altm\u0131\u015ftan fazla ki\u015finin r\u00f6portajlar\u0131yla destekleniyor ve Ye\u015fil\u00e7am\u2019dan az bilinen anekdotlara yer veriyor.    G\u00fcl Gibi Zab\u0131ta Dururken K\u0131z\u0131n\u0131 \u00c7\u00f6p\u00e7\u00fcye Veren Adam bu \u00f6zelli\u011fiyle bir biyografiden \u00e7ok daha fazlas\u0131. \u0130hsan Y\u00fcce\u2019yi ve onun sanatla \u00f6r\u00fclm\u00fc\u015f hayat\u0131n\u0131 merak edenler ile Ye\u015fil\u00e7am\u2019\u0131n nostaljik ruhunu \u00f6zleyenler i\u00e7in&#8230; <\/p>\n","protected":false},"excerpt":{"rendered":"<p>Sararm\u0131\u015f b\u0131y\u0131klar\u0131, k\u0131sa boyu, tek t\u00fck kalm\u0131\u015f di\u015fleri ve hatlar\u0131 belirgin, zengin y\u00fcz\u00fcyle \u0130hsan Y\u00fcce, \u00e7o\u011fu filmde mahallemizden ve k\u00f6y\u00fcm\u00fczden tan\u0131d\u0131\u011f\u0131m\u0131z birilerinin perdedeki yans\u0131mas\u0131d\u0131r. \u201c\u00c7\u00f6p\u00e7\u00fcler Kral\u0131\u201dndaki<span class=\"excerpt-hellip\"> [\u2026]<\/span><\/p>\n","protected":false},"featured_media":0,"template":"","meta":{"_monsterinsights_skip_tracking":false,"_monsterinsights_sitenote_active":false,"_monsterinsights_sitenote_note":"","_monsterinsights_sitenote_category":0},"product_brand":[],"product_cat":[14009,12291],"product_tag":[],"class_list":{"0":"post-776153","1":"product","2":"type-product","3":"status-publish","5":"product_cat-biyografi-otobiyografi-edebiyat","6":"product_cat-edebiyat","7":"pa_cilt-ciltsiz","8":"pa_tur-kitap","9":"pa_yayinevi-nemesis-kitap","10":"pa_yazar-erhan-tuncer","12":"first","13":"instock","14":"sale","15":"shipping-taxable","16":"purchasable","17":"product-type-simple"},"_links":{"self":[{"href":"https:\/\/roveyayinevi.com.tr\/index.php\/wp-json\/wp\/v2\/product\/776153","targetHints":{"allow":["GET"]}}],"collection":[{"href":"https:\/\/roveyayinevi.com.tr\/index.php\/wp-json\/wp\/v2\/product"}],"about":[{"href":"https:\/\/roveyayinevi.com.tr\/index.php\/wp-json\/wp\/v2\/types\/product"}],"wp:attachment":[{"href":"https:\/\/roveyayinevi.com.tr\/index.php\/wp-json\/wp\/v2\/media?parent=776153"}],"wp:term":[{"taxonomy":"product_brand","embeddable":true,"href":"https:\/\/roveyayinevi.com.tr\/index.php\/wp-json\/wp\/v2\/product_brand?post=776153"},{"taxonomy":"product_cat","embeddable":true,"href":"https:\/\/roveyayinevi.com.tr\/index.php\/wp-json\/wp\/v2\/product_cat?post=776153"},{"taxonomy":"product_tag","embeddable":true,"href":"https:\/\/roveyayinevi.com.tr\/index.php\/wp-json\/wp\/v2\/product_tag?post=776153"}],"curies":[{"name":"wp","href":"https:\/\/api.w.org\/{rel}","templated":true}]}}